47.128.112.23 - - [12/May/2026:21:30:44 +0000] "GET /assets/7e549121/img/logo-oinversion-fondo-claro.svg HTTP/1.0" 200 3586 "https://www.oinversion.com/blog/los-cuatro-pilares-de-la-inversion" "Mozilla/5.0 (Linux; Android 5.0) AppleWebKit/537.36 (KHTML, like Gecko) Mobile Safari/537.36 (compatible; TikTokSpider; ttspider-feedback@tiktok.com)"
47.128.112.23 - - [12/May/2026:21:30:44 +0000] "GET /assets/7e549121/img/fondo-patrimonio-post.jpg HTTP/1.0" 200 3577 "https://www.oinversion.com/assets/7e549121/css/stylesheet.css?v=1666108212" "Mozilla/5.0 (Linux; Android 5.0) AppleWebKit/537.36 (KHTML, like Gecko) Mobile Safari/537.36 (compatible; TikTokSpider; ttspider-feedback@tiktok.com)"
47.128.112.23 - - [12/May/2026:21:30:44 +0000] "GET /uploads/user-avatars/54eeaba65b0e8cc581ee9a579214d8a5f46724d66fcd5c24253891ba11204675.php3 HTTP/1.0" 200 3622 "https://www.oinversion.com/blog/los-cuatro-pilares-de-la-inversion" "Mozilla/5.0 (Linux; Android 5.0) AppleWebKit/537.36 (KHTML, like Gecko) Mobile Safari/537.36 (compatible; TikTokSpider; ttspider-feedback@tiktok.com)"
47.128.112.23 - - [12/May/2026:21:30:44 +0000] "GET /assets/7e549121/img/ico-linkedin.svg HTTP/1.0" 200 3571 "https://www.oinversion.com/blog/los-cuatro-pilares-de-la-inversion" "Mozilla/5.0 (Linux; Android 5.0) AppleWebKit/537.36 (KHTML, like Gecko) Mobile Safari/537.36 (compatible; TikTokSpider; ttspider-feedback@tiktok.com)"
47.128.112.23 - - [12/May/2026:21:30:44 +0000] "GET /uploads/blog-post/124-featured-Invertir.png HTTP/1.0" 200 3574 "https://www.oinversion.com/blog/los-cuatro-pilares-de-la-inversion" "Mozilla/5.0 (Linux; Android 5.0) AppleWebKit/537.36 (KHTML, like Gecko) Mobile Safari/537.36 (compatible; TikTokSpider; ttspider-feedback@tiktok.com)"
47.128.112.23 - - [12/May/2026:21:30:44 +0000] "GET /uploads/blog-post/123-featured-Invertir%20(2).png HTTP/1.0" 200 3578 "https://www.oinversion.com/blog/los-cuatro-pilares-de-la-inversion" "Mozilla/5.0 (Linux; Android 5.0) AppleWebKit/537.36 (KHTML, like Gecko) Mobile Safari/537.36 (compatible; TikTokSpider; ttspider-feedback@tiktok.com)"
47.128.112.23 - - [12/May/2026:21:30:44 +0000] "GET /uploads/blog-post/125-featured-Invertir%20(248%20x%20248%20px).png HTTP/1.0" 200 3589 "https://www.oinversion.com/blog/los-cuatro-pilares-de-la-inversion" "Mozilla/5.0 (Linux; Android 5.0) AppleWebKit/537.36 (KHTML, like Gecko) Mobile Safari/537.36 (compatible; TikTokSpider; ttspider-feedback@tiktok.com)"
47.128.112.23 - - [12/May/2026:21:30:44 +0000] "GET /assets/7e549121/img/ico-categorias.svg HTTP/1.0" 200 3573 "https://www.oinversion.com/blog/los-cuatro-pilares-de-la-inversion" "Mozilla/5.0 (Linux; Android 5.0) AppleWebKit/537.36 (KHTML, like Gecko) Mobile Safari/537.36 (compatible; TikTokSpider; ttspider-feedback@tiktok.com)"
47.128.112.23 - - [12/May/2026:21:30:44 +0000] "GET /assets/7e549121/img/logo-oinversion-fondo-oscuro.svg HTTP/1.0" 200 3587 "https://www.oinversion.com/blog/los-cuatro-pilares-de-la-inversion" "Mozilla/5.0 (Linux; Android 5.0) AppleWebKit/537.36 (KHTML, like Gecko) Mobile Safari/537.36 (compatible; TikTokSpider; ttspider-feedback@tiktok.com)"
47.128.112.23 - - [12/May/2026:21:30:44 +0000] "GET /assets/7e549121/img/ico-recientes.svg HTTP/1.0" 200 3572 "https://www.oinversion.com/blog/los-cuatro-pilares-de-la-inversion" "Mozilla/5.0 (Linux; Android 5.0) AppleWebKit/537.36 (KHTML, like Gecko) Mobile Safari/537.36 (compatible; TikTokSpider; ttspider-feedback@tiktok.com)"
47.128.112.23 - - [12/May/2026:21:30:44 +0000] "GET /assets/7e549121/img/ico-tags.svg HTTP/1.0" 200 3567 "https://www.oinversion.com/blog/los-cuatro-pilares-de-la-inversion" "Mozilla/5.0 (Linux; Android 5.0) AppleWebKit/537.36 (KHTML, like Gecko) Mobile Safari/537.36 (compatible; TikTokSpider; ttspider-feedback@tiktok.com)"
47.128.112.23 - - [12/May/2026:21:30:45 +0000] "GET /assets/7e549121/img/ico-mail.svg HTTP/1.0" 200 3567 "https://www.oinversion.com/blog/los-cuatro-pilares-de-la-inversion" "Mozilla/5.0 (Linux; Android 5.0) AppleWebKit/537.36 (KHTML, like Gecko) Mobile Safari/537.36 (compatible; TikTokSpider; ttspider-feedback@tiktok.com)"
47.128.112.23 - - [12/May/2026:21:30:45 +0000] "GET /assets/7e549121/img/ico-facebook.svg HTTP/1.0" 200 3571 "https://www.oinversion.com/blog/los-cuatro-pilares-de-la-inversion" "Mozilla/5.0 (Linux; Android 5.0) AppleWebKit/537.36 (KHTML, like Gecko) Mobile Safari/537.36 (compatible; TikTokSpider; ttspider-feedback@tiktok.com)"
47.128.112.23 - - [12/May/2026:21:30:45 +0000] "GET /assets/7e549121/img/ico-recientes.svg HTTP/1.0" 200 3572 "https://www.oinversion.com/blog/los-cuatro-pilares-de-la-inversion" "Mozilla/5.0 (Linux; Android 5.0) AppleWebKit/537.36 (KHTML, like Gecko) Mobile Safari/537.36 (compatible; TikTokSpider; ttspider-feedback@tiktok.com)"
47.128.112.23 - - [12/May/2026:21:30:45 +0000] "GET /assets/7e549121/img/ico-twitter.svg HTTP/1.0" 200 3570 "https://www.oinversion.com/blog/los-cuatro-pilares-de-la-inversion" "Mozilla/5.0 (Linux; Android 5.0) AppleWebKit/537.36 (KHTML, like Gecko) Mobile Safari/537.36 (compatible; TikTokSpider; ttspider-feedback@tiktok.com)"
47.128.112.23 - - [12/May/2026:21:30:45 +0000] "GET /assets/7e549121/img/ico-g-plus.svg HTTP/1.0" 200 3569 "https://www.oinversion.com/blog/los-cuatro-pilares-de-la-inversion" "Mozilla/5.0 (Linux; Android 5.0) AppleWebKit/537.36 (KHTML, like Gecko) Mobile Safari/537.36 (compatible; TikTokSpider; ttspider-feedback@tiktok.com)"
47.128.112.23 - - [12/May/2026:21:30:45 +0000] "GET /assets/7e549121/img/ico-linkedin.svg HTTP/1.0" 200 3571 "https://www.oinversion.com/blog/los-cuatro-pilares-de-la-inversion" "Mozilla/5.0 (Linux; Android 5.0) AppleWebKit/537.36 (KHTML, like Gecko) Mobile Safari/537.36 (compatible; TikTokSpider; ttspider-feedback@tiktok.com)"
47.128.112.23 - - [12/May/2026:21:30:45 +0000] "GET /assets/7e549121/img/fondo_footer.jpg HTTP/1.0" 200 3568 "https://www.oinversion.com/assets/7e549121/css/stylesheet.css?v=1666108212" "Mozilla/5.0 (Linux; Android 5.0) AppleWebKit/537.36 (KHTML, like Gecko) Mobile Safari/537.36 (compatible; TikTokSpider; ttspider-feedback@tiktok.com)"
47.128.112.23 - - [12/May/2026:21:30:45 +0000] "GET /assets/7e549121/img/ico-tags.svg HTTP/1.0" 200 3567 "https://www.oinversion.com/blog/los-cuatro-pilares-de-la-inversion" "Mozilla/5.0 (Linux; Android 5.0) AppleWebKit/537.36 (KHTML, like Gecko) Mobile Safari/537.36 (compatible; TikTokSpider; ttspider-feedback@tiktok.com)"
47.128.112.23 - - [12/May/2026:21:30:45 +0000] "GET /assets/7e549121/img/logo-oinversion-fondo-oscuro.svg HTTP/1.0" 200 3587 "https://www.oinversion.com/blog/los-cuatro-pilares-de-la-inversion" "Mozilla/5.0 (Linux; Android 5.0) AppleWebKit/537.36 (KHTML, like Gecko) Mobile Safari/537.36 (compatible; TikTokSpider; ttspider-feedback@tiktok.com)"
47.128.112.23 - - [12/May/2026:21:30:45 +0000] "GET /assets/7e549121/img/ico-linkedin.svg HTTP/1.0" 200 3571 "https://www.oinversion.com/blog/los-cuatro-pilares-de-la-inversion" "Mozilla/5.0 (Linux; Android 5.0) AppleWebKit/537.36 (KHTML, like Gecko) Mobile Safari/537.36 (compatible; TikTokSpider; ttspider-feedback@tiktok.com)"
47.128.112.23 - - [12/May/2026:21:30:45 +0000] "GET /assets/7e549121/img/ico-recientes.svg HTTP/1.0" 200 3572 "https://www.oinversion.com/blog/los-cuatro-pilares-de-la-inversion" "Mozilla/5.0 (Linux; Android 5.0) AppleWebKit/537.36 (KHTML, like Gecko) Mobile Safari/537.36 (compatible; TikTokSpider; ttspider-feedback@tiktok.com)"
47.128.112.23 - - [12/May/2026:21:30:45 +0000] "GET /assets/7e549121/img/ico-twitter.svg HTTP/1.0" 200 3570 "https://www.oinversion.com/blog/los-cuatro-pilares-de-la-inversion" "Mozilla/5.0 (Linux; Android 5.0) AppleWebKit/537.36 (KHTML, like Gecko) Mobile Safari/537.36 (compatible; TikTokSpider; ttspider-feedback@tiktok.com)"
47.128.112.23 - - [12/May/2026:21:30:45 +0000] "GET /assets/7e549121/img/ico-categorias.svg HTTP/1.0" 200 3573 "https://www.oinversion.com/blog/los-cuatro-pilares-de-la-inversion" "Mozilla/5.0 (Linux; Android 5.0) AppleWebKit/537.36 (KHTML, like Gecko) Mobile Safari/537.36 (compatible; TikTokSpider; ttspider-feedback@tiktok.com)"
47.128.112.23 - - [12/May/2026:21:30:45 +0000] "GET /assets/7e549121/img/ico-facebook.svg HTTP/1.0" 200 3571 "https://www.oinversion.com/blog/los-cuatro-pilares-de-la-inversion" "Mozilla/5.0 (Linux; Android 5.0) AppleWebKit/537.36 (KHTML, like Gecko) Mobile Safari/537.36 (compatible; TikTokSpider; ttspider-feedback@tiktok.com)"
47.128.112.23 - - [12/May/2026:21:30:45 +0000] "GET /assets/7e549121/img/ico-g-plus.svg HTTP/1.0" 200 3569 "https://www.oinversion.com/blog/los-cuatro-pilares-de-la-inversion" "Mozilla/5.0 (Linux; Android 5.0) AppleWebKit/537.36 (KHTML, like Gecko) Mobile Safari/537.36 (compatible; TikTokSpider; ttspider-feedback@tiktok.com)"
47.128.112.23 - - [12/May/2026:21:30:45 +0000] "GET /assets/7e549121/img/ico-mail.svg HTTP/1.0" 200 3567 "https://www.oinversion.com/blog/los-cuatro-pilares-de-la-inversion" "Mozilla/5.0 (Linux; Android 5.0) AppleWebKit/537.36 (KHTML, like Gecko) Mobile Safari/537.36 (compatible; TikTokSpider; ttspider-feedback@tiktok.com)"
47.128.112.23 - - [12/May/2026:21:30:45 +0000] "GET /assets/7e549121/img/logo-oinversion-fondo-oscuro.svg HTTP/1.0" 200 3587 "https://www.oinversion.com/blog/los-cuatro-pilares-de-la-inversion" "Mozilla/5.0 (Linux; Android 5.0) AppleWebKit/537.36 (KHTML, like Gecko) Mobile Safari/537.36 (compatible; TikTokSpider; ttspider-feedback@tiktok.com)"
47.128.112.23 - - [12/May/2026:21:30:45 +0000] "GET /assets/7e549121/img/ico-categorias.svg HTTP/1.0" 200 3573 "https://www.oinversion.com/blog/los-cuatro-pilares-de-la-inversion" "Mozilla/5.0 (Linux; Android 5.0) AppleWebKit/537.36 (KHTML, like Gecko) Mobile Safari/537.36 (compatible; TikTokSpider; ttspider-feedback@tiktok.com)"
47.128.112.23 - - [12/May/2026:21:30:45 +0000] "GET /assets/7e549121/img/fondo_footer.jpg HTTP/1.0" 200 3568 "https://www.oinversion.com/assets/7e549121/css/stylesheet.css?v=1666108212" "Mozilla/5.0 (Linux; Android 5.0) AppleWebKit/537.36 (KHTML, like Gecko) Mobile Safari/537.36 (compatible; TikTokSpider; ttspider-feedback@tiktok.com)"
47.128.112.23 - - [12/May/2026:21:30:45 +0000] "GET /assets/7e549121/img/ico-mail.svg HTTP/1.0" 200 3567 "https://www.oinversion.com/blog/los-cuatro-pilares-de-la-inversion" "Mozilla/5.0 (Linux; Android 5.0) AppleWebKit/537.36 (KHTML, like Gecko) Mobile Safari/537.36 (compatible; TikTokSpider; ttspider-feedback@tiktok.com)"
47.128.112.23 - - [12/May/2026:21:30:46 +0000] "GET /assets/7e549121/img/fondo_footer.jpg HTTP/1.0" 200 3568 "https://www.oinversion.com/assets/7e549121/css/stylesheet.css?v=1666108212" "Mozilla/5.0 (Linux; Android 5.0) AppleWebKit/537.36 (KHTML, like Gecko) Mobile Safari/537.36 (compatible; TikTokSpider; ttspider-feedback@tiktok.com)"
66.249.79.139 - - [12/May/2026:21:31:26 +0000] "GET /contacto HTTP/1.0" 200 3539 "-" "Mozilla/5.0 (Linux; Android 6.0.1; Nexus 5X Build/MMB29P) AppleWebKit/537.36 (KHTML, like Gecko) Chrome/148.0.7778.96 Mobile Safari/537.36 (compatible; Googlebot/2.1; +http://www.google.com/bot.html)"
162.62.231.139 - - [12/May/2026:21:33:28 +0000] "GET / HTTP/1.0" 200 26548 "http://oinversion.com" "Mozilla/5.0 (iPhone; CPU iPhone OS 13_2_3 like Mac OS X) AppleWebKit/605.1.15 (KHTML, like Gecko) Version/13.0.3 Mobile/15E148 Safari/604.1"
57.141.20.9 - - [12/May/2026:21:37:14 +0000] "GET /blog/invertir-en-inmuebles-a-traves-de-la-bolsa-todo-lo-que-debes-saber-sobre-los-etfs-las-socimis-y-las-acciones HTTP/1.0" 200 41171 "-" "meta-externalagent/1.1 (+https://developers.facebook.com/docs/sharing/webmasters/crawler)"
18.214.186.220 - - [12/May/2026:21:38:03 +0000] "GET /blog/tag/Invertir HTTP/1.0" 200 22290 "-" "Mozilla/5.0 AppleWebKit/537.36 (KHTML, like Gecko; compatible; Amazonbot/0.1; +https://developer.amazon.com/support/amazonbot) Chrome/119.0.6045.214 Safari/537.36"
185.191.171.12 - - [12/May/2026:21:39:19 +0000] "GET /blog/tag/inversi%C3%B3n?page=22 HTTP/1.0" 200 37754 "-" "Mozilla/5.0 (compatible; SemrushBot/7~bl; +http://www.semrush.com/bot.html)"
104.253.255.174 - - [12/May/2026:21:40:21 +0000] "GET /assets/7e549121/img/handshake.jpg HTTP/1.0" 200 3565 "-" "Mozilla/5.0 (compatible; crawler)"
181.61.246.86 - - [12/May/2026:21:41:42 +0000] "GET /uploads/blog-post/16-featured-tarifas-notario-registro.jpg HTTP/1.0" 200 3590 "https://www.bing.com/" "Mozilla/5.0 (Windows NT 10.0; Win64; x64) AppleWebKit/537.36 (KHTML, like Gecko) Chrome/148.0.0.0 Safari/537.36"
136.117.205.126 - - [12/May/2026:21:45:44 +0000] "GET /uploads/resize/ProjectLarge/uploads/projects/38-whatsapp-image-2022-01-05-at-135510.jpeg HTTP/1.0" 200 3620 "-" "Mozilla/5.0 (X11; Linux x86_64) AppleWebKit/537.36 (KHTML, like Gecko) Chrome/91.0.4472.114 Safari/537.36"
89.44.87.7 - - [12/May/2026:21:50:39 +0000] "HEAD / HTTP/1.0" 200 3887 "-" "Mozilla/5.0 (Macintosh; Intel Mac OS X 10.15; rv:133.0) Gecko/20100101 Firefox/133.0"
66.249.79.137 - - [12/May/2026:21:53:07 +0000] "GET /contacto HTTP/1.0" 200 3539 "-" "Mozilla/5.0 (Linux; Android 6.0.1; Nexus 5X Build/MMB29P) AppleWebKit/537.36 (KHTML, like Gecko) Chrome/148.0.7778.96 Mobile Safari/537.36 (compatible; Googlebot/2.1; +http://www.google.com/bot.html)"
3.224.215.150 - - [12/May/2026:21:53:14 +0000] "GET /hoodie HTTP/1.0" 404 15890 "-" "Mozilla/5.0 AppleWebKit/537.36 (KHTML, like Gecko; compatible; Amazonbot/0.1; +https://developer.amazon.com/support/amazonbot) Chrome/119.0.6045.214 Safari/537.36"
52.0.218.219 - - [12/May/2026:21:53:18 +0000] "GET /t-shirts/food HTTP/1.0" 404 14741 "-" "Mozilla/5.0 AppleWebKit/537.36 (KHTML, like Gecko; compatible; Amazonbot/0.1; +https://developer.amazon.com/support/amazonbot) Chrome/119.0.6045.214 Safari/537.36"
93.33.234.211 - - [12/May/2026:21:54:28 +0000] "POST /xmlrpc.php HTTP/1.0" 404 15902 "-" "Mozilla/5.0 (Macintosh; Intel Mac OS X 10_15_7; arm64) AppleWebKit/537.36 (KHTML, like Gecko) Firefox/83.0.0.0 Safari/537.36"
207.46.13.116 - - [12/May/2026:21:54:42 +0000] "GET /blog/como-invertir-en-dividendos-y-obtener-ganancias HTTP/1.0" 200 37427 "-" "Mozilla/5.0 AppleWebKit/537.36 (KHTML, like Gecko; compatible; bingbot/2.0; +http://www.bing.com/bingbot.htm) Chrome/116.0.1938.76 Safari/537.36"
66.249.78.39 - - [12/May/2026:22:00:25 +0000] "GET /contacto HTTP/1.0" 200 3539 "-" "Mozilla/5.0 (Linux; Android 6.0.1; Nexus 5X Build/MMB29P) AppleWebKit/537.36 (KHTML, like Gecko) Chrome/148.0.7778.96 Mobile Safari/537.36 (compatible; Googlebot/2.1; +http://www.google.com/bot.html)"
51.68.107.137 - - [12/May/2026:22:01:07 +0000] "GET /robots.txt HTTP/1.0" 200 3627 "-" "Mozilla/5.0 (compatible; MJ12bot/v2.0.5; http://mj12bot.com/)"
51.68.107.137 - - [12/May/2026:22:01:07 +0000] "GET / HTTP/1.0" 200 26548 "-" "Mozilla/5.0 (compatible; MJ12bot/v2.0.5; http://mj12bot.com/)"
66.249.79.137 - - [12/May/2026:22:02:31 +0000] "GET /contacto HTTP/1.0" 200 3539 "-" "Mozilla/5.0 (Linux; Android 6.0.1; Nexus 5X Build/MMB29P) AppleWebKit/537.36 (KHTML, like Gecko) Chrome/148.0.7778.96 Mobile Safari/537.36 (compatible; Googlebot/2.1; +http://www.google.com/bot.html)"
66.249.78.41 - - [12/May/2026:22:04:22 +0000] "GET /contacto HTTP/1.0" 200 3539 "-" "Mozilla/5.0 (Linux; Android 6.0.1; Nexus 5X Build/MMB29P) AppleWebKit/537.36 (KHTML, like Gecko) Chrome/148.0.7778.96 Mobile Safari/537.36 (compatible; Googlebot/2.1; +http://www.google.com/bot.html)"
103.156.165.118 - - [12/May/2026:22:05:26 +0000] "GET /contacto HTTP/1.0" 200 3539 "https://www.google.com/" "Mozilla/5.0 (Linux; Android 10; K) AppleWebKit/537.36 (KHTML, like Gecko) Chrome/148.0.0.0 Mobile Safari/537.36"
45.166.57.13 - - [12/May/2026:22:07:53 +0000] "POST /xmlrpc.php HTTP/1.0" 404 15902 "-" "Jetpack by WordPress.com (Jetpack 12.1; WordPress 6.3)"
66.249.78.39 - - [12/May/2026:22:07:57 +0000] "GET /contacto HTTP/1.0" 200 3539 "-" "Mozilla/5.0 (Linux; Android 6.0.1; Nexus 5X Build/MMB29P) AppleWebKit/537.36 (KHTML, like Gecko) Chrome/148.0.7778.96 Mobile Safari/537.36 (compatible; Googlebot/2.1; +http://www.google.com/bot.html)"
45.166.57.13 - - [12/May/2026:22:08:02 +0000] "POST /xmlrpc.php HTTP/1.0" 404 15902 "-" "Jetpack/12.1; WordPress/6.2; http://site49882034.com"
45.166.57.13 - - [12/May/2026:22:08:12 +0000] "POST /xmlrpc.php HTTP/1.0" 404 15902 "-" "Jetpack by WordPress.com (Jetpack 13.0; WordPress 6.4)"
45.166.57.13 - - [12/May/2026:22:08:23 +0000] "POST /xmlrpc.php HTTP/1.0" 404 15902 "-" "WordPress.com; https://wordpress.com"
45.166.57.13 - - [12/May/2026:22:08:33 +0000] "POST /xmlrpc.php HTTP/1.0" 404 15902 "-" "Jetpack by WordPress.com (Jetpack 13.0; WordPress 6.2)"
45.166.57.13 - - [12/May/2026:22:08:43 +0000] "POST /xmlrpc.php HTTP/1.0" 404 15902 "-" "Jetpack by WordPress.com (Jetpack 12.0; WordPress 6.2)"
45.166.57.13 - - [12/May/2026:22:08:54 +0000] "POST /xmlrpc.php HTTP/1.0" 404 15902 "-" "Jetpack by WordPress.com (Jetpack 12.0; WordPress 6.2)"
45.166.57.13 - - [12/May/2026:22:09:04 +0000] "POST /xmlrpc.php HTTP/1.0" 404 15902 "-" "Jetpack/12.0; WordPress/6.2; http://site30514504.com"
45.166.57.13 - - [12/May/2026:22:09:15 +0000] "POST /xmlrpc.php HTTP/1.0" 404 15902 "-" "Jetpack/12.1; WordPress/6.3; http://site30028378.com"
45.166.57.13 - - [12/May/2026:22:09:25 +0000] "POST /xmlrpc.php HTTP/1.0" 404 15902 "-" "Jetpack by WordPress.com (Jetpack 12.0; WordPress 6.4)"
45.166.57.13 - - [12/May/2026:22:09:36 +0000] "POST /xmlrpc.php HTTP/1.0" 404 15902 "-" "Jetpack by WordPress.com"
45.166.57.13 - - [12/May/2026:22:09:46 +0000] "POST /xmlrpc.php HTTP/1.0" 404 15902 "-" "Jetpack/12.5; WordPress/6.3; http://site78979280.com"
45.166.57.13 - - [12/May/2026:22:09:56 +0000] "POST /xmlrpc.php HTTP/1.0" 404 15902 "-" "Jetpack by WordPress.com (Jetpack 13.0; WordPress 6.1)"
45.166.57.13 - - [12/May/2026:22:10:07 +0000] "POST /xmlrpc.php HTTP/1.0" 404 15902 "-" "Jetpack by WordPress.com (Jetpack 13.0; WordPress 6.2)"
45.166.57.13 - - [12/May/2026:22:10:17 +0000] "POST /xmlrpc.php HTTP/1.0" 404 15902 "-" "Jetpack by WordPress.com (Jetpack 12.1; WordPress 6.1)"
45.166.57.13 - - [12/May/2026:22:10:28 +0000] "POST /xmlrpc.php HTTP/1.0" 404 15902 "-" "Jetpack by WordPress.com"
45.166.57.13 - - [12/May/2026:22:10:38 +0000] "POST /xmlrpc.php HTTP/1.0" 404 15902 "-" "WordPress.com; https://wordpress.com"
45.166.57.13 - - [12/May/2026:22:10:49 +0000] "POST /xmlrpc.php HTTP/1.0" 404 15902 "-" "Jetpack by WordPress.com (Jetpack 12.0; WordPress 6.2)"
45.166.57.13 - - [12/May/2026:22:10:59 +0000] "POST /xmlrpc.php HTTP/1.0" 404 15902 "-" "WordPress.com; https://wordpress.com"
45.166.57.13 - - [12/May/2026:22:11:09 +0000] "POST /xmlrpc.php HTTP/1.0" 404 15902 "-" "Jetpack by WordPress.com (Jetpack 12.5; WordPress 6.4)"
45.166.57.13 - - [12/May/2026:22:11:20 +0000] "POST /xmlrpc.php HTTP/1.0" 404 15902 "-" "WordPress.com; https://wordpress.com"
45.166.57.13 - - [12/May/2026:22:11:30 +0000] "POST /xmlrpc.php HTTP/1.0" 404 15902 "-" "Jetpack/12.5; WordPress/6.3; http://site19305372.com"
45.166.57.13 - - [12/May/2026:22:11:40 +0000] "POST /xmlrpc.php HTTP/1.0" 404 15902 "-" "Jetpack by WordPress.com (Jetpack 13.0; WordPress 6.4)"
45.166.57.13 - - [12/May/2026:22:11:51 +0000] "POST /xmlrpc.php HTTP/1.0" 404 15902 "-" "Jetpack by WordPress.com"
110.249.202.79 - - [12/May/2026:22:12:01 +0000] "GET /assets/7e549121/img/logo-oinversion-fondo-claro.svg HTTP/1.0" 200 3586 "https://oinversion.com/" "Mozilla/5.0 (Linux; Android 5.0) AppleWebKit/537.36 (KHTML, like Gecko) Mobile Safari/537.36 (compatible; Bytespider; https://zhanzhang.toutiao.com/)"
45.166.57.13 - - [12/May/2026:22:12:01 +0000] "POST /xmlrpc.php HTTP/1.0" 404 15902 "-" "Jetpack by WordPress.com"
110.249.201.179 - - [12/May/2026:22:12:06 +0000] "GET /robots.txt HTTP/1.0" 200 3627 "-" "Mozilla/5.0 (Linux; Android 5.0) AppleWebKit/537.36 (KHTML, like Gecko) Mobile Safari/537.36 (compatible; Bytespider; https://zhanzhang.toutiao.com/)"
45.166.57.13 - - [12/May/2026:22:12:12 +0000] "POST /xmlrpc.php HTTP/1.0" 404 15902 "-" "Jetpack by WordPress.com"
45.166.57.13 - - [12/May/2026:22:12:22 +0000] "POST /xmlrpc.php HTTP/1.0" 403 4384 "-" "Jetpack by WordPress.com"
45.166.57.13 - - [12/May/2026:22:12:33 +0000] "POST /xmlrpc.php HTTP/1.0" 404 15902 "-" "Jetpack/13.0; WordPress/6.2; http://site31757390.com"
110.249.201.97 - - [12/May/2026:22:12:38 +0000] "GET /robots.txt HTTP/1.0" 200 3627 "-" "Mozilla/5.0 (Linux; Android 5.0) AppleWebKit/537.36 (KHTML, like Gecko) Mobile Safari/537.36 (compatible; Bytespider; https://zhanzhang.toutiao.com/)"
45.166.57.13 - - [12/May/2026:22:12:43 +0000] "POST /xmlrpc.php HTTP/1.0" 404 15902 "-" "Jetpack/12.0; WordPress/6.3; http://site60799672.com"
45.166.57.13 - - [12/May/2026:22:12:53 +0000] "POST /xmlrpc.php HTTP/1.0" 404 15902 "-" "WordPress.com; https://wordpress.com"
45.166.57.13 - - [12/May/2026:22:13:04 +0000] "POST /xmlrpc.php HTTP/1.0" 403 4384 "-" "Jetpack by WordPress.com"
45.166.57.13 - - [12/May/2026:22:13:14 +0000] "POST /xmlrpc.php HTTP/1.0" 404 15902 "-" "Jetpack/12.1; WordPress/6.3; http://site17819989.com"
45.166.57.13 - - [12/May/2026:22:13:24 +0000] "POST /xmlrpc.php HTTP/1.0" 404 15902 "-" "Jetpack by WordPress.com (Jetpack 12.5; WordPress 6.4)"
45.166.57.13 - - [12/May/2026:22:13:35 +0000] "POST /xmlrpc.php HTTP/1.0" 403 4384 "-" "Jetpack by WordPress.com"
45.166.57.13 - - [12/May/2026:22:13:45 +0000] "POST /xmlrpc.php HTTP/1.0" 404 15902 "-" "Jetpack/12.0; WordPress/6.1; http://site47142278.com"
45.166.57.13 - - [12/May/2026:22:13:56 +0000] "POST /xmlrpc.php HTTP/1.0" 403 4384 "-" "Jetpack by WordPress.com"
45.166.57.13 - - [12/May/2026:22:14:06 +0000] "POST /xmlrpc.php HTTP/1.0" 404 15902 "-" "Jetpack by WordPress.com (Jetpack 13.0; WordPress 6.4)"
45.166.57.13 - - [12/May/2026:22:14:17 +0000] "POST /xmlrpc.php HTTP/1.0" 403 4384 "-" "Jetpack by WordPress.com"
45.166.57.13 - - [12/May/2026:22:14:27 +0000] "POST /xmlrpc.php HTTP/1.0" 404 15902 "-" "Jetpack by WordPress.com (Jetpack 13.0; WordPress 6.1)"
66.249.79.138 - - [12/May/2026:22:14:36 +0000] "GET /contacto HTTP/1.0" 200 3539 "-" "Mozilla/5.0 (Linux; Android 6.0.1; Nexus 5X Build/MMB29P) AppleWebKit/537.36 (KHTML, like Gecko) Chrome/148.0.7778.96 Mobile Safari/537.36 (compatible; Googlebot/2.1; +http://www.google.com/bot.html)"
45.166.57.13 - - [12/May/2026:22:14:37 +0000] "POST /xmlrpc.php HTTP/1.0" 404 15902 "-" "Jetpack/12.1; WordPress/6.1; http://site24238127.com"
66.249.79.137 - - [12/May/2026:22:14:46 +0000] "GET /contacto HTTP/1.0" 200 3539 "-" "Mozilla/5.0 (Linux; Android 6.0.1; Nexus 5X Build/MMB29P) AppleWebKit/537.36 (KHTML, like Gecko) Chrome/148.0.7778.96 Mobile Safari/537.36 (compatible; Googlebot/2.1; +http://www.google.com/bot.html)"
45.166.57.13 - - [12/May/2026:22:14:48 +0000] "POST /xmlrpc.php HTTP/1.0" 403 4384 "-" "Jetpack by WordPress.com"
45.166.57.13 - - [12/May/2026:22:14:58 +0000] "POST /xmlrpc.php HTTP/1.0" 403 4384 "-" "Jetpack by WordPress.com"
45.166.57.13 - - [12/May/2026:22:15:09 +0000] "POST /xmlrpc.php HTTP/1.0" 404 15902 "-" "Jetpack by WordPress.com (Jetpack 13.0; WordPress 6.2)"
45.166.57.13 - - [12/May/2026:22:15:19 +0000] "POST /xmlrpc.php HTTP/1.0" 404 15902 "-" "Jetpack/13.0; WordPress/6.2; http://site40266418.com"
45.166.57.13 - - [12/May/2026:22:15:29 +0000] "POST /xmlrpc.php HTTP/1.0" 403 4384 "-" "Jetpack by WordPress.com"
45.166.57.13 - - [12/May/2026:22:15:40 +0000] "POST /xmlrpc.php HTTP/1.0" 404 15902 "-" "Jetpack/13.0; WordPress/6.4; http://site56067792.com"
45.166.57.13 - - [12/May/2026:22:15:50 +0000] "POST /xmlrpc.php HTTP/1.0" 403 4384 "-" "WordPress.com; https://wordpress.com"
45.166.57.13 - - [12/May/2026:22:16:01 +0000] "POST /xmlrpc.php HTTP/1.0" 403 4384 "-" "WordPress.com; https://wordpress.com"
45.166.57.13 - - [12/May/2026:22:16:11 +0000] "POST /xmlrpc.php HTTP/1.0" 403 4384 "-" "Jetpack by WordPress.com"
85.208.96.198 - - [12/May/2026:22:18:06 +0000] "GET /robots.txt HTTP/1.0" 200 3627 "-" "Mozilla/5.0 (compatible; SemrushBot/7~bl; +http://www.semrush.com/bot.html)"
85.208.96.211 - - [12/May/2026:22:18:06 +0000] "GET /blog/tag/vacaciones HTTP/1.0" 200 19229 "-" "Mozilla/5.0 (compatible; SemrushBot/7~bl; +http://www.semrush.com/bot.html)"
52.200.142.199 - - [12/May/2026:22:18:53 +0000] "GET /blog/tag/inversion HTTP/1.0" 200 21639 "-" "Mozilla/5.0 AppleWebKit/537.36 (KHTML, like Gecko; compatible; Amazonbot/0.1; +https://developer.amazon.com/support/amazonbot) Chrome/119.0.6045.214 Safari/537.36"
85.208.96.198 - - [12/May/2026:22:19:03 +0000] "GET /robots.txt HTTP/1.0" 200 3627 "-" "Mozilla/5.0 (compatible; SemrushBot/7~bl; +http://www.semrush.com/bot.html)"
185.191.171.10 - - [12/May/2026:22:19:05 +0000] "GET /blog/tag/Mercado++inmobiliario HTTP/1.0" 200 34225 "-" "Mozilla/5.0 (compatible; SemrushBot/7~bl; +http://www.semrush.com/bot.html)"
66.249.79.138 - - [12/May/2026:22:20:29 +0000] "GET /contacto HTTP/1.0" 200 3539 "-" "Mozilla/5.0 (Linux; Android 6.0.1; Nexus 5X Build/MMB29P) AppleWebKit/537.36 (KHTML, like Gecko) Chrome/148.0.7778.96 Mobile Safari/537.36 (compatible; Googlebot/2.1; +http://www.google.com/bot.html)"
66.249.79.139 - - [12/May/2026:22:21:40 +0000] "GET /contacto HTTP/1.0" 200 3539 "-" "Mozilla/5.0 (Linux; Android 6.0.1; Nexus 5X Build/MMB29P) AppleWebKit/537.36 (KHTML, like Gecko) Chrome/148.0.7778.96 Mobile Safari/537.36 (compatible; Googlebot/2.1; +http://www.google.com/bot.html)"
18.214.138.148 - - [12/May/2026:22:24:02 +0000] "GET /stores/ukrainian-artists HTTP/1.0" 404 14772 "-" "Mozilla/5.0 AppleWebKit/537.36 (KHTML, like Gecko; compatible; Amazonbot/0.1; +https://developer.amazon.com/support/amazonbot) Chrome/119.0.6045.214 Safari/537.36"
3.221.222.168 - - [12/May/2026:22:24:06 +0000] "GET /t-shirts/fantasy HTTP/1.0" 404 14750 "-" "Mozilla/5.0 AppleWebKit/537.36 (KHTML, like Gecko; compatible; Amazonbot/0.1; +https://developer.amazon.com/support/amazonbot) Chrome/119.0.6045.214 Safari/537.36"
66.249.79.138 - - [12/May/2026:22:24:46 +0000] "GET /contacto HTTP/1.0" 200 3539 "-" "Mozilla/5.0 (Linux; Android 6.0.1; Nexus 5X Build/MMB29P) AppleWebKit/537.36 (KHTML, like Gecko) Chrome/148.0.7778.96 Mobile Safari/537.36 (compatible; Googlebot/2.1; +http://www.google.com/bot.html)"
66.249.78.39 - - [12/May/2026:22:25:58 +0000] "GET /contacto HTTP/1.0" 200 3539 "-" "Mozilla/5.0 (Linux; Android 6.0.1; Nexus 5X Build/MMB29P) AppleWebKit/537.36 (KHTML, like Gecko) Chrome/148.0.7778.96 Mobile Safari/537.36 (compatible; Googlebot/2.1; +http://www.google.com/bot.html)"
47.242.126.35 - - [12/May/2026:22:26:12 +0000] "GET /uploads/blog-post/106-featured-philip-fisher.jpg HTTP/1.0" 200 3580 "https://www.oinversion.com" "Mozilla/5.0 (Windows NT 10.0; Win64; x64) AppleWebKit/537.36 (KHTML, like Gecko) Chrome/122.0.0.0 Safari/537.36"
45.166.57.13 - - [12/May/2026:22:26:17 +0000] "POST /xmlrpc.php HTTP/1.0" 404 15902 "-" "Jetpack/12.1; WordPress/6.4; http://site98725837.com"
45.166.57.13 - - [12/May/2026:22:26:26 +0000] "POST /xmlrpc.php HTTP/1.0" 404 15902 "-" "WordPress.com; https://wordpress.com"
45.166.57.13 - - [12/May/2026:22:26:37 +0000] "POST /xmlrpc.php HTTP/1.0" 404 15902 "-" "Jetpack by WordPress.com (Jetpack 13.0; WordPress 6.1)"
45.166.57.13 - - [12/May/2026:22:26:47 +0000] "POST /xmlrpc.php HTTP/1.0" 404 15902 "-" "Jetpack/13.0; WordPress/6.2; http://site38227700.com"
45.166.57.13 - - [12/May/2026:22:26:58 +0000] "POST /xmlrpc.php HTTP/1.0" 404 15902 "-" "Jetpack/12.5; WordPress/6.3; http://site62154279.com"
45.166.57.13 - - [12/May/2026:22:27:08 +0000] "POST /xmlrpc.php HTTP/1.0" 404 15902 "-" "Jetpack by WordPress.com"
45.166.57.13 - - [12/May/2026:22:27:18 +0000] "POST /xmlrpc.php HTTP/1.0" 404 15902 "-" "Jetpack by WordPress.com (Jetpack 12.5; WordPress 6.4)"
45.166.57.13 - - [12/May/2026:22:27:29 +0000] "POST /xmlrpc.php HTTP/1.0" 404 15902 "-" "Jetpack by WordPress.com (Jetpack 12.5; WordPress 6.3)"
45.166.57.13 - - [12/May/2026:22:27:39 +0000] "POST /xmlrpc.php HTTP/1.0" 404 15902 "-" "WordPress.com; https://wordpress.com"
45.166.57.13 - - [12/May/2026:22:27:50 +0000] "POST /xmlrpc.php HTTP/1.0" 404 15902 "-" "WordPress.com; https://wordpress.com"
45.166.57.13 - - [12/May/2026:22:28:00 +0000] "POST /xmlrpc.php HTTP/1.0" 404 15902 "-" "WordPress.com; https://wordpress.com"
45.166.57.13 - - [12/May/2026:22:28:10 +0000] "POST /xmlrpc.php HTTP/1.0" 404 15902 "-" "Jetpack/13.0; WordPress/6.4; http://site49318485.com"
45.166.57.13 - - [12/May/2026:22:28:21 +0000] "POST /xmlrpc.php HTTP/1.0" 404 15902 "-" "Jetpack/13.0; WordPress/6.1; http://site80734197.com"
45.166.57.13 - - [12/May/2026:22:28:31 +0000] "POST /xmlrpc.php HTTP/1.0" 404 15902 "-" "WordPress.com; https://wordpress.com"
45.166.57.13 - - [12/May/2026:22:28:41 +0000] "POST /xmlrpc.php HTTP/1.0" 404 15902 "-" "Jetpack by WordPress.com (Jetpack 12.0; WordPress 6.4)"
45.166.57.13 - - [12/May/2026:22:28:52 +0000] "POST /xmlrpc.php HTTP/1.0" 404 15902 "-" "Jetpack/12.0; WordPress/6.2; http://site77651067.com"
45.166.57.13 - - [12/May/2026:22:29:02 +0000] "POST /xmlrpc.php HTTP/1.0" 403 4384 "-" "WordPress.com; https://wordpress.com"
66.249.79.138 - - [12/May/2026:22:29:07 +0000] "GET /contacto HTTP/1.0" 200 3539 "-" "Mozilla/5.0 (Linux; Android 6.0.1; Nexus 5X Build/MMB29P) AppleWebKit/537.36 (KHTML, like Gecko) Chrome/148.0.7778.96 Mobile Safari/537.36 (compatible; Googlebot/2.1; +http://www.google.com/bot.html)"
45.166.57.13 - - [12/May/2026:22:29:13 +0000] "POST /xmlrpc.php HTTP/1.0" 404 15902 "-" "Jetpack by WordPress.com (Jetpack 12.1; WordPress 6.1)"
45.166.57.13 - - [12/May/2026:22:29:23 +0000] "POST /xmlrpc.php HTTP/1.0" 404 15902 "-" "Jetpack/12.5; WordPress/6.4; http://site87642627.com"
45.166.57.13 - - [12/May/2026:22:29:33 +0000] "POST /xmlrpc.php HTTP/1.0" 404 15902 "-" "Jetpack by WordPress.com (Jetpack 12.1; WordPress 6.4)"
45.166.57.13 - - [12/May/2026:22:29:44 +0000] "POST /xmlrpc.php HTTP/1.0" 404 15902 "-" "Jetpack/13.0; WordPress/6.3; http://site92852017.com"
45.166.57.13 - - [12/May/2026:22:29:54 +0000] "POST /xmlrpc.php HTTP/1.0" 403 4384 "-" "WordPress.com; https://wordpress.com"
45.166.57.13 - - [12/May/2026:22:30:04 +0000] "POST /xmlrpc.php HTTP/1.0" 404 15902 "-" "Jetpack by WordPress.com"
35.196.2.224 - - [12/May/2026:22:30:11 +0000] "HEAD /wordpress/ HTTP/1.0" 404 3689 "http://www.oinversion.com/wordpress/" "Mozilla/5.0 (Linux; Android 13; Infinix X688B) AppleWebKit/537.36 (KHTML, like Gecko) Chrome/124.0.6367.48 Mobile Safari/537.36"
35.196.2.224 - - [12/May/2026:22:30:12 +0000] "HEAD /wp/ HTTP/1.0" 404 3689 "http://www.oinversion.com/wp/" "Mozilla/5.0 (Windows NT 11.0; Win64; x64) AppleWebKit/537.36 (KHTML, like Gecko) Chrome/128.0.6540.18 Safari/537.36"
35.196.2.224 - - [12/May/2026:22:30:12 +0000] "HEAD /backup/ HTTP/1.0" 404 3689 "http://www.oinversion.com/backup/" "Mozilla/5.0 (Windows NT 10.0; Win64; x64) AppleWebKit/537.36 (KHTML, like Gecko) Chrome/127.0.6534.42 Safari/537.36"
35.196.2.224 - - [12/May/2026:22:30:12 +0000] "HEAD / HTTP/1.0" 200 3887 "http://www.oinversion.com/" "Mozilla/5.0 (Linux; Android 14; OnePlus 12) AppleWebKit/537.36 (KHTML, like Gecko) Chrome/125.0.6422.102 Mobile Safari/537.36"
35.196.2.224 - - [12/May/2026:22:30:12 +0000] "HEAD /blog/ HTTP/1.0" 200 3478 "http://www.oinversion.com/blog/" "Mozilla/5.0 (X11; Linux x86_64) AppleWebKit/537.36 (KHTML, like Gecko) Chrome/125.0.6422.76 Safari/537.36"
35.196.2.224 - - [12/May/2026:22:30:12 +0000] "HEAD /old/ HTTP/1.0" 404 3689 "http://www.oinversion.com/old/" "Mozilla/5.0 (Linux; Android 14; Samsung SM-A546B) AppleWebKit/537.36 (KHTML, like Gecko) Chrome/126.0.6478.14 Mobile Safari/537.36"
35.196.2.224 - - [12/May/2026:22:30:13 +0000] "HEAD /new/ HTTP/1.0" 404 3689 "http://www.oinversion.com/new/" "Mozilla/5.0 (Windows NT 10.0; Win64; x64; rv:127.0) Gecko/20100101 Firefox/127.0"
45.166.57.13 - - [12/May/2026:22:30:15 +0000] "POST /xmlrpc.php HTTP/1.0" 404 15902 "-" "Jetpack by WordPress.com (Jetpack 12.0; WordPress 6.3)"
45.166.57.13 - - [12/May/2026:22:30:25 +0000] "POST /xmlrpc.php HTTP/1.0" 404 15902 "-" "Jetpack/12.5; WordPress/6.2; http://site28802850.com"
45.166.57.13 - - [12/May/2026:22:30:36 +0000] "POST /xmlrpc.php HTTP/1.0" 404 15902 "-" "Jetpack/12.5; WordPress/6.4; http://site91070671.com"
45.166.57.13 - - [12/May/2026:22:30:46 +0000] "POST /xmlrpc.php HTTP/1.0" 404 15902 "-" "Jetpack/12.5; WordPress/6.1; http://site27848454.com"
45.166.57.13 - - [12/May/2026:22:30:56 +0000] "POST /xmlrpc.php HTTP/1.0" 404 15902 "-" "Jetpack/12.1; WordPress/6.3; http://site84316097.com"
45.166.57.13 - - [12/May/2026:22:31:07 +0000] "POST /xmlrpc.php HTTP/1.0" 404 15902 "-" "Jetpack by WordPress.com (Jetpack 12.1; WordPress 6.4)"
116.196.117.160 - - [12/May/2026:22:31:14 +0000] "GET /uploads/resize/ProjectLarge/uploads/projects/14-WhatsApp%20Image%202017-08-22%20at%2018.44.56%20(2).jpeg HTTP/1.0" 200 3626 "https://www.oinversion.com/proyecto/14/un-apartamento-unico-a-reformar-en-el-eixample-dret-barcelona" "Python/3.12 aiohttp/3.13.2"
45.166.57.13 - - [12/May/2026:22:31:17 +0000] "POST /xmlrpc.php HTTP/1.0" 404 15902 "-" "Jetpack by WordPress.com"
45.166.57.13 - - [12/May/2026:22:31:27 +0000] "POST /xmlrpc.php HTTP/1.0" 403 4384 "-" "WordPress.com; https://wordpress.com"
45.166.57.13 - - [12/May/2026:22:31:38 +0000] "POST /xmlrpc.php HTTP/1.0" 404 15902 "-" "Jetpack/12.1; WordPress/6.3; http://site91982817.com"
45.166.57.13 - - [12/May/2026:22:31:48 +0000] "POST /xmlrpc.php HTTP/1.0" 403 4384 "-" "WordPress.com; https://wordpress.com"
66.249.79.137 - - [12/May/2026:22:31:57 +0000] "GET /contacto HTTP/1.0" 200 3539 "-" "Mozilla/5.0 (Linux; Android 6.0.1; Nexus 5X Build/MMB29P) AppleWebKit/537.36 (KHTML, like Gecko) Chrome/148.0.7778.96 Mobile Safari/537.36 (compatible; Googlebot/2.1; +http://www.google.com/bot.html)"
45.166.57.13 - - [12/May/2026:22:31:59 +0000] "POST /xmlrpc.php HTTP/1.0" 404 15902 "-" "Jetpack by WordPress.com (Jetpack 12.5; WordPress 6.4)"
45.166.57.13 - - [12/May/2026:22:32:09 +0000] "POST /xmlrpc.php HTTP/1.0" 403 4384 "-" "WordPress.com; https://wordpress.com"
45.166.57.13 - - [12/May/2026:22:32:19 +0000] "POST /xmlrpc.php HTTP/1.0" 404 15902 "-" "Jetpack by WordPress.com"
45.166.57.13 - - [12/May/2026:22:32:30 +0000] "POST /xmlrpc.php HTTP/1.0" 403 4384 "-" "WordPress.com; https://wordpress.com"
45.166.57.13 - - [12/May/2026:22:32:40 +0000] "POST /xmlrpc.php HTTP/1.0" 404 15902 "-" "Jetpack/12.1; WordPress/6.3; http://site84910268.com"
66.249.79.139 - - [12/May/2026:22:32:47 +0000] "GET /contacto HTTP/1.0" 200 3539 "-" "Mozilla/5.0 (Linux; Android 6.0.1; Nexus 5X Build/MMB29P) AppleWebKit/537.36 (KHTML, like Gecko) Chrome/148.0.7778.96 Mobile Safari/537.36 (compatible; Googlebot/2.1; +http://www.google.com/bot.html)"
45.166.57.13 - - [12/May/2026:22:32:51 +0000] "POST /xmlrpc.php HTTP/1.0" 403 4384 "-" "WordPress.com; https://wordpress.com"
45.166.57.13 - - [12/May/2026:22:33:01 +0000] "POST /xmlrpc.php HTTP/1.0" 404 15902 "-" "Jetpack by WordPress.com (Jetpack 12.5; WordPress 6.1)"
45.166.57.13 - - [12/May/2026:22:33:12 +0000] "POST /xmlrpc.php HTTP/1.0" 404 15902 "-" "Jetpack by WordPress.com"
45.166.57.13 - - [12/May/2026:22:33:22 +0000] "POST /xmlrpc.php HTTP/1.0" 403 4384 "-" "WordPress.com; https://wordpress.com"
45.166.57.13 - - [12/May/2026:22:33:33 +0000] "POST /xmlrpc.php HTTP/1.0" 404 15902 "-" "Jetpack by WordPress.com (Jetpack 12.0; WordPress 6.3)"
45.166.57.13 - - [12/May/2026:22:33:43 +0000] "POST /xmlrpc.php HTTP/1.0" 404 15902 "-" "Jetpack by WordPress.com (Jetpack 12.1; WordPress 6.1)"
45.78.208.97 - - [12/May/2026:22:36:56 +0000] "GET /uploads/blog-post/111-featured-imagen-ajuste-por-inflacion.jpg HTTP/1.0" 200 3594 "-" "Mozilla/5.0 (X11; Ubuntu; Linux x86_64; rv:72.0) Gecko/20100101 Firefox/72.0"
66.249.79.139 - - [12/May/2026:22:38:03 +0000] "GET /contacto HTTP/1.0" 200 3539 "-" "Mozilla/5.0 (Linux; Android 6.0.1; Nexus 5X Build/MMB29P) AppleWebKit/537.36 (KHTML, like Gecko) Chrome/148.0.7778.96 Mobile Safari/537.36 (compatible; Googlebot/2.1; +http://www.google.com/bot.html)"
185.191.171.5 - - [12/May/2026:22:40:34 +0000] "GET /blog/tag/espa%C3%B1a?page=12 HTTP/1.0" 200 23587 "-" "Mozilla/5.0 (compatible; SemrushBot/7~bl; +http://www.semrush.com/bot.html)"
66.249.78.39 - - [12/May/2026:22:43:08 +0000] "GET /contacto HTTP/1.0" 200 3539 "-" "Mozilla/5.0 (Linux; Android 6.0.1; Nexus 5X Build/MMB29P) AppleWebKit/537.36 (KHTML, like Gecko) Chrome/148.0.7778.96 Mobile Safari/537.36 (compatible; Googlebot/2.1; +http://www.google.com/bot.html)"
44.207.252.58 - - [12/May/2026:22:44:25 +0000] "GET /blog/tag/EFTs?page=2 HTTP/1.0" 200 19481 "-" "Mozilla/5.0 AppleWebKit/537.36 (KHTML, like Gecko; compatible; Amazonbot/0.1; +https://developer.amazon.com/support/amazonbot) Chrome/119.0.6045.214 Safari/537.36"
23.23.137.202 - - [12/May/2026:22:44:25 +0000] "GET /blog/el-abc-de-la-inversion-que-debemos-conocer-para-empezar-a-invertir HTTP/1.0" 200 49932 "-" "Mozilla/5.0 AppleWebKit/537.36 (KHTML, like Gecko; compatible; Amazonbot/0.1; +https://developer.amazon.com/support/amazonbot) Chrome/119.0.6045.214 Safari/537.36"
66.249.78.40 - - [12/May/2026:22:53:31 +0000] "GET /contacto HTTP/1.0" 200 3539 "-" "Mozilla/5.0 (Linux; Android 6.0.1; Nexus 5X Build/MMB29P) AppleWebKit/537.36 (KHTML, like Gecko) Chrome/148.0.7778.96 Mobile Safari/537.36 (compatible; Googlebot/2.1; +http://www.google.com/bot.html)"
18.211.148.239 - - [12/May/2026:22:54:16 +0000] "GET /blog/tag/inversi%C3%B3n?page=6 HTTP/1.0" 200 23817 "-" "Mozilla/5.0 AppleWebKit/537.36 (KHTML, like Gecko; compatible; Amazonbot/0.1; +https://developer.amazon.com/support/amazonbot) Chrome/119.0.6045.214 Safari/537.36"
184.73.167.217 - - [12/May/2026:22:55:05 +0000] "GET /blog/tag/invertir?page=6 HTTP/1.0" 200 22913 "-" "Mozilla/5.0 AppleWebKit/537.36 (KHTML, like Gecko; compatible; Amazonbot/0.1; +https://developer.amazon.com/support/amazonbot) Chrome/119.0.6045.214 Safari/537.36"
66.249.79.137 - - [12/May/2026:22:55:05 +0000] "GET /contacto HTTP/1.0" 200 3539 "-" "Mozilla/5.0 (Linux; Android 6.0.1; Nexus 5X Build/MMB29P) AppleWebKit/537.36 (KHTML, like Gecko) Chrome/148.0.7778.96 Mobile Safari/537.36 (compatible; Googlebot/2.1; +http://www.google.com/bot.html)"
54.84.102.81 - - [12/May/2026:22:56:53 +0000] "GET /blog/tag/Inversi%C3%B3n+Inmobiliaria?page=6 HTTP/1.0" 200 20721 "-" "Mozilla/5.0 AppleWebKit/537.36 (KHTML, like Gecko; compatible; Amazonbot/0.1; +https://developer.amazon.com/support/amazonbot) Chrome/119.0.6045.214 Safari/537.36"
116.196.81.183 - - [12/May/2026:22:57:51 +0000] "GET /uploads/resize/ProjectLarge/uploads/projects-blueprint/14-14-foto29-copia.jpg HTTP/1.0" 200 3609 "https://www.oinversion.com/proyecto/14/un-apartamento-unico-a-reformar-en-el-eixample-dret-barcelona" "Python/3.12 aiohttp/3.13.2"
216.244.66.198 - - [12/May/2026:22:59:11 +0000] "GET /robots.txt HTTP/1.0" 200 3627 "-" "Mozilla/5.0 (compatible; DotBot/1.2; +https://opensiteexplorer.org/dotbot; help@moz.com)"
66.249.78.40 - - [12/May/2026:23:00:32 +0000] "GET /contacto HTTP/1.0" 200 3539 "-" "Mozilla/5.0 (Linux; Android 6.0.1; Nexus 5X Build/MMB29P) AppleWebKit/537.36 (KHTML, like Gecko) Chrome/148.0.7778.96 Mobile Safari/537.36 (compatible; Googlebot/2.1; +http://www.google.com/bot.html)"
66.249.79.139 - - [12/May/2026:23:03:00 +0000] "GET /contacto HTTP/1.0" 200 3539 "-" "Mozilla/5.0 (Linux; Android 6.0.1; Nexus 5X Build/MMB29P) AppleWebKit/537.36 (KHTML, like Gecko) Chrome/148.0.7778.96 Mobile Safari/537.36 (compatible; Googlebot/2.1; +http://www.google.com/bot.html)"
66.249.79.139 - - [12/May/2026:23:04:51 +0000] "GET /contacto HTTP/1.0" 200 3539 "-" "Mozilla/5.0 (Linux; Android 6.0.1; Nexus 5X Build/MMB29P) AppleWebKit/537.36 (KHTML, like Gecko) Chrome/148.0.7778.96 Mobile Safari/537.36 (compatible; Googlebot/2.1; +http://www.google.com/bot.html)"
32.193.62.83 - - [12/May/2026:23:07:45 +0000] "GET /robots.txt HTTP/1.0" 200 3627 "-" "Mozilla/5.0 (Macintosh; Intel Mac OS X 10_10_1) AppleWebKit/600.2.5 (KHTML, like Gecko) Version/8.0.2 Safari/600.2.5 (Gort)"
54.84.250.51 - - [12/May/2026:23:08:22 +0000] "GET /shipping HTTP/1.0" 404 15896 "-" "Mozilla/5.0 AppleWebKit/537.36 (KHTML, like Gecko; compatible; Amazonbot/0.1; +https://developer.amazon.com/support/amazonbot) Chrome/119.0.6045.214 Safari/537.36"
66.249.79.138 - - [12/May/2026:23:08:58 +0000] "GET /contacto HTTP/1.0" 200 3539 "-" "Mozilla/5.0 (Linux; Android 6.0.1; Nexus 5X Build/MMB29P) AppleWebKit/537.36 (KHTML, like Gecko) Chrome/148.0.7778.96 Mobile Safari/537.36 (compatible; Googlebot/2.1; +http://www.google.com/bot.html)"
57.141.20.17 - - [12/May/2026:23:09:43 +0000] "GET /assets/7e549121/img/ico-blog.svg HTTP/1.0" 200 3567 "-" "meta-externalagent/1.1 (+https://developers.facebook.com/docs/sharing/webmasters/crawler)"
66.249.79.137 - - [12/May/2026:23:12:58 +0000] "GET /contacto HTTP/1.0" 200 3539 "-" "Mozilla/5.0 (Linux; Android 6.0.1; Nexus 5X Build/MMB29P) AppleWebKit/537.36 (KHTML, like Gecko) Chrome/148.0.7778.96 Mobile Safari/537.36 (compatible; Googlebot/2.1; +http://www.google.com/bot.html)"
216.244.66.198 - - [12/May/2026:23:12:59 +0000] "GET /blog/tag/Inversi%C3%B3n?page=21 HTTP/1.0" 200 22753 "-" "Mozilla/5.0 (compatible; DotBot/1.2; +https://opensiteexplorer.org/dotbot; help@moz.com)"
103.156.17.31 - - [12/May/2026:23:13:31 +0000] "GET /contacto HTTP/1.0" 200 3539 "https://www.google.com/" "Mozilla/5.0 (Linux; Android 10; K) AppleWebKit/537.36 (KHTML, like Gecko) Chrome/148.0.0.0 Mobile Safari/537.36"
103.156.17.31 - - [12/May/2026:23:13:35 +0000] "GET /designs/74165272/canvas/1/product_images HTTP/1.0" 404 16000 "https://www.oinversion.com/contacto" "Mozilla/5.0 (Linux; Android 10; K) AppleWebKit/537.36 (KHTML, like Gecko) Chrome/148.0.0.0 Mobile Safari/537.36"
103.156.17.31 - - [12/May/2026:23:13:42 +0000] "POST /cdn-cgi/rum? HTTP/1.0" 404 14541 "https://www.oinversion.com/contacto" "Mozilla/5.0 (Linux; Android 10; K) AppleWebKit/537.36 (KHTML, like Gecko) Chrome/148.0.0.0 Mobile Safari/537.36"
66.249.79.139 - - [12/May/2026:23:14:00 +0000] "GET /contacto HTTP/1.0" 200 3539 "-" "Mozilla/5.0 (Linux; Android 6.0.1; Nexus 5X Build/MMB29P) AppleWebKit/537.36 (KHTML, like Gecko) Chrome/148.0.7778.96 Mobile Safari/537.36 (compatible; Googlebot/2.1; +http://www.google.com/bot.html)"
57.141.20.55 - - [12/May/2026:23:14:34 +0000] "GET /assets/7e549121/img/ico-twitter.svg HTTP/1.0" 200 3570 "-" "meta-externalagent/1.1 (+https://developers.facebook.com/docs/sharing/webmasters/crawler)"
66.249.79.137 - - [12/May/2026:23:15:59 +0000] "GET /contacto HTTP/1.0" 200 3539 "-" "Mozilla/5.0 (Linux; Android 6.0.1; Nexus 5X Build/MMB29P) AppleWebKit/537.36 (KHTML, like Gecko) Chrome/148.0.7778.96 Mobile Safari/537.36 (compatible; Googlebot/2.1; +http://www.google.com/bot.html)"
85.208.96.196 - - [12/May/2026:23:23:10 +0000] "GET /robots.txt HTTP/1.0" 200 3627 "-" "Mozilla/5.0 (compatible; SemrushBot/7~bl; +http://www.semrush.com/bot.html)"
185.191.171.2 - - [12/May/2026:23:23:11 +0000] "GET /blog/tag/no+invertir HTTP/1.0" 200 19413 "-" "Mozilla/5.0 (compatible; SemrushBot/7~bl; +http://www.semrush.com/bot.html)"
66.249.78.39 - - [12/May/2026:23:26:11 +0000] "GET /contacto HTTP/1.0" 200 3539 "-" "Mozilla/5.0 (Linux; Android 6.0.1; Nexus 5X Build/MMB29P) AppleWebKit/537.36 (KHTML, like Gecko) Chrome/148.0.7778.96 Mobile Safari/537.36 (compatible; Googlebot/2.1; +http://www.google.com/bot.html)"
100.24.149.244 - - [12/May/2026:23:30:18 +0000] "GET /stores/creators-to-watch HTTP/1.0" 404 14772 "-" "Mozilla/5.0 AppleWebKit/537.36 (KHTML, like Gecko; compatible; Amazonbot/0.1; +https://developer.amazon.com/support/amazonbot) Chrome/119.0.6045.214 Safari/537.36"
216.244.66.198 - - [12/May/2026:23:42:36 +0000] "GET /robots.txt HTTP/1.0" 200 3627 "-" "Mozilla/5.0 (compatible; DotBot/1.2; +https://opensiteexplorer.org/dotbot; help@moz.com)"
143.14.6.132 - - [12/May/2026:23:44:56 +0000] "GET /uploads/blog-post/52-featured-Copia%20de%20Copia%20de%20vender%20piso%20%2811%29.jpg HTTP/1.0" 200 3600 "https://www.oinversion.com/" "Mozilla/5.0 (Windows NT 10.0; Win64; x64) AppleWebKit/537.36 (KHTML, like Gecko) Chrome/131.0.0.0 Safari/537.36"
92.222.104.205 - - [12/May/2026:23:45:31 +0000] "GET /robots.txt HTTP/1.0" 200 3627 "-" "Mozilla/5.0 (compatible; AhrefsBot/7.0; +http://ahrefs.com/robot/)"
8.217.214.152 - - [12/May/2026:23:46:39 +0000] "GET /robots.txt HTTP/1.0" 200 3627 "-" "AliyunSecBot/Aliyun (AliyunSecBot@service.alibaba.com)"
8.217.214.152 - - [12/May/2026:23:46:40 +0000] "GET /blog/previsiones-para-la-industria-hotelera HTTP/1.0" 200 40519 "-" "AliyunSecBot/Aliyun (AliyunSecBot@service.alibaba.com)"
66.249.78.39 - - [12/May/2026:23:46:46 +0000] "GET /contacto HTTP/1.0" 200 3539 "-" "Mozilla/5.0 (Linux; Android 6.0.1; Nexus 5X Build/MMB29P) AppleWebKit/537.36 (KHTML, like Gecko) Chrome/148.0.7778.96 Mobile Safari/537.36 (compatible; Googlebot/2.1; +http://www.google.com/bot.html)"
52.167.144.65 - - [12/May/2026:23:47:45 +0000] "GET /robots.txt HTTP/1.0" 200 3627 "-" "Mozilla/5.0 AppleWebKit/537.36 (KHTML, like Gecko; compatible; bingbot/2.0; +http://www.bing.com/bingbot.htm) Chrome/116.0.1938.76 Safari/537.36"
52.167.144.17 - - [12/May/2026:23:47:53 +0000] "GET /blog/como-lograr-la-libertad-financiera HTTP/1.0" 200 54084 "-" "Mozilla/5.0 AppleWebKit/537.36 (KHTML, like Gecko; compatible; bingbot/2.0; +http://www.bing.com/bingbot.htm) Chrome/116.0.1938.76 Safari/537.36"
66.249.78.39 - - [12/May/2026:23:51:55 +0000] "GET /contacto HTTP/1.0" 200 3539 "-" "Mozilla/5.0 (Linux; Android 6.0.1; Nexus 5X Build/MMB29P) AppleWebKit/537.36 (KHTML, like Gecko) Chrome/148.0.7778.96 Mobile Safari/537.36 (compatible; Googlebot/2.1; +http://www.google.com/bot.html)"
216.244.66.198 - - [12/May/2026:23:52:37 +0000] "GET /blog/tag/2021?page=8 HTTP/1.0" 200 22781 "-" "Mozilla/5.0 (compatible; DotBot/1.2; +https://opensiteexplorer.org/dotbot; help@moz.com)"
66.249.78.41 - - [12/May/2026:23:53:53 +0000] "GET /contacto HTTP/1.0" 200 3539 "-" "Mozilla/5.0 (Linux; Android 6.0.1; Nexus 5X Build/MMB29P) AppleWebKit/537.36 (KHTML, like Gecko) Chrome/148.0.7778.96 Mobile Safari/537.36 (compatible; Googlebot/2.1; +http://www.google.com/bot.html)"
172.212.188.103 - - [12/May/2026:23:54:32 +0000] "GET /alfa.php HTTP/1.0" 404 15896 "-" "Mozilla/5.0 (Windows NT 10.0; Win64; x64) AppleWebKit/537.36 (KHTML, like Gecko) Chrome/120.0.0.0 Safari/537.36"
172.212.188.103 - - [12/May/2026:23:54:32 +0000] "GET /admin/controller/extension/extension/ultra.php HTTP/1.0" 404 16010 "-" "Mozilla/5.0 (Windows NT 10.0; Win64; x64) AppleWebKit/537.36 (KHTML, like Gecko) Chrome/120.0.0.0 Safari/537.36"
172.212.188.103 - - [12/May/2026:23:54:32 +0000] "GET /lock360.php HTTP/1.0" 404 15905 "-" "Mozilla/5.0 (Windows NT 10.0; Win64; x64) AppleWebKit/537.36 (KHTML, like Gecko) Chrome/120.0.0.0 Safari/537.36"
172.212.188.103 - - [12/May/2026:23:54:32 +0000] "GET /flower.php HTTP/1.0" 404 15902 "-" "Mozilla/5.0 (Windows NT 10.0; Win64; x64) AppleWebKit/537.36 (KHTML, like Gecko) Chrome/120.0.0.0 Safari/537.36"
172.212.188.103 - - [12/May/2026:23:54:32 +0000] "GET /13.php HTTP/1.0" 404 15890 "-" "Mozilla/5.0 (Windows NT 10.0; Win64; x64) AppleWebKit/537.36 (KHTML, like Gecko) Chrome/120.0.0.0 Safari/537.36"
172.212.188.103 - - [12/May/2026:23:54:33 +0000] "GET /cc.php HTTP/1.0" 404 15890 "-" "Mozilla/5.0 (Windows NT 10.0; Win64; x64) AppleWebKit/537.36 (KHTML, like Gecko) Chrome/120.0.0.0 Safari/537.36"
172.212.188.103 - - [12/May/2026:23:54:33 +0000] "GET /gecko-new.php HTTP/1.0" 404 15911 "-" "Mozilla/5.0 (Windows NT 10.0; Win64; x64) AppleWebKit/537.36 (KHTML, like Gecko) Chrome/120.0.0.0 Safari/537.36"
172.212.188.103 - - [12/May/2026:23:54:33 +0000] "GET /wp-content.php.php HTTP/1.0" 404 15926 "-" "Mozilla/5.0 (Windows NT 10.0; Win64; x64) AppleWebKit/537.36 (KHTML, like Gecko) Chrome/120.0.0.0 Safari/537.36"
172.212.188.103 - - [12/May/2026:23:54:33 +0000] "GET /link.php HTTP/1.0" 404 15896 "-" "Mozilla/5.0 (Windows NT 10.0; Win64; x64) AppleWebKit/537.36 (KHTML, like Gecko) Chrome/120.0.0.0 Safari/537.36"
172.212.188.103 - - [12/May/2026:23:54:33 +0000] "GET /wp-fmfile.php HTTP/1.0" 404 15911 "-" "Mozilla/5.0 (Windows NT 10.0; Win64; x64) AppleWebKit/537.36 (KHTML, like Gecko) Chrome/120.0.0.0 Safari/537.36"
172.212.188.103 - - [12/May/2026:23:54:33 +0000] "GET /wi.php HTTP/1.0" 404 15890 "-" "Mozilla/5.0 (Windows NT 10.0; Win64; x64) AppleWebKit/537.36 (KHTML, like Gecko) Chrome/120.0.0.0 Safari/537.36"
172.212.188.103 - - [12/May/2026:23:54:33 +0000] "GET /function.php HTTP/1.0" 404 15908 "-" "Mozilla/5.0 (Windows NT 10.0; Win64; x64) AppleWebKit/537.36 (KHTML, like Gecko) Chrome/120.0.0.0 Safari/537.36"
172.212.188.103 - - [12/May/2026:23:54:34 +0000] "GET /wp-includes/about.php HTTP/1.0" 404 14768 "-" "Mozilla/5.0 (Windows NT 10.0; Win64; x64) AppleWebKit/537.36 (KHTML, like Gecko) Chrome/120.0.0.0 Safari/537.36"
172.212.188.103 - - [12/May/2026:23:54:34 +0000] "GET /.well-known/classwithtostring.php HTTP/1.0" 404 14804 "-" "Mozilla/5.0 (Windows NT 10.0; Win64; x64) AppleWebKit/537.36 (KHTML, like Gecko) Chrome/120.0.0.0 Safari/537.36"
172.212.188.103 - - [12/May/2026:23:54:34 +0000] "GET /wp-content/ HTTP/1.0" 404 15905 "-" "Mozilla/5.0 (Windows NT 10.0; Win64; x64) AppleWebKit/537.36 (KHTML, like Gecko) Chrome/120.0.0.0 Safari/537.36"
172.212.188.103 - - [12/May/2026:23:54:34 +0000] "GET /403.php HTTP/1.0" 404 15893 "-" "Mozilla/5.0 (Windows NT 10.0; Win64; x64) AppleWebKit/537.36 (KHTML, like Gecko) Chrome/120.0.0.0 Safari/537.36"
172.212.188.103 - - [12/May/2026:23:54:34 +0000] "GET /input.php HTTP/1.0" 404 15899 "-" "Mozilla/5.0 (Windows NT 10.0; Win64; x64) AppleWebKit/537.36 (KHTML, like Gecko) Chrome/120.0.0.0 Safari/537.36"
172.212.188.103 - - [12/May/2026:23:54:34 +0000] "GET /wp-content/plugins/dummyyummy/wp-signup.php HTTP/1.0" 404 14840 "-" "Mozilla/5.0 (Windows NT 10.0; Win64; x64) AppleWebKit/537.36 (KHTML, like Gecko) Chrome/120.0.0.0 Safari/537.36"
172.212.188.103 - - [12/May/2026:23:54:34 +0000] "GET /wp-content/themes/twentytwenty/404.php HTTP/1.0" 404 14825 "-" "Mozilla/5.0 (Windows NT 10.0; Win64; x64) AppleWebKit/537.36 (KHTML, like Gecko) Chrome/120.0.0.0 Safari/537.36"
