17.22.253.123 - - [13/May/2026:07:29:38 +0000] "GET /assets/fe2b9edf/yii.validation.js?v=1468244202 HTTP/1.0" 200 3577 "https://www.oinversion.com/t-shirts?sort=newest" "Mozilla/5.0 (Macintosh; Intel Mac OS X 10_15_7) AppleWebKit/605.1.15 (KHTML, like Gecko) Version/17.4 Safari/605.1.15 (Applebot/0.1; +http://www.apple.com/go/applebot)"
17.22.253.234 - - [13/May/2026:07:29:40 +0000] "GET /assets/fe2b9edf/yii.activeForm.js?v=1468244202 HTTP/1.0" 200 3577 "https://www.oinversion.com/t-shirts?sort=newest" "Mozilla/5.0 (Macintosh; Intel Mac OS X 10_15_7) AppleWebKit/605.1.15 (KHTML, like Gecko) Version/17.4 Safari/605.1.15 (Applebot/0.1; +http://www.apple.com/go/applebot)"
216.244.66.198 - - [13/May/2026:07:29:42 +0000] "GET /blog/tag/Costa+blanca HTTP/1.0" 200 20849 "-" "Mozilla/5.0 (compatible; DotBot/1.2; +https://opensiteexplorer.org/dotbot; help@moz.com)"
216.244.66.198 - - [13/May/2026:07:29:48 +0000] "GET /blog/tag/ideas+simples HTTP/1.0" 200 19984 "-" "Mozilla/5.0 (compatible; DotBot/1.2; +https://opensiteexplorer.org/dotbot; help@moz.com)"
66.249.78.39 - - [13/May/2026:07:30:09 +0000] "GET /contacto HTTP/1.0" 200 3539 "-" "Mozilla/5.0 (Linux; Android 6.0.1; Nexus 5X Build/MMB29P) AppleWebKit/537.36 (KHTML, like Gecko) Chrome/148.0.7778.96 Mobile Safari/537.36 (compatible; Googlebot/2.1; +http://www.google.com/bot.html)"
216.244.66.198 - - [13/May/2026:07:30:34 +0000] "GET /blog/tag/donde?page=4 HTTP/1.0" 200 19601 "-" "Mozilla/5.0 (compatible; DotBot/1.2; +https://opensiteexplorer.org/dotbot; help@moz.com)"
57.141.20.39 - - [13/May/2026:07:31:22 +0000] "GET /blog/tag/inversiones+rentables?page=4 HTTP/1.0" 200 22439 "-" "meta-externalagent/1.1 (+https://developers.facebook.com/docs/sharing/webmasters/crawler)"
85.208.96.208 - - [13/May/2026:07:31:41 +0000] "GET /robots.txt HTTP/1.0" 200 3627 "-" "Mozilla/5.0 (compatible; SemrushBot/7~bl; +http://www.semrush.com/bot.html)"
185.191.171.19 - - [13/May/2026:07:31:45 +0000] "GET /blog/tag/Inversiones?page=8 HTTP/1.0" 200 21986 "-" "Mozilla/5.0 (compatible; SemrushBot/7~bl; +http://www.semrush.com/bot.html)"
98.83.226.125 - - [13/May/2026:07:33:18 +0000] "GET /blog/tag/2021?page=13 HTTP/1.0" 200 22618 "-" "Mozilla/5.0 AppleWebKit/537.36 (KHTML, like Gecko; compatible; Amazonbot/0.1; +https://developer.amazon.com/support/amazonbot) Chrome/119.0.6045.214 Safari/537.36"
66.249.79.137 - - [13/May/2026:07:35:35 +0000] "GET /contacto HTTP/1.0" 200 3539 "-" "Mozilla/5.0 (Linux; Android 6.0.1; Nexus 5X Build/MMB29P) AppleWebKit/537.36 (KHTML, like Gecko) Chrome/148.0.7778.96 Mobile Safari/537.36 (compatible; Googlebot/2.1; +http://www.google.com/bot.html)"
85.208.96.209 - - [13/May/2026:07:36:01 +0000] "GET /blog/tag/rescate+del+sistema+bancario HTTP/1.0" 200 19360 "-" "Mozilla/5.0 (compatible; SemrushBot/7~bl; +http://www.semrush.com/bot.html)"
66.249.79.137 - - [13/May/2026:07:37:23 +0000] "GET /contacto HTTP/1.0" 200 3539 "-" "Mozilla/5.0 (Linux; Android 6.0.1; Nexus 5X Build/MMB29P) AppleWebKit/537.36 (KHTML, like Gecko) Chrome/148.0.7778.96 Mobile Safari/537.36 (compatible; Googlebot/2.1; +http://www.google.com/bot.html)"
66.249.79.139 - - [13/May/2026:07:38:13 +0000] "GET /contacto HTTP/1.0" 200 3539 "-" "Mozilla/5.0 (Linux; Android 6.0.1; Nexus 5X Build/MMB29P) AppleWebKit/537.36 (KHTML, like Gecko) Chrome/148.0.7778.96 Mobile Safari/537.36 (compatible; Googlebot/2.1; +http://www.google.com/bot.html)"
85.208.96.193 - - [13/May/2026:07:40:04 +0000] "GET /blog/tag/Aedas HTTP/1.0" 200 19276 "-" "Mozilla/5.0 (compatible; SemrushBot/7~bl; +http://www.semrush.com/bot.html)"
66.249.78.40 - - [13/May/2026:07:40:36 +0000] "GET /contacto HTTP/1.0" 200 3539 "-" "Mozilla/5.0 (Linux; Android 6.0.1; Nexus 5X Build/MMB29P) AppleWebKit/537.36 (KHTML, like Gecko) Chrome/148.0.7778.96 Mobile Safari/537.36 (compatible; Googlebot/2.1; +http://www.google.com/bot.html)"
198.244.168.52 - - [13/May/2026:07:41:04 +0000] "GET /blog/los-mejores-paises-del-mundo-para-invertir-en-vivienda-en-2021 HTTP/1.0" 200 36349 "-" "Mozilla/5.0 (compatible; AhrefsBot/7.0; +http://ahrefs.com/robot/)"
66.249.79.137 - - [13/May/2026:07:42:36 +0000] "GET /contacto HTTP/1.0" 200 3539 "-" "Mozilla/5.0 (Linux; Android 6.0.1; Nexus 5X Build/MMB29P) AppleWebKit/537.36 (KHTML, like Gecko) Chrome/148.0.7778.96 Mobile Safari/537.36 (compatible; Googlebot/2.1; +http://www.google.com/bot.html)"
66.249.79.137 - - [13/May/2026:07:47:32 +0000] "GET /contacto HTTP/1.0" 200 3539 "-" "Mozilla/5.0 (Linux; Android 6.0.1; Nexus 5X Build/MMB29P) AppleWebKit/537.36 (KHTML, like Gecko) Chrome/148.0.7778.96 Mobile Safari/537.36 (compatible; Googlebot/2.1; +http://www.google.com/bot.html)"
66.249.78.41 - - [13/May/2026:07:50:16 +0000] "GET /contacto HTTP/1.0" 200 3539 "-" "Mozilla/5.0 (Linux; Android 6.0.1; Nexus 5X Build/MMB29P) AppleWebKit/537.36 (KHTML, like Gecko) Chrome/148.0.7778.96 Mobile Safari/537.36 (compatible; Googlebot/2.1; +http://www.google.com/bot.html)"
66.249.79.138 - - [13/May/2026:07:50:21 +0000] "GET /contacto HTTP/1.0" 200 3539 "-" "Mozilla/5.0 (Linux; Android 6.0.1; Nexus 5X Build/MMB29P) AppleWebKit/537.36 (KHTML, like Gecko) Chrome/148.0.7778.96 Mobile Safari/537.36 (compatible; Googlebot/2.1; +http://www.google.com/bot.html)"
8.217.213.0 - - [13/May/2026:07:50:29 +0000] "GET /robots.txt HTTP/1.0" 200 3627 "-" "AliyunSecBot/Aliyun (AliyunSecBot@service.alibaba.com)"
8.217.210.98 - - [13/May/2026:07:50:30 +0000] "GET /proyecto/40/atico-en-venta-reformado-de-4-habitaciones HTTP/1.0" 200 30673 "-" "AliyunSecBot/Aliyun (AliyunSecBot@service.alibaba.com)"
66.249.79.137 - - [13/May/2026:07:52:55 +0000] "GET /contacto HTTP/1.0" 200 3539 "-" "Mozilla/5.0 (Linux; Android 6.0.1; Nexus 5X Build/MMB29P) AppleWebKit/537.36 (KHTML, like Gecko) Chrome/148.0.7778.96 Mobile Safari/537.36 (compatible; Googlebot/2.1; +http://www.google.com/bot.html)"
185.191.171.14 - - [13/May/2026:07:52:55 +0000] "GET /blog/tag/ordinarias HTTP/1.0" 200 19721 "-" "Mozilla/5.0 (compatible; SemrushBot/7~bl; +http://www.semrush.com/bot.html)"
47.86.89.138 - - [13/May/2026:07:54:00 +0000] "GET /uploads/blog-post/84-featured-euro-3613908_1920.jpg HTTP/1.0" 200 3583 "https://www.oinversion.com" "Mozilla/5.0 (Windows NT 10.0; Win64; x64) AppleWebKit/537.36 (KHTML, like Gecko) Chrome/122.0.0.0 Safari/537.36"
47.86.89.138 - - [13/May/2026:07:54:21 +0000] "GET /uploads/blog-post/84-featured-euro-3613908_1920.jpg HTTP/1.0" 200 3583 "https://www.oinversion.com" "Mozilla/5.0 (Windows NT 10.0; Win64; x64) AppleWebKit/537.36 (KHTML, like Gecko) Chrome/122.0.0.0 Safari/537.36"
47.86.89.138 - - [13/May/2026:07:54:46 +0000] "GET /uploads/blog-post/84-featured-euro-3613908_1920.jpg HTTP/1.0" 200 3583 "https://www.oinversion.com" "Mozilla/5.0 (Windows NT 10.0; Win64; x64) AppleWebKit/537.36 (KHTML, like Gecko) Chrome/122.0.0.0 Safari/537.36"
47.86.89.138 - - [13/May/2026:07:55:09 +0000] "GET /uploads/blog-post/84-featured-euro-3613908_1920.jpg HTTP/1.0" 200 3583 "https://www.oinversion.com" "Mozilla/5.0 (Windows NT 10.0; Win64; x64) AppleWebKit/537.36 (KHTML, like Gecko) Chrome/122.0.0.0 Safari/537.36"
47.86.89.138 - - [13/May/2026:07:55:34 +0000] "GET /uploads/blog-post/84-featured-euro-3613908_1920.jpg HTTP/1.0" 200 3583 "https://www.oinversion.com" "Mozilla/5.0 (Windows NT 10.0; Win64; x64) AppleWebKit/537.36 (KHTML, like Gecko) Chrome/122.0.0.0 Safari/537.36"
47.128.18.7 - - [13/May/2026:07:55:42 +0000] "GET /proyectosen-us/articles/29890745668631-General-Product-Safety-Regulation-GSPR%22 HTTP/1.0" 404 14963 "-" "Mozilla/5.0 (Linux; Android 5.0) AppleWebKit/537.36 (KHTML, like Gecko) Mobile Safari/537.36 (compatible; Bytespider; spider-feedback@bytedance.com)"
47.128.18.7 - - [13/May/2026:07:55:42 +0000] "GET /assets/7e549121/css/stylesheet.css?v=1666108212 HTTP/1.0" 200 3564 "https://www.oinversion.com/proyectosen-us/articles/29890745668631-General-Product-Safety-Regulation-GSPR%22" "Mozilla/5.0 (Linux; Android 5.0) AppleWebKit/537.36 (KHTML, like Gecko) Mobile Safari/537.36 (compatible; Bytespider; spider-feedback@bytedance.com)"
47.128.19.118 - - [13/May/2026:07:55:42 +0000] "GET /totes HTTP/1.0" 404 15895 "-" "Mozilla/5.0 (Linux; Android 5.0) AppleWebKit/537.36 (KHTML, like Gecko) Mobile Safari/537.36 (compatible; Bytespider; spider-feedback@bytedance.com)"
47.128.18.7 - - [13/May/2026:07:55:42 +0000] "GET /assets/7e549121/img/logo-oinversion-fondo-claro.svg HTTP/1.0" 200 3586 "https://www.oinversion.com/proyectosen-us/articles/29890745668631-General-Product-Safety-Regulation-GSPR%22" "Mozilla/5.0 (Linux; Android 5.0) AppleWebKit/537.36 (KHTML, like Gecko) Mobile Safari/537.36 (compatible; Bytespider; spider-feedback@bytedance.com)"
47.128.18.7 - - [13/May/2026:07:55:42 +0000] "GET /assets/7e549121/img/ico-blog.svg HTTP/1.0" 200 3567 "https://www.oinversion.com/proyectosen-us/articles/29890745668631-General-Product-Safety-Regulation-GSPR%22" "Mozilla/5.0 (Linux; Android 5.0) AppleWebKit/537.36 (KHTML, like Gecko) Mobile Safari/537.36 (compatible; Bytespider; spider-feedback@bytedance.com)"
47.128.18.7 - - [13/May/2026:07:55:43 +0000] "GET /assets/7e549121/img/logo-oinversion-fondo-claro.svg HTTP/1.0" 200 3586 "https://www.oinversion.com/proyectosen-us/articles/29890745668631-General-Product-Safety-Regulation-GSPR%22" "Mozilla/5.0 (Linux; Android 5.0) AppleWebKit/537.36 (KHTML, like Gecko) Mobile Safari/537.36 (compatible; Bytespider; spider-feedback@bytedance.com)"
47.128.18.7 - - [13/May/2026:07:55:43 +0000] "GET /assets/7e549121/img/ico-blog.svg HTTP/1.0" 200 3567 "https://www.oinversion.com/proyectosen-us/articles/29890745668631-General-Product-Safety-Regulation-GSPR%22" "Mozilla/5.0 (Linux; Android 5.0) AppleWebKit/537.36 (KHTML, like Gecko) Mobile Safari/537.36 (compatible; Bytespider; spider-feedback@bytedance.com)"
47.128.18.7 - - [13/May/2026:07:55:43 +0000] "GET /assets/7e549121/img/logo-oinversion-fondo-claro.svg HTTP/1.0" 200 3586 "https://www.oinversion.com/proyectosen-us/articles/29890745668631-General-Product-Safety-Regulation-GSPR%22" "Mozilla/5.0 (Linux; Android 5.0) AppleWebKit/537.36 (KHTML, like Gecko) Mobile Safari/537.36 (compatible; Bytespider; spider-feedback@bytedance.com)"
47.128.18.7 - - [13/May/2026:07:55:43 +0000] "GET /assets/7e549121/img/ico-blog.svg HTTP/1.0" 200 3567 "https://www.oinversion.com/proyectosen-us/articles/29890745668631-General-Product-Safety-Regulation-GSPR%22" "Mozilla/5.0 (Linux; Android 5.0) AppleWebKit/537.36 (KHTML, like Gecko) Mobile Safari/537.36 (compatible; Bytespider; spider-feedback@bytedance.com)"
47.128.19.118 - - [13/May/2026:07:55:44 +0000] "GET /uploads/blog-post/125-featured-Invertir%20(248%20x%20248%20px).png HTTP/1.0" 200 3589 "https://www.oinversion.com/totes" "Mozilla/5.0 (Linux; Android 5.0) AppleWebKit/537.36 (KHTML, like Gecko) Mobile Safari/537.36 (compatible; Bytespider; spider-feedback@bytedance.com)"
66.249.79.137 - - [13/May/2026:07:56:26 +0000] "GET /contacto HTTP/1.0" 200 3539 "-" "Mozilla/5.0 (Linux; Android 6.0.1; Nexus 5X Build/MMB29P) AppleWebKit/537.36 (KHTML, like Gecko) Chrome/148.0.7778.96 Mobile Safari/537.36 (compatible; Googlebot/2.1; +http://www.google.com/bot.html)"
112.215.238.103 - - [13/May/2026:07:56:44 +0000] "GET /contacto HTTP/1.0" 200 3539 "https://www.google.com/" "Mozilla/5.0 (Linux; Android 10; K) AppleWebKit/537.36 (KHTML, like Gecko) Chrome/147.0.0.0 Mobile Safari/537.36"
66.249.78.39 - - [13/May/2026:07:58:17 +0000] "GET /contacto HTTP/1.0" 200 3539 "-" "Mozilla/5.0 (Linux; Android 6.0.1; Nexus 5X Build/MMB29P) AppleWebKit/537.36 (KHTML, like Gecko) Chrome/148.0.7778.96 Mobile Safari/537.36 (compatible; Googlebot/2.1; +http://www.google.com/bot.html)"
216.244.66.198 - - [13/May/2026:07:59:53 +0000] "GET /robots.txt HTTP/1.0" 200 3627 "-" "Mozilla/5.0 (compatible; DotBot/1.2; +https://opensiteexplorer.org/dotbot; help@moz.com)"
43.99.54.148 - - [13/May/2026:08:01:26 +0000] "GET /uploads/blog-post/75-featured-descargar.jpg HTTP/1.0" 200 3575 "https://www.oinversion.com" "Mozilla/5.0 (Windows NT 10.0; Win64; x64) AppleWebKit/537.36 (KHTML, like Gecko) Chrome/122.0.0.0 Safari/537.36"
66.249.79.137 - - [13/May/2026:08:03:29 +0000] "GET /contacto HTTP/1.0" 200 3539 "-" "Mozilla/5.0 (Linux; Android 6.0.1; Nexus 5X Build/MMB29P) AppleWebKit/537.36 (KHTML, like Gecko) Chrome/148.0.7778.96 Mobile Safari/537.36 (compatible; Googlebot/2.1; +http://www.google.com/bot.html)"
34.1.25.96 - - [13/May/2026:08:04:19 +0000] "GET / HTTP/1.0" 200 26556 "http://www.oinversion.com/" "Mozilla/5.0 (Macintosh; Intel Mac OS X 10_15_7) AppleWebKit/537.36 (KHTML, like Gecko) Chrome/135.0.0.0 Safari/537.36"
34.1.25.96 - - [13/May/2026:08:04:19 +0000] "GET /app/ HTTP/1.0" 404 15892 "-" "Mozilla/5.0 (Macintosh; Intel Mac OS X 10_15_7) AppleWebKit/537.36 (KHTML, like Gecko) Chrome/135.0.0.0 Safari/537.36"
34.1.25.96 - - [13/May/2026:08:04:20 +0000] "GET /login/ HTTP/1.0" 404 15898 "-" "Mozilla/5.0 (Macintosh; Intel Mac OS X 10_15_7) AppleWebKit/537.36 (KHTML, like Gecko) Chrome/135.0.0.0 Safari/537.36"
66.249.79.139 - - [13/May/2026:08:04:46 +0000] "GET /contacto HTTP/1.0" 200 3539 "-" "Mozilla/5.0 (Linux; Android 6.0.1; Nexus 5X Build/MMB29P) AppleWebKit/537.36 (KHTML, like Gecko) Chrome/148.0.7778.96 Mobile Safari/537.36 (compatible; Googlebot/2.1; +http://www.google.com/bot.html)"
145.239.10.137 - - [13/May/2026:08:05:48 +0000] "GET /motu.php HTTP/1.0" 404 15896 "https://oinversion.com/motu.php" "Mozilla/5.0 (iPhone; CPU iPhone OS 17_5_1 like Mac OS X) AppleWebKit/605.1.15 (KHTML, like Gecko) Version/17.5 Mobile/15E148 Safari/604.1"
54.38.147.33 - - [13/May/2026:08:09:03 +0000] "GET /robots.txt HTTP/1.0" 200 3627 "-" "Mozilla/5.0 (compatible; AhrefsBot/7.0; +http://ahrefs.com/robot/)"
37.59.204.155 - - [13/May/2026:08:09:17 +0000] "GET /browse_preferences/change HTTP/1.0" 404 14795 "-" "Mozilla/5.0 (compatible; AhrefsBot/7.0; +http://ahrefs.com/robot/)"
66.249.78.39 - - [13/May/2026:08:09:47 +0000] "GET /contacto HTTP/1.0" 200 3539 "-" "Mozilla/5.0 (Linux; Android 6.0.1; Nexus 5X Build/MMB29P) AppleWebKit/537.36 (KHTML, like Gecko) Chrome/148.0.7778.96 Mobile Safari/537.36 (compatible; Googlebot/2.1; +http://www.google.com/bot.html)"
185.191.171.9 - - [13/May/2026:08:10:25 +0000] "GET /blog/tag/comprar+hoteles HTTP/1.0" 200 19423 "-" "Mozilla/5.0 (compatible; SemrushBot/7~bl; +http://www.semrush.com/bot.html)"
85.208.96.196 - - [13/May/2026:08:11:23 +0000] "GET /robots.txt HTTP/1.0" 200 3627 "-" "Mozilla/5.0 (compatible; SemrushBot/7~bl; +http://www.semrush.com/bot.html)"
85.208.96.196 - - [13/May/2026:08:11:23 +0000] "GET /blog/por-que-las-personas-mas-ricas-de-espana-invierten-en-el-mercado-inmobiliario HTTP/1.0" 200 49231 "-" "Mozilla/5.0 (compatible; SemrushBot/7~bl; +http://www.semrush.com/bot.html)"
66.249.79.138 - - [13/May/2026:08:12:50 +0000] "GET /contacto HTTP/1.0" 200 3539 "-" "Mozilla/5.0 (Linux; Android 6.0.1; Nexus 5X Build/MMB29P) AppleWebKit/537.36 (KHTML, like Gecko) Chrome/148.0.7778.96 Mobile Safari/537.36 (compatible; Googlebot/2.1; +http://www.google.com/bot.html)"
66.249.79.137 - - [13/May/2026:08:12:59 +0000] "GET /contacto HTTP/1.0" 200 3539 "-" "Mozilla/5.0 (Linux; Android 6.0.1; Nexus 5X Build/MMB29P) AppleWebKit/537.36 (KHTML, like Gecko) Chrome/148.0.7778.96 Mobile Safari/537.36 (compatible; Googlebot/2.1; +http://www.google.com/bot.html)"
66.249.79.137 - - [13/May/2026:08:14:35 +0000] "GET /contacto HTTP/1.0" 200 3539 "-" "Mozilla/5.0 (Linux; Android 6.0.1; Nexus 5X Build/MMB29P) AppleWebKit/537.36 (KHTML, like Gecko) Chrome/148.0.7778.96 Mobile Safari/537.36 (compatible; Googlebot/2.1; +http://www.google.com/bot.html)"
85.208.96.205 - - [13/May/2026:08:15:48 +0000] "GET /blog/?page=6 HTTP/1.0" 200 256725 "-" "Mozilla/5.0 (compatible; SemrushBot/7~bl; +http://www.semrush.com/bot.html)"
216.244.66.198 - - [13/May/2026:08:16:23 +0000] "GET /blog/tag/Inversiones+rentables+2020 HTTP/1.0" 200 19235 "-" "Mozilla/5.0 (compatible; DotBot/1.2; +https://opensiteexplorer.org/dotbot; help@moz.com)"
216.244.66.198 - - [13/May/2026:08:17:08 +0000] "GET /blog/tag/SOCIMI?page=4 HTTP/1.0" 200 20315 "-" "Mozilla/5.0 (compatible; DotBot/1.2; +https://opensiteexplorer.org/dotbot; help@moz.com)"
116.196.81.183 - - [13/May/2026:08:17:42 +0000] "GET /uploads/resize/ProjectLarge/uploads/projects/17-WhatsApp%20Image%202018-05-28%20at%2009.04.46.jpeg HTTP/1.0" 200 3622 "https://oinversion.com/proyecto/17/piso-inversion-born-barcelona" "Python/3.12 aiohttp/3.13.2"
216.244.66.198 - - [13/May/2026:08:17:54 +0000] "GET /blog/?page=3 HTTP/1.0" 200 256725 "-" "Mozilla/5.0 (compatible; DotBot/1.2; +https://opensiteexplorer.org/dotbot; help@moz.com)"
110.249.201.216 - - [13/May/2026:08:17:56 +0000] "GET /assets/7e549121/img/handshake.jpg HTTP/1.0" 200 3565 "https://oinversion.com/" "Mozilla/5.0 (Linux; Android 5.0) AppleWebKit/537.36 (KHTML, like Gecko) Mobile Safari/537.36 (compatible; Bytespider; https://zhanzhang.toutiao.com/)"
111.225.148.148 - - [13/May/2026:08:21:34 +0000] "GET /assets/7e549121/img/arte-proyectos.png HTTP/1.0" 200 3569 "https://oinversion.com/" "Mozilla/5.0 (Linux; Android 5.0) AppleWebKit/537.36 (KHTML, like Gecko) Mobile Safari/537.36 (compatible; Bytespider; https://zhanzhang.toutiao.com/)"
35.169.102.85 - - [13/May/2026:08:26:10 +0000] "GET /blog/tag/tipo+de+inversi%C3%B3n HTTP/1.0" 200 19264 "-" "Mozilla/5.0 AppleWebKit/537.36 (KHTML, like Gecko; compatible; Amazonbot/0.1; +https://developer.amazon.com/support/amazonbot) Chrome/119.0.6045.214 Safari/537.36"
34.231.156.59 - - [13/May/2026:08:26:47 +0000] "GET /blog/tag/Invertir?page=2 HTTP/1.0" 200 23379 "-" "Mozilla/5.0 AppleWebKit/537.36 (KHTML, like Gecko; compatible; Amazonbot/0.1; +https://developer.amazon.com/support/amazonbot) Chrome/119.0.6045.214 Safari/537.36"
66.249.78.41 - - [13/May/2026:08:27:18 +0000] "GET /contacto HTTP/1.0" 200 3539 "-" "Mozilla/5.0 (Linux; Android 6.0.1; Nexus 5X Build/MMB29P) AppleWebKit/537.36 (KHTML, like Gecko) Chrome/148.0.7778.96 Mobile Safari/537.36 (compatible; Googlebot/2.1; +http://www.google.com/bot.html)"
185.191.171.13 - - [13/May/2026:08:27:22 +0000] "GET /blog/tag/trading?page=2 HTTP/1.0" 200 19911 "-" "Mozilla/5.0 (compatible; SemrushBot/7~bl; +http://www.semrush.com/bot.html)"
101.33.55.204 - - [13/May/2026:08:28:12 +0000] "GET / HTTP/1.0" 200 26556 "http://www.oinversion.com" "Mozilla/5.0 (iPhone; CPU iPhone OS 13_2_3 like Mac OS X) AppleWebKit/605.1.15 (KHTML, like Gecko) Version/13.0.3 Mobile/15E148 Safari/604.1"
66.249.79.137 - - [13/May/2026:08:29:34 +0000] "GET /contacto HTTP/1.0" 200 3539 "-" "Mozilla/5.0 (Linux; Android 6.0.1; Nexus 5X Build/MMB29P) AppleWebKit/537.36 (KHTML, like Gecko) Chrome/148.0.7778.96 Mobile Safari/537.36 (compatible; Googlebot/2.1; +http://www.google.com/bot.html)"
66.249.79.139 - - [13/May/2026:08:30:47 +0000] "GET /contacto HTTP/1.0" 200 3539 "-" "Mozilla/5.0 (Linux; Android 6.0.1; Nexus 5X Build/MMB29P) AppleWebKit/537.36 (KHTML, like Gecko) Chrome/148.0.7778.96 Mobile Safari/537.36 (compatible; Googlebot/2.1; +http://www.google.com/bot.html)"
89.124.71.171 - - [13/May/2026:08:31:04 +0000] "GET /contacto HTTP/1.0" 200 3539 "https://oinversion.com/contacto" "Mozilla/5.0 (Windows NT 6.3; Win64; x64) AppleWebKit/537.36 (KHTML, like Gecko) Chrome/103.0.5060.53 Safari/537.36"
89.124.71.171 - - [13/May/2026:08:31:04 +0000] "GET /contacto HTTP/1.0" 200 3539 "https://www.oinversion.com/contacto" "Mozilla/5.0 (Windows NT 6.3; Win64; x64) AppleWebKit/537.36 (KHTML, like Gecko) Chrome/103.0.5060.53 Safari/537.36"
89.124.71.171 - - [13/May/2026:08:31:05 +0000] "GET /contacto HTTP/1.0" 200 3539 "https://www.oinversion.com/contacto" "Mozilla/5.0 (Windows NT 6.3; Win64; x64) AppleWebKit/537.36 (KHTML, like Gecko) Chrome/103.0.5060.53 Safari/537.36"
57.129.139.103 - - [13/May/2026:08:35:30 +0000] "GET /blog/por-que-las-personas-mas-ricas-de-espana-invierten-en-el-mercado-inmobiliario HTTP/1.0" 200 49231 "-" "Mozilla/5.0 (Windows NT 10.0; Win64; x64) AppleWebKit/537.36 (KHTML, like Gecko) Chrome/139.0.0.0 Safari/537.36"
146.59.127.80 - - [13/May/2026:08:35:30 +0000] "GET /uploads/user-avatars/54eeaba65b0e8cc581ee9a579214d8a5f46724d66fcd5c24253891ba11204675.php3 HTTP/1.0" 200 3622 "-" "Mozilla/5.0 (Windows NT 10.0; Win64; x64) AppleWebKit/537.36 (KHTML, like Gecko) Chrome/139.0.0.0 Safari/537.36"
54.37.19.39 - - [13/May/2026:08:35:31 +0000] "GET /blog/tag/Barcelona?page=3 HTTP/1.0" 200 20088 "-" "Mozilla/5.0 (Windows NT 10.0; Win64; x64) AppleWebKit/537.36 (KHTML, like Gecko) Chrome/139.0.0.0 Safari/537.36"
66.249.79.137 - - [13/May/2026:08:36:20 +0000] "GET /contacto HTTP/1.0" 200 3539 "-" "Mozilla/5.0 (Linux; Android 6.0.1; Nexus 5X Build/MMB29P) AppleWebKit/537.36 (KHTML, like Gecko) Chrome/148.0.7778.96 Mobile Safari/537.36 (compatible; Googlebot/2.1; +http://www.google.com/bot.html)"
47.128.18.6 - - [13/May/2026:08:38:20 +0000] "GET /blog/reit-o-socimi-cuales-son-sus-ventajas-frente-a-la-inversion-inmobiliaria-tradicional HTTP/1.0" 200 41585 "-" "Mozilla/5.0 (Linux; Android 5.0) AppleWebKit/537.36 (KHTML, like Gecko) Mobile Safari/537.36 (compatible; Bytespider; spider-feedback@bytedance.com)"
47.128.18.6 - - [13/May/2026:08:38:20 +0000] "GET /assets/7e549121/css/stylesheet.css?v=1666108212 HTTP/1.0" 200 3564 "https://www.oinversion.com/blog/reit-o-socimi-cuales-son-sus-ventajas-frente-a-la-inversion-inmobiliaria-tradicional" "Mozilla/5.0 (Linux; Android 5.0) AppleWebKit/537.36 (KHTML, like Gecko) Mobile Safari/537.36 (compatible; Bytespider; spider-feedback@bytedance.com)"
47.128.18.6 - - [13/May/2026:08:38:21 +0000] "GET /assets/7e549121/css/jquery.bxslider.css?v=1503585073 HTTP/1.0" 200 3569 "https://www.oinversion.com/blog/reit-o-socimi-cuales-son-sus-ventajas-frente-a-la-inversion-inmobiliaria-tradicional" "Mozilla/5.0 (Linux; Android 5.0) AppleWebKit/537.36 (KHTML, like Gecko) Mobile Safari/537.36 (compatible; Bytespider; spider-feedback@bytedance.com)"
47.128.18.6 - - [13/May/2026:08:38:21 +0000] "GET /uploads/user-avatars/54eeaba65b0e8cc581ee9a579214d8a5f46724d66fcd5c24253891ba11204675.php3 HTTP/1.0" 200 3622 "https://www.oinversion.com/blog/reit-o-socimi-cuales-son-sus-ventajas-frente-a-la-inversion-inmobiliaria-tradicional" "Mozilla/5.0 (Linux; Android 5.0) AppleWebKit/537.36 (KHTML, like Gecko) Mobile Safari/537.36 (compatible; Bytespider; spider-feedback@bytedance.com)"
47.128.18.6 - - [13/May/2026:08:38:21 +0000] "GET /assets/7e549121/img/logo-oinversion-fondo-claro.svg HTTP/1.0" 200 3586 "https://www.oinversion.com/blog/reit-o-socimi-cuales-son-sus-ventajas-frente-a-la-inversion-inmobiliaria-tradicional" "Mozilla/5.0 (Linux; Android 5.0) AppleWebKit/537.36 (KHTML, like Gecko) Mobile Safari/537.36 (compatible; Bytespider; spider-feedback@bytedance.com)"
47.128.18.6 - - [13/May/2026:08:38:21 +0000] "GET /assets/7e549121/img/logo-oinversion-fondo-claro.svg HTTP/1.0" 200 3586 "https://www.oinversion.com/blog/reit-o-socimi-cuales-son-sus-ventajas-frente-a-la-inversion-inmobiliaria-tradicional" "Mozilla/5.0 (Linux; Android 5.0) AppleWebKit/537.36 (KHTML, like Gecko) Mobile Safari/537.36 (compatible; Bytespider; spider-feedback@bytedance.com)"
47.128.18.6 - - [13/May/2026:08:38:21 +0000] "GET /uploads/user-avatars/54eeaba65b0e8cc581ee9a579214d8a5f46724d66fcd5c24253891ba11204675.php3 HTTP/1.0" 200 3622 "https://www.oinversion.com/blog/reit-o-socimi-cuales-son-sus-ventajas-frente-a-la-inversion-inmobiliaria-tradicional" "Mozilla/5.0 (Linux; Android 5.0) AppleWebKit/537.36 (KHTML, like Gecko) Mobile Safari/537.36 (compatible; Bytespider; spider-feedback@bytedance.com)"
47.128.18.6 - - [13/May/2026:08:38:21 +0000] "GET /assets/7e549121/img/logo-oinversion-fondo-claro.svg HTTP/1.0" 200 3586 "https://www.oinversion.com/blog/reit-o-socimi-cuales-son-sus-ventajas-frente-a-la-inversion-inmobiliaria-tradicional" "Mozilla/5.0 (Linux; Android 5.0) AppleWebKit/537.36 (KHTML, like Gecko) Mobile Safari/537.36 (compatible; Bytespider; spider-feedback@bytedance.com)"
47.128.18.6 - - [13/May/2026:08:38:21 +0000] "GET /uploads/user-avatars/54eeaba65b0e8cc581ee9a579214d8a5f46724d66fcd5c24253891ba11204675.php3 HTTP/1.0" 200 3622 "https://www.oinversion.com/blog/reit-o-socimi-cuales-son-sus-ventajas-frente-a-la-inversion-inmobiliaria-tradicional" "Mozilla/5.0 (Linux; Android 5.0) AppleWebKit/537.36 (KHTML, like Gecko) Mobile Safari/537.36 (compatible; Bytespider; spider-feedback@bytedance.com)"
47.128.18.6 - - [13/May/2026:08:38:22 +0000] "GET /uploads/blog-post/54-featured-Copia%20de%20Copia%20de%20Copia%20de%20vender%20piso%20(1).jpg HTTP/1.0" 200 3608 "https://www.oinversion.com/blog/reit-o-socimi-cuales-son-sus-ventajas-frente-a-la-inversion-inmobiliaria-tradicional" "Mozilla/5.0 (Linux; Android 5.0) AppleWebKit/537.36 (KHTML, like Gecko) Mobile Safari/537.36 (compatible; Bytespider; spider-feedback@bytedance.com)"
47.128.18.6 - - [13/May/2026:08:38:22 +0000] "GET /assets/7e549121/img/ico-facebook.svg HTTP/1.0" 200 3571 "https://www.oinversion.com/blog/reit-o-socimi-cuales-son-sus-ventajas-frente-a-la-inversion-inmobiliaria-tradicional" "Mozilla/5.0 (Linux; Android 5.0) AppleWebKit/537.36 (KHTML, like Gecko) Mobile Safari/537.36 (compatible; Bytespider; spider-feedback@bytedance.com)"
47.128.18.6 - - [13/May/2026:08:38:22 +0000] "GET /uploads/blog-post/54-featured-Copia%20de%20Copia%20de%20Copia%20de%20vender%20piso%20(1).jpg HTTP/1.0" 200 3608 "https://www.oinversion.com/blog/reit-o-socimi-cuales-son-sus-ventajas-frente-a-la-inversion-inmobiliaria-tradicional" "Mozilla/5.0 (Linux; Android 5.0) AppleWebKit/537.36 (KHTML, like Gecko) Mobile Safari/537.36 (compatible; Bytespider; spider-feedback@bytedance.com)"
47.128.18.6 - - [13/May/2026:08:38:22 +0000] "GET /assets/7e549121/img/ico-categorias.svg HTTP/1.0" 200 3573 "https://www.oinversion.com/blog/reit-o-socimi-cuales-son-sus-ventajas-frente-a-la-inversion-inmobiliaria-tradicional" "Mozilla/5.0 (Linux; Android 5.0) AppleWebKit/537.36 (KHTML, like Gecko) Mobile Safari/537.36 (compatible; Bytespider; spider-feedback@bytedance.com)"
47.128.18.6 - - [13/May/2026:08:38:22 +0000] "GET /assets/7e549121/img/ico-facebook.svg HTTP/1.0" 200 3571 "https://www.oinversion.com/blog/reit-o-socimi-cuales-son-sus-ventajas-frente-a-la-inversion-inmobiliaria-tradicional" "Mozilla/5.0 (Linux; Android 5.0) AppleWebKit/537.36 (KHTML, like Gecko) Mobile Safari/537.36 (compatible; Bytespider; spider-feedback@bytedance.com)"
47.128.18.6 - - [13/May/2026:08:38:22 +0000] "GET /assets/7e549121/img/ico-recientes.svg HTTP/1.0" 200 3572 "https://www.oinversion.com/blog/reit-o-socimi-cuales-son-sus-ventajas-frente-a-la-inversion-inmobiliaria-tradicional" "Mozilla/5.0 (Linux; Android 5.0) AppleWebKit/537.36 (KHTML, like Gecko) Mobile Safari/537.36 (compatible; Bytespider; spider-feedback@bytedance.com)"
47.128.18.6 - - [13/May/2026:08:38:22 +0000] "GET /assets/7e549121/img/ico-g-plus.svg HTTP/1.0" 200 3569 "https://www.oinversion.com/blog/reit-o-socimi-cuales-son-sus-ventajas-frente-a-la-inversion-inmobiliaria-tradicional" "Mozilla/5.0 (Linux; Android 5.0) AppleWebKit/537.36 (KHTML, like Gecko) Mobile Safari/537.36 (compatible; Bytespider; spider-feedback@bytedance.com)"
47.128.18.6 - - [13/May/2026:08:38:22 +0000] "GET /uploads/blog-post/54-featured-Copia%20de%20Copia%20de%20Copia%20de%20vender%20piso%20(1).jpg HTTP/1.0" 200 3608 "https://www.oinversion.com/blog/reit-o-socimi-cuales-son-sus-ventajas-frente-a-la-inversion-inmobiliaria-tradicional" "Mozilla/5.0 (Linux; Android 5.0) AppleWebKit/537.36 (KHTML, like Gecko) Mobile Safari/537.36 (compatible; Bytespider; spider-feedback@bytedance.com)"
47.128.18.6 - - [13/May/2026:08:38:23 +0000] "GET /assets/7e549121/img/ico-g-plus.svg HTTP/1.0" 200 3569 "https://www.oinversion.com/blog/reit-o-socimi-cuales-son-sus-ventajas-frente-a-la-inversion-inmobiliaria-tradicional" "Mozilla/5.0 (Linux; Android 5.0) AppleWebKit/537.36 (KHTML, like Gecko) Mobile Safari/537.36 (compatible; Bytespider; spider-feedback@bytedance.com)"
47.128.18.6 - - [13/May/2026:08:38:23 +0000] "GET /uploads/blog-post/123-featured-Invertir%20(2).png HTTP/1.0" 200 3578 "https://www.oinversion.com/blog/reit-o-socimi-cuales-son-sus-ventajas-frente-a-la-inversion-inmobiliaria-tradicional" "Mozilla/5.0 (Linux; Android 5.0) AppleWebKit/537.36 (KHTML, like Gecko) Mobile Safari/537.36 (compatible; Bytespider; spider-feedback@bytedance.com)"
47.128.18.6 - - [13/May/2026:08:38:23 +0000] "GET /uploads/blog-post/124-featured-Invertir.png HTTP/1.0" 200 3574 "https://www.oinversion.com/blog/reit-o-socimi-cuales-son-sus-ventajas-frente-a-la-inversion-inmobiliaria-tradicional" "Mozilla/5.0 (Linux; Android 5.0) AppleWebKit/537.36 (KHTML, like Gecko) Mobile Safari/537.36 (compatible; Bytespider; spider-feedback@bytedance.com)"
47.128.18.6 - - [13/May/2026:08:38:23 +0000] "GET /assets/7e549121/img/ico-facebook.svg HTTP/1.0" 200 3571 "https://www.oinversion.com/blog/reit-o-socimi-cuales-son-sus-ventajas-frente-a-la-inversion-inmobiliaria-tradicional" "Mozilla/5.0 (Linux; Android 5.0) AppleWebKit/537.36 (KHTML, like Gecko) Mobile Safari/537.36 (compatible; Bytespider; spider-feedback@bytedance.com)"
47.128.18.6 - - [13/May/2026:08:38:23 +0000] "GET /assets/7e549121/img/ico-categorias.svg HTTP/1.0" 200 3573 "https://www.oinversion.com/blog/reit-o-socimi-cuales-son-sus-ventajas-frente-a-la-inversion-inmobiliaria-tradicional" "Mozilla/5.0 (Linux; Android 5.0) AppleWebKit/537.36 (KHTML, like Gecko) Mobile Safari/537.36 (compatible; Bytespider; spider-feedback@bytedance.com)"
47.128.18.6 - - [13/May/2026:08:38:23 +0000] "GET /assets/7e549121/img/ico-recientes.svg HTTP/1.0" 200 3572 "https://www.oinversion.com/blog/reit-o-socimi-cuales-son-sus-ventajas-frente-a-la-inversion-inmobiliaria-tradicional" "Mozilla/5.0 (Linux; Android 5.0) AppleWebKit/537.36 (KHTML, like Gecko) Mobile Safari/537.36 (compatible; Bytespider; spider-feedback@bytedance.com)"
47.128.18.6 - - [13/May/2026:08:38:23 +0000] "GET /assets/7e549121/img/ico-g-plus.svg HTTP/1.0" 200 3569 "https://www.oinversion.com/blog/reit-o-socimi-cuales-son-sus-ventajas-frente-a-la-inversion-inmobiliaria-tradicional" "Mozilla/5.0 (Linux; Android 5.0) AppleWebKit/537.36 (KHTML, like Gecko) Mobile Safari/537.36 (compatible; Bytespider; spider-feedback@bytedance.com)"
47.128.18.6 - - [13/May/2026:08:38:23 +0000] "GET /assets/7e549121/img/ico-categorias.svg HTTP/1.0" 200 3573 "https://www.oinversion.com/blog/reit-o-socimi-cuales-son-sus-ventajas-frente-a-la-inversion-inmobiliaria-tradicional" "Mozilla/5.0 (Linux; Android 5.0) AppleWebKit/537.36 (KHTML, like Gecko) Mobile Safari/537.36 (compatible; Bytespider; spider-feedback@bytedance.com)"
47.128.18.6 - - [13/May/2026:08:38:23 +0000] "GET /assets/7e549121/img/ico-mail.svg HTTP/1.0" 200 3567 "https://www.oinversion.com/blog/reit-o-socimi-cuales-son-sus-ventajas-frente-a-la-inversion-inmobiliaria-tradicional" "Mozilla/5.0 (Linux; Android 5.0) AppleWebKit/537.36 (KHTML, like Gecko) Mobile Safari/537.36 (compatible; Bytespider; spider-feedback@bytedance.com)"
47.128.18.6 - - [13/May/2026:08:38:23 +0000] "GET /assets/7e549121/img/ico-recientes.svg HTTP/1.0" 200 3572 "https://www.oinversion.com/blog/reit-o-socimi-cuales-son-sus-ventajas-frente-a-la-inversion-inmobiliaria-tradicional" "Mozilla/5.0 (Linux; Android 5.0) AppleWebKit/537.36 (KHTML, like Gecko) Mobile Safari/537.36 (compatible; Bytespider; spider-feedback@bytedance.com)"
47.128.18.6 - - [13/May/2026:08:38:23 +0000] "GET /assets/7e549121/img/ico-mail.svg HTTP/1.0" 200 3567 "https://www.oinversion.com/blog/reit-o-socimi-cuales-son-sus-ventajas-frente-a-la-inversion-inmobiliaria-tradicional" "Mozilla/5.0 (Linux; Android 5.0) AppleWebKit/537.36 (KHTML, like Gecko) Mobile Safari/537.36 (compatible; Bytespider; spider-feedback@bytedance.com)"
47.128.18.6 - - [13/May/2026:08:38:23 +0000] "GET /assets/7e549121/img/fondo-patrimonio-post.jpg HTTP/1.0" 200 3577 "https://www.oinversion.com/assets/7e549121/css/stylesheet.css?v=1666108212" "Mozilla/5.0 (Linux; Android 5.0) AppleWebKit/537.36 (KHTML, like Gecko) Mobile Safari/537.36 (compatible; Bytespider; spider-feedback@bytedance.com)"
47.128.18.6 - - [13/May/2026:08:38:24 +0000] "GET /assets/7e549121/img/ico-mail.svg HTTP/1.0" 200 3567 "https://www.oinversion.com/blog/reit-o-socimi-cuales-son-sus-ventajas-frente-a-la-inversion-inmobiliaria-tradicional" "Mozilla/5.0 (Linux; Android 5.0) AppleWebKit/537.36 (KHTML, like Gecko) Mobile Safari/537.36 (compatible; Bytespider; spider-feedback@bytedance.com)"
47.128.18.6 - - [13/May/2026:08:38:24 +0000] "GET /assets/7e549121/img/fondo-patrimonio-post.jpg HTTP/1.0" 200 3577 "https://www.oinversion.com/assets/7e549121/css/stylesheet.css?v=1666108212" "Mozilla/5.0 (Linux; Android 5.0) AppleWebKit/537.36 (KHTML, like Gecko) Mobile Safari/537.36 (compatible; Bytespider; spider-feedback@bytedance.com)"
47.128.18.6 - - [13/May/2026:08:38:24 +0000] "GET /assets/7e549121/img/fondo-patrimonio-post.jpg HTTP/1.0" 200 3577 "https://www.oinversion.com/assets/7e549121/css/stylesheet.css?v=1666108212" "Mozilla/5.0 (Linux; Android 5.0) AppleWebKit/537.36 (KHTML, like Gecko) Mobile Safari/537.36 (compatible; Bytespider; spider-feedback@bytedance.com)"
66.249.78.39 - - [13/May/2026:08:38:43 +0000] "GET /contacto HTTP/1.0" 200 3539 "-" "Mozilla/5.0 (Linux; Android 6.0.1; Nexus 5X Build/MMB29P) AppleWebKit/537.36 (KHTML, like Gecko) Chrome/148.0.7778.96 Mobile Safari/537.36 (compatible; Googlebot/2.1; +http://www.google.com/bot.html)"
66.249.79.139 - - [13/May/2026:08:40:44 +0000] "GET /contacto HTTP/1.0" 200 3539 "-" "Mozilla/5.0 (Linux; Android 6.0.1; Nexus 5X Build/MMB29P) AppleWebKit/537.36 (KHTML, like Gecko) Chrome/148.0.7778.96 Mobile Safari/537.36 (compatible; Googlebot/2.1; +http://www.google.com/bot.html)"
172.59.225.62 - - [13/May/2026:08:41:34 +0000] "GET /blog/como-funciona-una-sicav-y-cuales-son-sus-beneficios-fiscales HTTP/1.0" 200 57603 "-" "Mozilla/5.0 (Windows NT 10.0; Win64; x64) AppleWebKit/537.36 (KHTML, like Gecko) Chrome/107.0.0.0 Safari/537.36"
66.249.79.139 - - [13/May/2026:08:43:39 +0000] "GET /contacto HTTP/1.0" 200 3539 "-" "Mozilla/5.0 (Linux; Android 6.0.1; Nexus 5X Build/MMB29P) AppleWebKit/537.36 (KHTML, like Gecko) Chrome/148.0.7778.96 Mobile Safari/537.36 (compatible; Googlebot/2.1; +http://www.google.com/bot.html)"
216.244.66.198 - - [13/May/2026:08:45:46 +0000] "GET /robots.txt HTTP/1.0" 200 3627 "-" "Mozilla/5.0 (compatible; DotBot/1.2; +https://opensiteexplorer.org/dotbot; help@moz.com)"
216.244.66.198 - - [13/May/2026:08:45:46 +0000] "GET /robots.txt HTTP/1.0" 200 3627 "-" "Mozilla/5.0 (compatible; DotBot/1.2; +https://opensiteexplorer.org/dotbot; help@moz.com)"
66.249.79.138 - - [13/May/2026:08:46:11 +0000] "GET /contacto HTTP/1.0" 200 3539 "-" "Mozilla/5.0 (Linux; Android 6.0.1; Nexus 5X Build/MMB29P) AppleWebKit/537.36 (KHTML, like Gecko) Chrome/148.0.7778.96 Mobile Safari/537.36 (compatible; Googlebot/2.1; +http://www.google.com/bot.html)"
66.249.79.139 - - [13/May/2026:08:47:04 +0000] "GET /contacto HTTP/1.0" 200 3539 "-" "Mozilla/5.0 (Linux; Android 6.0.1; Nexus 5X Build/MMB29P) AppleWebKit/537.36 (KHTML, like Gecko) Chrome/148.0.7778.96 Mobile Safari/537.36 (compatible; Googlebot/2.1; +http://www.google.com/bot.html)"
47.128.18.94 - - [13/May/2026:08:47:53 +0000] "GET /robots.txt HTTP/1.0" 200 3627 "-" "Mozilla/5.0 (Linux; Android 5.0) AppleWebKit/537.36 (KHTML, like Gecko) Mobile Safari/537.36 (compatible; Bytespider; spider-feedback@bytedance.com)"
66.249.79.137 - - [13/May/2026:08:48:06 +0000] "GET /contacto HTTP/1.0" 200 3539 "-" "Mozilla/5.0 (Linux; Android 6.0.1; Nexus 5X Build/MMB29P) AppleWebKit/537.36 (KHTML, like Gecko) Chrome/148.0.7778.96 Mobile Safari/537.36 (compatible; Googlebot/2.1; +http://www.google.com/bot.html)"
85.208.96.209 - - [13/May/2026:08:49:06 +0000] "GET /robots.txt HTTP/1.0" 200 3627 "-" "Mozilla/5.0 (compatible; SemrushBot/7~bl; +http://www.semrush.com/bot.html)"
185.191.171.4 - - [13/May/2026:08:49:06 +0000] "GET /blog/tag/Inversi%C3%B3n+inmobiliaria?page=2 HTTP/1.0" 200 24320 "-" "Mozilla/5.0 (compatible; SemrushBot/7~bl; +http://www.semrush.com/bot.html)"
66.249.78.39 - - [13/May/2026:08:49:28 +0000] "GET /contacto HTTP/1.0" 200 3539 "-" "Mozilla/5.0 (Linux; Android 6.0.1; Nexus 5X Build/MMB29P) AppleWebKit/537.36 (KHTML, like Gecko) Chrome/148.0.7778.96 Mobile Safari/537.36 (compatible; Googlebot/2.1; +http://www.google.com/bot.html)"
185.191.171.8 - - [13/May/2026:08:54:14 +0000] "GET /blog/tag/invertir+en+bitcoins HTTP/1.0" 200 19830 "-" "Mozilla/5.0 (compatible; SemrushBot/7~bl; +http://www.semrush.com/bot.html)"
114.8.215.100 - - [13/May/2026:08:54:24 +0000] "GET /contacto HTTP/1.0" 200 3539 "https://oinversion-poka88.pages.dev/" "Mozilla/5.0 (Linux; Android 10; K) AppleWebKit/537.36 (KHTML, like Gecko) Chrome/147.0.0.0 Mobile Safari/537.36"
66.249.79.138 - - [13/May/2026:08:55:46 +0000] "GET /contacto HTTP/1.0" 200 3539 "-" "Mozilla/5.0 (Linux; Android 6.0.1; Nexus 5X Build/MMB29P) AppleWebKit/537.36 (KHTML, like Gecko) Chrome/148.0.7778.96 Mobile Safari/537.36 (compatible; Googlebot/2.1; +http://www.google.com/bot.html)"
66.249.79.139 - - [13/May/2026:08:57:47 +0000] "GET /contacto HTTP/1.0" 200 3539 "-" "Mozilla/5.0 (Linux; Android 6.0.1; Nexus 5X Build/MMB29P) AppleWebKit/537.36 (KHTML, like Gecko) Chrome/148.0.7778.96 Mobile Safari/537.36 (compatible; Googlebot/2.1; +http://www.google.com/bot.html)"
57.141.20.69 - - [13/May/2026:08:59:16 +0000] "GET /blog/tag/ahorros HTTP/1.0" 200 20727 "-" "meta-externalagent/1.1 (+https://developers.facebook.com/docs/sharing/webmasters/crawler)"
216.244.66.198 - - [13/May/2026:09:01:11 +0000] "GET /blog/tag/House+flippinf HTTP/1.0" 200 19176 "-" "Mozilla/5.0 (compatible; DotBot/1.2; +https://opensiteexplorer.org/dotbot; help@moz.com)"
216.244.66.198 - - [13/May/2026:09:01:38 +0000] "GET /blog/tag/Rentabilidad+del+alquiler HTTP/1.0" 200 19998 "-" "Mozilla/5.0 (compatible; DotBot/1.2; +https://opensiteexplorer.org/dotbot; help@moz.com)"
57.129.139.60 - - [13/May/2026:09:04:03 +0000] "GET /blog/tag/capitulaci%C3%B3n HTTP/1.0" 200 19236 "-" "Mozilla/5.0 (Windows NT 10.0; Win64; x64) AppleWebKit/537.36 (KHTML, like Gecko) Chrome/139.0.0.0 Safari/537.36"
145.239.87.55 - - [13/May/2026:09:04:14 +0000] "GET /blog/tag/jobs HTTP/1.0" 200 19278 "-" "Mozilla/5.0 (Windows NT 10.0; Win64; x64) AppleWebKit/537.36 (KHTML, like Gecko) Chrome/139.0.0.0 Safari/537.36"
104.223.62.137 - - [13/May/2026:09:04:28 +0000] "GET / HTTP/1.0" 200 26556 "-" "Mozilla/5.0 (Macintosh; Intel Mac OS X 13_1) AppleWebKit/537.36 (KHTML, like Gecko) Chrome/105.0.0.0 Safari/537.36 Edg/105.0.1343.25"
216.244.66.198 - - [13/May/2026:09:04:42 +0000] "GET /blog/tag/Invertir+en+bolsa HTTP/1.0" 200 19431 "-" "Mozilla/5.0 (compatible; DotBot/1.2; +https://opensiteexplorer.org/dotbot; help@moz.com)"
216.244.66.198 - - [13/May/2026:09:04:54 +0000] "GET /blog/tag/invertir?page=9 HTTP/1.0" 200 22122 "-" "Mozilla/5.0 (compatible; DotBot/1.2; +https://opensiteexplorer.org/dotbot; help@moz.com)"
66.249.79.138 - - [13/May/2026:09:04:56 +0000] "GET /contacto HTTP/1.0" 200 3539 "-" "Mozilla/5.0 (Linux; Android 6.0.1; Nexus 5X Build/MMB29P) AppleWebKit/537.36 (KHTML, like Gecko) Chrome/148.0.7778.96 Mobile Safari/537.36 (compatible; Googlebot/2.1; +http://www.google.com/bot.html)"
57.141.20.61 - - [13/May/2026:09:05:50 +0000] "GET /blog/tag/Inversi%C3%B3n+Hotelera HTTP/1.0" 200 21347 "-" "meta-externalagent/1.1 (+https://developers.facebook.com/docs/sharing/webmasters/crawler)"
66.249.79.137 - - [13/May/2026:09:06:48 +0000] "GET /contacto HTTP/1.0" 200 3539 "-" "Mozilla/5.0 (Linux; Android 6.0.1; Nexus 5X Build/MMB29P) AppleWebKit/537.36 (KHTML, like Gecko) Chrome/148.0.7778.96 Mobile Safari/537.36 (compatible; Googlebot/2.1; +http://www.google.com/bot.html)"
66.249.78.39 - - [13/May/2026:09:07:49 +0000] "GET /contacto HTTP/1.0" 200 3539 "-" "Mozilla/5.0 (Linux; Android 6.0.1; Nexus 5X Build/MMB29P) AppleWebKit/537.36 (KHTML, like Gecko) Chrome/148.0.7778.96 Mobile Safari/537.36 (compatible; Googlebot/2.1; +http://www.google.com/bot.html)"
116.196.81.183 - - [13/May/2026:09:08:49 +0000] "GET /uploads/resize/ProjectLarge/uploads/projects/17-WhatsApp%20Image%202018-05-28%20at%2009.05.32.jpeg HTTP/1.0" 200 3622 "https://oinversion.com/proyecto/17/piso-inversion-born-barcelona" "Python/3.12 aiohttp/3.13.2"
116.196.81.183 - - [13/May/2026:09:08:50 +0000] "GET /uploads/resize/ProjectLarge/uploads/projects/17-WhatsApp%20Image%202018-05-28%20at%2009.04.46%20(1).jpeg HTTP/1.0" 200 3626 "https://oinversion.com/proyecto/17/piso-inversion-born-barcelona" "Python/3.12 aiohttp/3.13.2"
66.249.79.139 - - [13/May/2026:09:10:18 +0000] "GET /contacto HTTP/1.0" 200 3539 "-" "Mozilla/5.0 (Linux; Android 6.0.1; Nexus 5X Build/MMB29P) AppleWebKit/537.36 (KHTML, like Gecko) Chrome/148.0.7778.96 Mobile Safari/537.36 (compatible; Googlebot/2.1; +http://www.google.com/bot.html)"
66.249.79.137 - - [13/May/2026:09:12:44 +0000] "GET /contacto HTTP/1.0" 200 3539 "-" "Mozilla/5.0 (Linux; Android 6.0.1; Nexus 5X Build/MMB29P) AppleWebKit/537.36 (KHTML, like Gecko) Chrome/148.0.7778.96 Mobile Safari/537.36 (compatible; Googlebot/2.1; +http://www.google.com/bot.html)"
57.141.20.2 - - [13/May/2026:09:13:10 +0000] "GET /blog/tag/Consejos+pra+invertir HTTP/1.0" 200 19443 "-" "meta-externalagent/1.1 (+https://developers.facebook.com/docs/sharing/webmasters/crawler)"
47.128.19.0 - - [13/May/2026:09:13:11 +0000] "GET / HTTP/1.0" 200 26556 "-" "Mozilla/5.0 (Linux; Android 5.0) AppleWebKit/537.36 (KHTML, like Gecko) Mobile Safari/537.36 (compatible; Bytespider; spider-feedback@bytedance.com)"
47.128.19.0 - - [13/May/2026:09:13:11 +0000] "GET /assets/7e549121/css/stylesheet.css?v=1666108212 HTTP/1.0" 200 3564 "https://www.oinversion.com/" "Mozilla/5.0 (Linux; Android 5.0) AppleWebKit/537.36 (KHTML, like Gecko) Mobile Safari/537.36 (compatible; Bytespider; spider-feedback@bytedance.com)"
47.128.19.0 - - [13/May/2026:09:13:11 +0000] "GET /assets/7e549121/img/computer.jpg HTTP/1.0" 200 3564 "https://www.oinversion.com/" "Mozilla/5.0 (Linux; Android 5.0) AppleWebKit/537.36 (KHTML, like Gecko) Mobile Safari/537.36 (compatible; Bytespider; spider-feedback@bytedance.com)"
47.128.19.0 - - [13/May/2026:09:13:11 +0000] "GET /assets/7e549121/img/coinvestment.jpg HTTP/1.0" 200 3568 "https://www.oinversion.com/" "Mozilla/5.0 (Linux; Android 5.0) AppleWebKit/537.36 (KHTML, like Gecko) Mobile Safari/537.36 (compatible; Bytespider; spider-feedback@bytedance.com)"
47.128.19.0 - - [13/May/2026:09:13:12 +0000] "GET /assets/7e549121/img/computer.jpg HTTP/1.0" 200 3564 "https://www.oinversion.com/" "Mozilla/5.0 (Linux; Android 5.0) AppleWebKit/537.36 (KHTML, like Gecko) Mobile Safari/537.36 (compatible; Bytespider; spider-feedback@bytedance.com)"
47.128.19.0 - - [13/May/2026:09:13:12 +0000] "GET /assets/7e549121/img/coinvestment.jpg HTTP/1.0" 200 3568 "https://www.oinversion.com/" "Mozilla/5.0 (Linux; Android 5.0) AppleWebKit/537.36 (KHTML, like Gecko) Mobile Safari/537.36 (compatible; Bytespider; spider-feedback@bytedance.com)"
47.128.19.0 - - [13/May/2026:09:13:12 +0000] "GET /assets/7e549121/img/computer.jpg HTTP/1.0" 200 3564 "https://www.oinversion.com/" "Mozilla/5.0 (Linux; Android 5.0) AppleWebKit/537.36 (KHTML, like Gecko) Mobile Safari/537.36 (compatible; Bytespider; spider-feedback@bytedance.com)"
47.128.19.0 - - [13/May/2026:09:13:12 +0000] "GET /assets/7e549121/img/coinvestment.jpg HTTP/1.0" 200 3568 "https://www.oinversion.com/" "Mozilla/5.0 (Linux; Android 5.0) AppleWebKit/537.36 (KHTML, like Gecko) Mobile Safari/537.36 (compatible; Bytespider; spider-feedback@bytedance.com)"
47.128.19.0 - - [13/May/2026:09:13:12 +0000] "GET /assets/7e549121/img/funds.jpg HTTP/1.0" 200 3561 "https://www.oinversion.com/" "Mozilla/5.0 (Linux; Android 5.0) AppleWebKit/537.36 (KHTML, like Gecko) Mobile Safari/537.36 (compatible; Bytespider; spider-feedback@bytedance.com)"
47.128.19.0 - - [13/May/2026:09:13:13 +0000] "GET /assets/7e549121/img/arte-proyectos.png HTTP/1.0" 200 3569 "https://www.oinversion.com/" "Mozilla/5.0 (Linux; Android 5.0) AppleWebKit/537.36 (KHTML, like Gecko) Mobile Safari/537.36 (compatible; Bytespider; spider-feedback@bytedance.com)"
47.128.19.0 - - [13/May/2026:09:13:13 +0000] "GET /assets/7e549121/img/funds.jpg HTTP/1.0" 200 3561 "https://www.oinversion.com/" "Mozilla/5.0 (Linux; Android 5.0) AppleWebKit/537.36 (KHTML, like Gecko) Mobile Safari/537.36 (compatible; Bytespider; spider-feedback@bytedance.com)"
47.128.19.0 - - [13/May/2026:09:13:13 +0000] "GET /assets/7e549121/img/ico-facebook.svg HTTP/1.0" 200 3571 "https://www.oinversion.com/" "Mozilla/5.0 (Linux; Android 5.0) AppleWebKit/537.36 (KHTML, like Gecko) Mobile Safari/537.36 (compatible; Bytespider; spider-feedback@bytedance.com)"
47.128.19.0 - - [13/May/2026:09:13:13 +0000] "GET /uploads/blog-post/125-featured-Invertir%20(248%20x%20248%20px).png HTTP/1.0" 200 3589 "https://www.oinversion.com/" "Mozilla/5.0 (Linux; Android 5.0) AppleWebKit/537.36 (KHTML, like Gecko) Mobile Safari/537.36 (compatible; Bytespider; spider-feedback@bytedance.com)"
47.128.19.0 - - [13/May/2026:09:13:13 +0000] "GET /assets/7e549121/img/funds.jpg HTTP/1.0" 200 3561 "https://www.oinversion.com/" "Mozilla/5.0 (Linux; Android 5.0) AppleWebKit/537.36 (KHTML, like Gecko) Mobile Safari/537.36 (compatible; Bytespider; spider-feedback@bytedance.com)"
47.128.19.0 - - [13/May/2026:09:13:13 +0000] "GET /assets/7e549121/img/ico-facebook.svg HTTP/1.0" 200 3571 "https://www.oinversion.com/" "Mozilla/5.0 (Linux; Android 5.0) AppleWebKit/537.36 (KHTML, like Gecko) Mobile Safari/537.36 (compatible; Bytespider; spider-feedback@bytedance.com)"
47.128.19.0 - - [13/May/2026:09:13:13 +0000] "GET /assets/7e549121/img/header-home.jpg HTTP/1.0" 200 3567 "https://www.oinversion.com/assets/7e549121/css/stylesheet.css?v=1666108212" "Mozilla/5.0 (Linux; Android 5.0) AppleWebKit/537.36 (KHTML, like Gecko) Mobile Safari/537.36 (compatible; Bytespider; spider-feedback@bytedance.com)"
47.128.19.0 - - [13/May/2026:09:13:13 +0000] "GET /assets/7e549121/img/ico-facebook.svg HTTP/1.0" 200 3571 "https://www.oinversion.com/" "Mozilla/5.0 (Linux; Android 5.0) AppleWebKit/537.36 (KHTML, like Gecko) Mobile Safari/537.36 (compatible; Bytespider; spider-feedback@bytedance.com)"
47.128.19.0 - - [13/May/2026:09:13:14 +0000] "GET /assets/7e549121/img/header-home.jpg HTTP/1.0" 200 3567 "https://www.oinversion.com/assets/7e549121/css/stylesheet.css?v=1666108212" "Mozilla/5.0 (Linux; Android 5.0) AppleWebKit/537.36 (KHTML, like Gecko) Mobile Safari/537.36 (compatible; Bytespider; spider-feedback@bytedance.com)"
47.128.19.0 - - [13/May/2026:09:13:14 +0000] "GET /assets/7e549121/img/header-home.jpg HTTP/1.0" 200 3567 "https://www.oinversion.com/assets/7e549121/css/stylesheet.css?v=1666108212" "Mozilla/5.0 (Linux; Android 5.0) AppleWebKit/537.36 (KHTML, like Gecko) Mobile Safari/537.36 (compatible; Bytespider; spider-feedback@bytedance.com)"
89.124.117.79 - - [13/May/2026:09:14:14 +0000] "GET / HTTP/1.0" 200 26548 "-" "WebScraperBot/0.1 (+domain-check)"
47.128.18.69 - - [13/May/2026:09:14:38 +0000] "GET /stores/artists-to-watch HTTP/1.0" 404 14777 "-" "Mozilla/5.0 (Linux; Android 5.0) AppleWebKit/537.36 (KHTML, like Gecko) Mobile Safari/537.36 (compatible; Bytespider; spider-feedback@bytedance.com)"
47.128.18.69 - - [13/May/2026:09:14:39 +0000] "GET /assets/7e549121/css/font-awesome.min.css?v=1503585073 HTTP/1.0" 200 3570 "https://www.oinversion.com/stores/artists-to-watch" "Mozilla/5.0 (Linux; Android 5.0) AppleWebKit/537.36 (KHTML, like Gecko) Mobile Safari/537.36 (compatible; Bytespider; spider-feedback@bytedance.com)"
47.128.18.69 - - [13/May/2026:09:14:39 +0000] "GET /assets/7e549121/img/ico-blog.svg HTTP/1.0" 200 3567 "https://www.oinversion.com/stores/artists-to-watch" "Mozilla/5.0 (Linux; Android 5.0) AppleWebKit/537.36 (KHTML, like Gecko) Mobile Safari/537.36 (compatible; Bytespider; spider-feedback@bytedance.com)"
47.128.18.69 - - [13/May/2026:09:14:39 +0000] "GET /assets/7e549121/img/ico-twitter.svg HTTP/1.0" 200 3570 "https://www.oinversion.com/stores/artists-to-watch" "Mozilla/5.0 (Linux; Android 5.0) AppleWebKit/537.36 (KHTML, like Gecko) Mobile Safari/537.36 (compatible; Bytespider; spider-feedback@bytedance.com)"
47.128.18.69 - - [13/May/2026:09:14:39 +0000] "GET /assets/7e549121/img/ico-blog.svg HTTP/1.0" 200 3567 "https://www.oinversion.com/stores/artists-to-watch" "Mozilla/5.0 (Linux; Android 5.0) AppleWebKit/537.36 (KHTML, like Gecko) Mobile Safari/537.36 (compatible; Bytespider; spider-feedback@bytedance.com)"
47.128.18.69 - - [13/May/2026:09:14:39 +0000] "GET /assets/7e549121/img/ico-twitter.svg HTTP/1.0" 200 3570 "https://www.oinversion.com/stores/artists-to-watch" "Mozilla/5.0 (Linux; Android 5.0) AppleWebKit/537.36 (KHTML, like Gecko) Mobile Safari/537.36 (compatible; Bytespider; spider-feedback@bytedance.com)"
47.128.18.69 - - [13/May/2026:09:14:39 +0000] "GET /assets/7e549121/img/fondo_footer.jpg HTTP/1.0" 200 3568 "https://www.oinversion.com/assets/7e549121/css/stylesheet.css?v=1666108212" "Mozilla/5.0 (Linux; Android 5.0) AppleWebKit/537.36 (KHTML, like Gecko) Mobile Safari/537.36 (compatible; Bytespider; spider-feedback@bytedance.com)"
47.128.18.69 - - [13/May/2026:09:14:39 +0000] "GET /assets/7e549121/img/ico-blog.svg HTTP/1.0" 200 3567 "https://www.oinversion.com/stores/artists-to-watch" "Mozilla/5.0 (Linux; Android 5.0) AppleWebKit/537.36 (KHTML, like Gecko) Mobile Safari/537.36 (compatible; Bytespider; spider-feedback@bytedance.com)"
47.128.18.69 - - [13/May/2026:09:14:40 +0000] "GET /assets/7e549121/img/fondo_footer.jpg HTTP/1.0" 200 3568 "https://www.oinversion.com/assets/7e549121/css/stylesheet.css?v=1666108212" "Mozilla/5.0 (Linux; Android 5.0) AppleWebKit/537.36 (KHTML, like Gecko) Mobile Safari/537.36 (compatible; Bytespider; spider-feedback@bytedance.com)"
