47.128.19.116 - - [13/May/2026:14:51:00 +0000] "GET /designer-signup HTTP/1.0" 404 15925 "-" "Mozilla/5.0 (Linux; Android 5.0) AppleWebKit/537.36 (KHTML, like Gecko) Mobile Safari/537.36 (compatible; Bytespider; spider-feedback@bytedance.com)"
47.128.19.116 - - [13/May/2026:14:51:00 +0000] "GET /assets/7e549121/css/stylesheet.css?v=1666108212 HTTP/1.0" 200 3564 "https://www.oinversion.com/designer-signup" "Mozilla/5.0 (Linux; Android 5.0) AppleWebKit/537.36 (KHTML, like Gecko) Mobile Safari/537.36 (compatible; Bytespider; spider-feedback@bytedance.com)"
47.128.19.116 - - [13/May/2026:14:51:01 +0000] "GET /assets/7e549121/css/jquery.bxslider.css?v=1503585073 HTTP/1.0" 200 3569 "https://www.oinversion.com/designer-signup" "Mozilla/5.0 (Linux; Android 5.0) AppleWebKit/537.36 (KHTML, like Gecko) Mobile Safari/537.36 (compatible; Bytespider; spider-feedback@bytedance.com)"
47.128.19.116 - - [13/May/2026:14:51:01 +0000] "GET /assets/7e549121/img/ico-facebook.svg HTTP/1.0" 200 3571 "https://www.oinversion.com/designer-signup" "Mozilla/5.0 (Linux; Android 5.0) AppleWebKit/537.36 (KHTML, like Gecko) Mobile Safari/537.36 (compatible; Bytespider; spider-feedback@bytedance.com)"
47.128.19.116 - - [13/May/2026:14:51:01 +0000] "GET /assets/7e549121/img/ico-facebook.svg HTTP/1.0" 200 3571 "https://www.oinversion.com/designer-signup" "Mozilla/5.0 (Linux; Android 5.0) AppleWebKit/537.36 (KHTML, like Gecko) Mobile Safari/537.36 (compatible; Bytespider; spider-feedback@bytedance.com)"
47.128.19.116 - - [13/May/2026:14:51:02 +0000] "GET /assets/7e549121/img/ico-facebook.svg HTTP/1.0" 200 3571 "https://www.oinversion.com/designer-signup" "Mozilla/5.0 (Linux; Android 5.0) AppleWebKit/537.36 (KHTML, like Gecko) Mobile Safari/537.36 (compatible; Bytespider; spider-feedback@bytedance.com)"
66.249.84.193 - - [13/May/2026:14:54:28 +0000] "GET /blog/que-son-los-fondos-indexados HTTP/1.0" 200 3564 "-" "Mozilla/5.0 (X11; Linux x86_64) AppleWebKit/537.36 (KHTML, like Gecko) Chrome/121.0.0.0 Safari/537.36"
66.249.84.193 - - [13/May/2026:14:54:44 +0000] "POST /clientlog HTTP/1.0" 404 3554 "https://www.oinversion.com/blog/que-son-los-fondos-indexados" "Mozilla/5.0 (X11; Linux x86_64) AppleWebKit/537.36 (KHTML, like Gecko) Chrome/121.0.0.0 Safari/537.36"
66.249.84.193 - - [13/May/2026:14:54:44 +0000] "GET /images/1x1.gif?ch=2&rn=1.2608354091644287 HTTP/1.0" 404 14835 "https://www.oinversion.com/blog/que-son-los-fondos-indexados" "Mozilla/5.0 (X11; Linux x86_64) AppleWebKit/537.36 (KHTML, like Gecko) Chrome/121.0.0.0 Safari/537.36"
66.249.84.194 - - [13/May/2026:14:54:44 +0000] "POST /clientlog HTTP/1.0" 404 3554 "https://www.oinversion.com/blog/que-son-los-fondos-indexados" "Mozilla/5.0 (X11; Linux x86_64) AppleWebKit/537.36 (KHTML, like Gecko) Chrome/121.0.0.0 Safari/537.36"
66.249.84.192 - - [13/May/2026:14:54:44 +0000] "GET /api/v3/ajax/bespoke/public/neu/specs/submenu?log_performance_metrics=false&specs%5Bsubmenu%5D%5B%5D=Etsy%5CModules%5CCategoryNav%5CSpecs%5CDropdownCatNav%5CDropdownSubmenu&runtime_analysis=false HTTP/1.0" 404 3554 "https://www.oinversion.com/blog/que-son-los-fondos-indexados" "Mozilla/5.0 (X11; Linux x86_64) AppleWebKit/537.36 (KHTML, like Gecko) Chrome/121.0.0.0 Safari/537.36"
66.249.84.192 - - [13/May/2026:14:54:44 +0000] "GET /images/1x1.gif?ch=1&rn=1.2608354091644287 HTTP/1.0" 404 14835 "https://www.oinversion.com/blog/que-son-los-fondos-indexados" "Mozilla/5.0 (X11; Linux x86_64) AppleWebKit/537.36 (KHTML, like Gecko) Chrome/121.0.0.0 Safari/537.36"
66.249.84.192 - - [13/May/2026:14:54:45 +0000] "POST /clientlog HTTP/1.0" 404 3554 "https://www.oinversion.com/blog/que-son-los-fondos-indexados" "Mozilla/5.0 (X11; Linux x86_64) AppleWebKit/537.36 (KHTML, like Gecko) Chrome/121.0.0.0 Safari/537.36"
66.249.84.194 - - [13/May/2026:14:54:45 +0000] "GET /api/v3/ajax/member/users/listings-favorites-collections-map?listing_ids%5B%5D=1790774795 HTTP/1.0" 404 16144 "https://www.oinversion.com/blog/que-son-los-fondos-indexados" "Mozilla/5.0 (X11; Linux x86_64) AppleWebKit/537.36 (KHTML, like Gecko) Chrome/121.0.0.0 Safari/537.36"
66.249.84.194 - - [13/May/2026:14:54:45 +0000] "POST /cdn-cgi/rum? HTTP/1.0" 404 14541 "https://www.oinversion.com/blog/que-son-los-fondos-indexados" "Mozilla/5.0 (X11; Linux x86_64) AppleWebKit/537.36 (KHTML, like Gecko) Chrome/121.0.0.0 Safari/537.36"
66.249.84.194 - - [13/May/2026:14:54:45 +0000] "POST /clientlog HTTP/1.0" 404 3554 "https://www.oinversion.com/blog/que-son-los-fondos-indexados" "Mozilla/5.0 (X11; Linux x86_64) AppleWebKit/537.36 (KHTML, like Gecko) Chrome/121.0.0.0 Safari/537.36"
216.244.66.198 - - [13/May/2026:14:54:49 +0000] "GET /robots.txt HTTP/1.0" 200 3627 "-" "Mozilla/5.0 (compatible; DotBot/1.2; +https://opensiteexplorer.org/dotbot; help@moz.com)"
66.249.84.192 - - [13/May/2026:14:54:50 +0000] "POST /api/v3/ajax/bespoke/member/neu/specs/listing_async_bottom_collections HTTP/1.0" 404 3554 "https://www.oinversion.com/blog/que-son-los-fondos-indexados" "Mozilla/5.0 (X11; Linux x86_64) AppleWebKit/537.36 (KHTML, like Gecko) Chrome/121.0.0.0 Safari/537.36"
66.249.84.194 - - [13/May/2026:14:54:50 +0000] "POST /api/v3/ajax/bespoke/member/neu/specs/listing_async_bottom HTTP/1.0" 404 3554 "https://www.oinversion.com/blog/que-son-los-fondos-indexados" "Mozilla/5.0 (X11; Linux x86_64) AppleWebKit/537.36 (KHTML, like Gecko) Chrome/121.0.0.0 Safari/537.36"
66.249.84.194 - - [13/May/2026:14:54:50 +0000] "POST /api/v3/ajax/public/statsd HTTP/1.0" 404 15751 "https://www.oinversion.com/blog/que-son-los-fondos-indexados" "Mozilla/5.0 (X11; Linux x86_64) AppleWebKit/537.36 (KHTML, like Gecko) Chrome/121.0.0.0 Safari/537.36"
176.65.139.236 - - [13/May/2026:14:54:54 +0000] "GET /.env HTTP/1.0" 403 4384 "-" "Mozilla/5.0 (Windows NT 10.0; Win64; x64) AppleWebKit/537.36 (KHTML, like Gecko) Chrome/147.0.0.0 Safari/537.36"
66.249.84.192 - - [13/May/2026:14:55:15 +0000] "POST /cdn-cgi/rum? HTTP/1.0" 404 14541 "https://www.oinversion.com/blog/que-son-los-fondos-indexados" "Mozilla/5.0 (X11; Linux x86_64) AppleWebKit/537.36 (KHTML, like Gecko) Chrome/121.0.0.0 Safari/537.36"
103.138.49.132 - - [13/May/2026:15:00:24 +0000] "GET /contacto HTTP/1.0" 200 3539 "https://oinversion-poka88.pages.dev/" "Mozilla/5.0 (Linux; Android 10; K) AppleWebKit/537.36 (KHTML, like Gecko) Chrome/148.0.0.0 Mobile Safari/537.36"
185.191.171.13 - - [13/May/2026:15:03:48 +0000] "GET /blog/tag/Invertir+en+acciones HTTP/1.0" 200 19746 "-" "Mozilla/5.0 (compatible; SemrushBot/7~bl; +http://www.semrush.com/bot.html)"
216.244.66.198 - - [13/May/2026:15:08:33 +0000] "GET /blog/tag/2021?page=4 HTTP/1.0" 200 24369 "-" "Mozilla/5.0 (compatible; DotBot/1.2; +https://opensiteexplorer.org/dotbot; help@moz.com)"
47.128.18.68 - - [13/May/2026:15:08:35 +0000] "GET /t-shirts?sort=popular HTTP/1.0" 404 15943 "-" "Mozilla/5.0 (Linux; Android 5.0) AppleWebKit/537.36 (KHTML, like Gecko) Mobile Safari/537.36 (compatible; Bytespider; spider-feedback@bytedance.com)"
47.128.18.68 - - [13/May/2026:15:08:36 +0000] "GET /assets/7e549121/css/stylesheet.css?v=1666108212 HTTP/1.0" 200 3564 "https://www.oinversion.com/t-shirts?sort=popular" "Mozilla/5.0 (Linux; Android 5.0) AppleWebKit/537.36 (KHTML, like Gecko) Mobile Safari/537.36 (compatible; Bytespider; spider-feedback@bytedance.com)"
47.128.18.68 - - [13/May/2026:15:08:36 +0000] "GET /assets/7e549121/img/ico-blog.svg HTTP/1.0" 200 3567 "https://www.oinversion.com/t-shirts?sort=popular" "Mozilla/5.0 (Linux; Android 5.0) AppleWebKit/537.36 (KHTML, like Gecko) Mobile Safari/537.36 (compatible; Bytespider; spider-feedback@bytedance.com)"
47.128.18.68 - - [13/May/2026:15:08:36 +0000] "GET /assets/7e549121/css/jquery.bxslider.css?v=1503585073 HTTP/1.0" 200 3569 "https://www.oinversion.com/t-shirts?sort=popular" "Mozilla/5.0 (Linux; Android 5.0) AppleWebKit/537.36 (KHTML, like Gecko) Mobile Safari/537.36 (compatible; Bytespider; spider-feedback@bytedance.com)"
216.244.66.198 - - [13/May/2026:15:08:38 +0000] "GET /blog/tag/Socimi?page=2 HTTP/1.0" 200 21789 "-" "Mozilla/5.0 (compatible; DotBot/1.2; +https://opensiteexplorer.org/dotbot; help@moz.com)"
47.128.18.68 - - [13/May/2026:15:08:39 +0000] "GET /assets/7e549121/img/ico-blog.svg HTTP/1.0" 200 3567 "https://www.oinversion.com/t-shirts?sort=popular" "Mozilla/5.0 (Linux; Android 5.0) AppleWebKit/537.36 (KHTML, like Gecko) Mobile Safari/537.36 (compatible; Bytespider; spider-feedback@bytedance.com)"
47.128.18.68 - - [13/May/2026:15:08:39 +0000] "GET /assets/7e549121/img/ico-blog.svg HTTP/1.0" 200 3567 "https://www.oinversion.com/t-shirts?sort=popular" "Mozilla/5.0 (Linux; Android 5.0) AppleWebKit/537.36 (KHTML, like Gecko) Mobile Safari/537.36 (compatible; Bytespider; spider-feedback@bytedance.com)"
47.128.18.68 - - [13/May/2026:15:08:43 +0000] "GET /uploads/blog-post/125-featured-Invertir%20(248%20x%20248%20px).png HTTP/1.0" 200 3589 "https://www.oinversion.com/t-shirts?sort=popular" "Mozilla/5.0 (Linux; Android 5.0) AppleWebKit/537.36 (KHTML, like Gecko) Mobile Safari/537.36 (compatible; Bytespider; spider-feedback@bytedance.com)"
216.244.66.198 - - [13/May/2026:15:08:45 +0000] "GET /blog/tag/Inversiones?page=10 HTTP/1.0" 200 22449 "-" "Mozilla/5.0 (compatible; DotBot/1.2; +https://opensiteexplorer.org/dotbot; help@moz.com)"
216.244.66.198 - - [13/May/2026:15:09:12 +0000] "GET /blog/tag/500+euros HTTP/1.0" 200 19308 "-" "Mozilla/5.0 (compatible; DotBot/1.2; +https://opensiteexplorer.org/dotbot; help@moz.com)"
216.244.66.198 - - [13/May/2026:15:09:33 +0000] "GET /blog/tag/Sant+Antoni HTTP/1.0" 200 19054 "-" "Mozilla/5.0 (compatible; DotBot/1.2; +https://opensiteexplorer.org/dotbot; help@moz.com)"
216.244.66.198 - - [13/May/2026:15:09:47 +0000] "GET /blog/tag/C%C3%B3mo+ahorrar+dinero HTTP/1.0" 200 19473 "-" "Mozilla/5.0 (compatible; DotBot/1.2; +https://opensiteexplorer.org/dotbot; help@moz.com)"
216.244.66.198 - - [13/May/2026:15:09:50 +0000] "GET /blog/tag/Qatar+Investment+Authority HTTP/1.0" 200 18998 "-" "Mozilla/5.0 (compatible; DotBot/1.2; +https://opensiteexplorer.org/dotbot; help@moz.com)"
216.244.66.198 - - [13/May/2026:15:09:52 +0000] "GET /blog/tag/entrevista+a+Barry+Silbert HTTP/1.0" 200 19860 "-" "Mozilla/5.0 (compatible; DotBot/1.2; +https://opensiteexplorer.org/dotbot; help@moz.com)"
47.128.19.10 - - [13/May/2026:15:09:55 +0000] "GET /posters-and-art HTTP/1.0" 404 15925 "-" "Mozilla/5.0 (Linux; Android 5.0) AppleWebKit/537.36 (KHTML, like Gecko) Mobile Safari/537.36 (compatible; Bytespider; spider-feedback@bytedance.com)"
47.128.19.10 - - [13/May/2026:15:09:56 +0000] "GET /assets/2a658dd2/css/bootstrap.css?v=1469461915 HTTP/1.0" 200 3563 "https://www.oinversion.com/posters-and-art" "Mozilla/5.0 (Linux; Android 5.0) AppleWebKit/537.36 (KHTML, like Gecko) Mobile Safari/537.36 (compatible; Bytespider; spider-feedback@bytedance.com)"
47.128.19.10 - - [13/May/2026:15:09:57 +0000] "GET /assets/7e549121/css/jquery.bxslider.css?v=1503585073 HTTP/1.0" 200 3569 "https://www.oinversion.com/posters-and-art" "Mozilla/5.0 (Linux; Android 5.0) AppleWebKit/537.36 (KHTML, like Gecko) Mobile Safari/537.36 (compatible; Bytespider; spider-feedback@bytedance.com)"
47.128.19.10 - - [13/May/2026:15:09:57 +0000] "GET /assets/7e549121/img/logo-oinversion-fondo-claro.svg HTTP/1.0" 200 3586 "https://www.oinversion.com/posters-and-art" "Mozilla/5.0 (Linux; Android 5.0) AppleWebKit/537.36 (KHTML, like Gecko) Mobile Safari/537.36 (compatible; Bytespider; spider-feedback@bytedance.com)"
47.128.19.10 - - [13/May/2026:15:09:58 +0000] "GET /assets/7e549121/img/logo-oinversion-fondo-claro.svg HTTP/1.0" 200 3586 "https://www.oinversion.com/posters-and-art" "Mozilla/5.0 (Linux; Android 5.0) AppleWebKit/537.36 (KHTML, like Gecko) Mobile Safari/537.36 (compatible; Bytespider; spider-feedback@bytedance.com)"
47.128.19.10 - - [13/May/2026:15:09:59 +0000] "GET /assets/7e549121/img/logo-oinversion-fondo-claro.svg HTTP/1.0" 200 3586 "https://www.oinversion.com/posters-and-art" "Mozilla/5.0 (Linux; Android 5.0) AppleWebKit/537.36 (KHTML, like Gecko) Mobile Safari/537.36 (compatible; Bytespider; spider-feedback@bytedance.com)"
47.128.19.10 - - [13/May/2026:15:10:00 +0000] "GET /assets/7e549121/img/fondo_footer.jpg HTTP/1.0" 200 3568 "https://www.oinversion.com/assets/7e549121/css/stylesheet.css?v=1666108212" "Mozilla/5.0 (Linux; Android 5.0) AppleWebKit/537.36 (KHTML, like Gecko) Mobile Safari/537.36 (compatible; Bytespider; spider-feedback@bytedance.com)"
47.128.19.10 - - [13/May/2026:15:10:01 +0000] "GET /assets/7e549121/img/fondo_footer.jpg HTTP/1.0" 200 3568 "https://www.oinversion.com/assets/7e549121/css/stylesheet.css?v=1666108212" "Mozilla/5.0 (Linux; Android 5.0) AppleWebKit/537.36 (KHTML, like Gecko) Mobile Safari/537.36 (compatible; Bytespider; spider-feedback@bytedance.com)"
47.128.19.10 - - [13/May/2026:15:10:01 +0000] "GET /assets/7e549121/img/fondo_footer.jpg HTTP/1.0" 200 3568 "https://www.oinversion.com/assets/7e549121/css/stylesheet.css?v=1666108212" "Mozilla/5.0 (Linux; Android 5.0) AppleWebKit/537.36 (KHTML, like Gecko) Mobile Safari/537.36 (compatible; Bytespider; spider-feedback@bytedance.com)"
8.210.50.177 - - [13/May/2026:15:11:12 +0000] "GET /robots.txt HTTP/1.0" 200 3627 "-" "AliyunSecBot/Aliyun (AliyunSecBot@service.alibaba.com)"
8.217.168.224 - - [13/May/2026:15:11:13 +0000] "GET /blog/que-son-los-robo-advisors-y-como-pueden-ayudar-en-tu-inversion HTTP/1.0" 200 48546 "-" "AliyunSecBot/Aliyun (AliyunSecBot@service.alibaba.com)"
65.21.32.180 - - [13/May/2026:15:11:55 +0000] "GET /blog/cinco-mitos-sobre-el-trading-que-debes-conocer-antes-de-invertir HTTP/1.0" 200 52135 "-" "Mozilla/5.0 (compatible; WebTrackrCrawler/1.0; +https://affsignal.com/bot)"
216.244.66.198 - - [13/May/2026:15:12:18 +0000] "GET /blog/?page=5 HTTP/1.0" 200 256725 "-" "Mozilla/5.0 (compatible; DotBot/1.2; +https://opensiteexplorer.org/dotbot; help@moz.com)"
198.244.168.142 - - [13/May/2026:15:13:16 +0000] "GET /blog/como-funcionan-los-bitcoins-quienes-deberian-invertir-en-ellos HTTP/1.0" 200 49849 "-" "Mozilla/5.0 (compatible; AhrefsBot/7.0; +http://ahrefs.com/robot/)"
66.249.79.139 - - [13/May/2026:15:13:32 +0000] "GET /contacto HTTP/1.0" 200 3539 "-" "Mozilla/5.0 (Linux; Android 6.0.1; Nexus 5X Build/MMB29P) AppleWebKit/537.36 (KHTML, like Gecko) Chrome/148.0.7778.96 Mobile Safari/537.36 (compatible; Googlebot/2.1; +http://www.google.com/bot.html)"
188.40.85.195 - - [13/May/2026:15:13:34 +0000] "GET /robots.txt HTTP/1.0" 200 3627 "-" "AwarioSmartBot/1.0 (+https://awario.com/bots.html; bots@awario.com)"
188.40.85.195 - - [13/May/2026:15:13:34 +0000] "GET /blog/el-roi-o-la-tasa-de-retorno-en-la-inversion-inmobiliaria HTTP/1.0" 200 38143 "-" "AwarioSmartBot/1.0 (+https://awario.com/bots.html; bots@awario.com)"
84.37.104.119 - - [13/May/2026:15:13:55 +0000] "GET /blog/como-invertir-en-bienes-raices-en-espana HTTP/1.0" 200 43951 "-" "Mozilla/5.0 (Macintosh; Intel Mac OS X 10_15_7) AppleWebKit/537.36 (KHTML, like Gecko) Chrome/142.0.0.0 Safari/537.36"
66.249.79.138 - - [13/May/2026:15:14:23 +0000] "GET /contacto HTTP/1.0" 200 3539 "-" "Mozilla/5.0 (Linux; Android 6.0.1; Nexus 5X Build/MMB29P) AppleWebKit/537.36 (KHTML, like Gecko) Chrome/148.0.7778.96 Mobile Safari/537.36 (compatible; Googlebot/2.1; +http://www.google.com/bot.html)"
66.249.79.138 - - [13/May/2026:15:15:18 +0000] "GET /contacto HTTP/1.0" 200 3539 "-" "Mozilla/5.0 (Linux; Android 6.0.1; Nexus 5X Build/MMB29P) AppleWebKit/537.36 (KHTML, like Gecko) Chrome/148.0.7778.96 Mobile Safari/537.36 (compatible; Googlebot/2.1; +http://www.google.com/bot.html)"
66.249.79.139 - - [13/May/2026:15:16:15 +0000] "GET /contacto HTTP/1.0" 200 3539 "-" "Mozilla/5.0 (Linux; Android 6.0.1; Nexus 5X Build/MMB29P) AppleWebKit/537.36 (KHTML, like Gecko) Chrome/148.0.7778.96 Mobile Safari/537.36 (compatible; Googlebot/2.1; +http://www.google.com/bot.html)"
182.1.134.160 - - [13/May/2026:15:16:30 +0000] "GET /contacto HTTP/1.0" 200 3539 "https://oinversion--poka88-pages-dev.cdn.ampproject.org/v/s/oinversion-poka88.pages.dev/index.html%22?amp_js_v=0.1&usqp=mq331AQIUAKwASCAAgM%3D" "Mozilla/5.0 (Linux; Android 10; K) AppleWebKit/537.36 (KHTML, like Gecko) Chrome/146.0.0.0 Mobile Safari/537.36"
43.99.48.238 - - [13/May/2026:15:16:58 +0000] "GET /uploads/blog-post/84-featured-euro-3613908_1920.jpg HTTP/1.0" 200 3583 "https://www.oinversion.com" "Mozilla/5.0 (Windows NT 10.0; Win64; x64) AppleWebKit/537.36 (KHTML, like Gecko) Chrome/122.0.0.0 Safari/537.36"
43.99.48.238 - - [13/May/2026:15:17:19 +0000] "GET /uploads/blog-post/84-featured-euro-3613908_1920.jpg HTTP/1.0" 200 3583 "https://www.oinversion.com" "Mozilla/5.0 (Windows NT 10.0; Win64; x64) AppleWebKit/537.36 (KHTML, like Gecko) Chrome/122.0.0.0 Safari/537.36"
66.249.79.139 - - [13/May/2026:15:17:35 +0000] "GET /contacto HTTP/1.0" 200 3539 "-" "Mozilla/5.0 (Linux; Android 6.0.1; Nexus 5X Build/MMB29P) AppleWebKit/537.36 (KHTML, like Gecko) Chrome/148.0.7778.96 Mobile Safari/537.36 (compatible; Googlebot/2.1; +http://www.google.com/bot.html)"
43.99.48.238 - - [13/May/2026:15:17:40 +0000] "GET /uploads/blog-post/84-featured-euro-3613908_1920.jpg HTTP/1.0" 200 3583 "https://www.oinversion.com" "Mozilla/5.0 (Windows NT 10.0; Win64; x64) AppleWebKit/537.36 (KHTML, like Gecko) Chrome/122.0.0.0 Safari/537.36"
43.99.48.238 - - [13/May/2026:15:18:03 +0000] "GET /uploads/blog-post/84-featured-euro-3613908_1920.jpg HTTP/1.0" 200 3583 "https://www.oinversion.com" "Mozilla/5.0 (Windows NT 10.0; Win64; x64) AppleWebKit/537.36 (KHTML, like Gecko) Chrome/122.0.0.0 Safari/537.36"
51.75.23.111 - - [13/May/2026:15:18:16 +0000] "GET /blog/tag/2021?page=3 HTTP/1.0" 200 23739 "-" "Mozilla/5.0 (Windows NT 10.0; Win64; x64) AppleWebKit/537.36 (KHTML, like Gecko) Chrome/139.0.0.0 Safari/537.36"
66.249.79.138 - - [13/May/2026:15:18:18 +0000] "GET /contacto HTTP/1.0" 200 3539 "-" "Mozilla/5.0 (Linux; Android 6.0.1; Nexus 5X Build/MMB29P) AppleWebKit/537.36 (KHTML, like Gecko) Chrome/148.0.7778.96 Mobile Safari/537.36 (compatible; Googlebot/2.1; +http://www.google.com/bot.html)"
51.75.21.177 - - [13/May/2026:15:18:18 +0000] "GET /blog/tag/mejor HTTP/1.0" 200 22489 "-" "Mozilla/5.0 (Windows NT 10.0; Win64; x64) AppleWebKit/537.36 (KHTML, like Gecko) Chrome/139.0.0.0 Safari/537.36"
43.99.48.238 - - [13/May/2026:15:18:28 +0000] "GET /uploads/blog-post/84-featured-euro-3613908_1920.jpg HTTP/1.0" 200 3583 "https://www.oinversion.com" "Mozilla/5.0 (Windows NT 10.0; Win64; x64) AppleWebKit/537.36 (KHTML, like Gecko) Chrome/122.0.0.0 Safari/537.36"
8.218.56.8 - - [13/May/2026:15:20:44 +0000] "GET /uploads/blog-post/75-featured-descargar.jpg HTTP/1.0" 200 3575 "https://www.oinversion.com" "Mozilla/5.0 (Windows NT 10.0; Win64; x64) AppleWebKit/537.36 (KHTML, like Gecko) Chrome/122.0.0.0 Safari/537.36"
51.75.236.131 - - [13/May/2026:15:21:07 +0000] "GET /blog/el-2016-cerro-con-cifras-millonarias-en-inversiones-inmobiliarias HTTP/1.0" 200 26856 "-" "Mozilla/5.0 (compatible; AhrefsBot/7.0; +http://ahrefs.com/robot/)"
66.249.79.139 - - [13/May/2026:15:21:23 +0000] "GET /contacto HTTP/1.0" 200 3539 "-" "Mozilla/5.0 (Linux; Android 6.0.1; Nexus 5X Build/MMB29P) AppleWebKit/537.36 (KHTML, like Gecko) Chrome/148.0.7778.96 Mobile Safari/537.36 (compatible; Googlebot/2.1; +http://www.google.com/bot.html)"
104.210.140.129 - - [13/May/2026:15:23:03 +0000] "GET /robots.txt HTTP/1.0" 200 3627 "-" "Mozilla/5.0 (Macintosh; Intel Mac OS X 10_15_7) AppleWebKit/537.36 (KHTML, like Gecko) Chrome/131.0.0.0 Safari/537.36; compatible; OAI-SearchBot/1.0; +https://openai.com/searchbot"
131.106.241.104 - - [13/May/2026:15:25:52 +0000] "GET /contacto HTTP/1.0" 200 3539 "-" "Mozilla/5.0 (X11; Linux aarch64) AppleWebKit/537.36 (KHTML, like Gecko) Chrome/139.0.0.0 Safari/537.36"
131.106.241.104 - - [13/May/2026:15:25:53 +0000] "GET /contactoen-us/articles/29890745668631-General-Product-Safety-Regulation-GSPR%22 HTTP/1.0" 404 14959 "https://oinversion.com/contacto" "Mozilla/5.0 (X11; Linux aarch64) AppleWebKit/537.36 (KHTML, like Gecko) Chrome/139.0.0.0 Safari/537.36"
131.106.241.104 - - [13/May/2026:15:25:53 +0000] "GET /contacto%22 HTTP/1.0" 404 15709 "https://oinversion.com/contacto" "Mozilla/5.0 (X11; Linux aarch64) AppleWebKit/537.36 (KHTML, like Gecko) Chrome/139.0.0.0 Safari/537.36"
131.106.241.104 - - [13/May/2026:15:25:54 +0000] "GET /contact HTTP/1.0" 200 18818 "https://oinversion.com/contacto" "Mozilla/5.0 (X11; Linux aarch64) AppleWebKit/537.36 (KHTML, like Gecko) Chrome/139.0.0.0 Safari/537.36"
131.106.241.104 - - [13/May/2026:15:25:54 +0000] "GET /contacto HTTP/1.0" 200 3539 "https://oinversion.com/contacto" "Mozilla/5.0 (X11; Linux aarch64) AppleWebKit/537.36 (KHTML, like Gecko) Chrome/139.0.0.0 Safari/537.36"
66.249.79.137 - - [13/May/2026:15:27:39 +0000] "GET /contacto HTTP/1.0" 200 3539 "-" "Mozilla/5.0 (Linux; Android 6.0.1; Nexus 5X Build/MMB29P) AppleWebKit/537.36 (KHTML, like Gecko) Chrome/148.0.7778.96 Mobile Safari/537.36 (compatible; Googlebot/2.1; +http://www.google.com/bot.html)"
34.42.118.231 - - [13/May/2026:15:28:59 +0000] "GET / HTTP/1.0" 200 26548 "http://oinversion.com" "Mozilla/5.0 (compatible; CMS-Checker/1.0; +https://example.com)"
66.249.79.137 - - [13/May/2026:15:29:14 +0000] "GET /contacto HTTP/1.0" 200 3539 "-" "Mozilla/5.0 (Linux; Android 6.0.1; Nexus 5X Build/MMB29P) AppleWebKit/537.36 (KHTML, like Gecko) Chrome/148.0.7778.96 Mobile Safari/537.36 (compatible; Googlebot/2.1; +http://www.google.com/bot.html)"
66.249.79.139 - - [13/May/2026:15:30:19 +0000] "GET /contacto HTTP/1.0" 200 3539 "-" "Mozilla/5.0 (Linux; Android 6.0.1; Nexus 5X Build/MMB29P) AppleWebKit/537.36 (KHTML, like Gecko) Chrome/148.0.7778.96 Mobile Safari/537.36 (compatible; Googlebot/2.1; +http://www.google.com/bot.html)"
66.249.79.137 - - [13/May/2026:15:31:43 +0000] "GET /contacto HTTP/1.0" 200 3539 "-" "Mozilla/5.0 (Linux; Android 6.0.1; Nexus 5X Build/MMB29P) AppleWebKit/537.36 (KHTML, like Gecko) Chrome/148.0.7778.96 Mobile Safari/537.36 (compatible; Googlebot/2.1; +http://www.google.com/bot.html)"
66.249.78.39 - - [13/May/2026:15:34:43 +0000] "GET /contacto HTTP/1.0" 200 3539 "-" "Mozilla/5.0 (Linux; Android 6.0.1; Nexus 5X Build/MMB29P) AppleWebKit/537.36 (KHTML, like Gecko) Chrome/148.0.7778.96 Mobile Safari/537.36 (compatible; Googlebot/2.1; +http://www.google.com/bot.html)"
66.249.79.138 - - [13/May/2026:15:35:00 +0000] "GET /contacto HTTP/1.0" 200 3539 "-" "Mozilla/5.0 (Linux; Android 6.0.1; Nexus 5X Build/MMB29P) AppleWebKit/537.36 (KHTML, like Gecko) Chrome/148.0.7778.96 Mobile Safari/537.36 (compatible; Googlebot/2.1; +http://www.google.com/bot.html)"
40.85.229.173 - - [13/May/2026:15:35:27 +0000] "GET /admin.php HTTP/1.0" 404 15899 "-" "Mozilla/5.0 (Windows NT 10.0; Win64; x64) AppleWebKit/537.36 (KHTML, like Gecko) Chrome/120.0.0.0 Safari/537.36"
40.85.229.173 - - [13/May/2026:15:35:28 +0000] "GET /inputs.php HTTP/1.0" 404 15902 "-" "Mozilla/5.0 (Windows NT 10.0; Win64; x64) AppleWebKit/537.36 (KHTML, like Gecko) Chrome/120.0.0.0 Safari/537.36"
40.85.229.173 - - [13/May/2026:15:35:28 +0000] "GET /file.php HTTP/1.0" 404 15896 "-" "Mozilla/5.0 (Windows NT 10.0; Win64; x64) AppleWebKit/537.36 (KHTML, like Gecko) Chrome/120.0.0.0 Safari/537.36"
40.85.229.173 - - [13/May/2026:15:35:28 +0000] "GET /goods.php HTTP/1.0" 404 15899 "-" "Mozilla/5.0 (Windows NT 10.0; Win64; x64) AppleWebKit/537.36 (KHTML, like Gecko) Chrome/120.0.0.0 Safari/537.36"
40.85.229.173 - - [13/May/2026:15:35:28 +0000] "GET /ms-edit.php HTTP/1.0" 404 15905 "-" "Mozilla/5.0 (Windows NT 10.0; Win64; x64) AppleWebKit/537.36 (KHTML, like Gecko) Chrome/120.0.0.0 Safari/537.36"
40.85.229.173 - - [13/May/2026:15:35:28 +0000] "GET /simple.php HTTP/1.0" 404 15902 "-" "Mozilla/5.0 (Windows NT 10.0; Win64; x64) AppleWebKit/537.36 (KHTML, like Gecko) Chrome/120.0.0.0 Safari/537.36"
40.85.229.173 - - [13/May/2026:15:35:28 +0000] "GET /bgymj.php HTTP/1.0" 404 15899 "-" "Mozilla/5.0 (Windows NT 10.0; Win64; x64) AppleWebKit/537.36 (KHTML, like Gecko) Chrome/120.0.0.0 Safari/537.36"
40.85.229.173 - - [13/May/2026:15:35:28 +0000] "GET /wp-content/plugins/twenty/login.php HTTP/1.0" 404 14816 "-" "Mozilla/5.0 (Windows NT 10.0; Win64; x64) AppleWebKit/537.36 (KHTML, like Gecko) Chrome/120.0.0.0 Safari/537.36"
40.85.229.173 - - [13/May/2026:15:35:28 +0000] "GET /404.php HTTP/1.0" 404 15893 "-" "Mozilla/5.0 (Windows NT 10.0; Win64; x64) AppleWebKit/537.36 (KHTML, like Gecko) Chrome/120.0.0.0 Safari/537.36"
40.85.229.173 - - [13/May/2026:15:35:28 +0000] "GET /file3.php HTTP/1.0" 404 15899 "-" "Mozilla/5.0 (Windows NT 10.0; Win64; x64) AppleWebKit/537.36 (KHTML, like Gecko) Chrome/120.0.0.0 Safari/537.36"
40.85.229.173 - - [13/May/2026:15:35:29 +0000] "GET /wp-mail.php HTTP/1.0" 404 15905 "-" "Mozilla/5.0 (Windows NT 10.0; Win64; x64) AppleWebKit/537.36 (KHTML, like Gecko) Chrome/120.0.0.0 Safari/537.36"
40.85.229.173 - - [13/May/2026:15:35:29 +0000] "GET /about.php HTTP/1.0" 404 15899 "-" "Mozilla/5.0 (Windows NT 10.0; Win64; x64) AppleWebKit/537.36 (KHTML, like Gecko) Chrome/120.0.0.0 Safari/537.36"
40.85.229.173 - - [13/May/2026:15:35:29 +0000] "GET /wp.php HTTP/1.0" 404 15890 "-" "Mozilla/5.0 (Windows NT 10.0; Win64; x64) AppleWebKit/537.36 (KHTML, like Gecko) Chrome/120.0.0.0 Safari/537.36"
40.85.229.173 - - [13/May/2026:15:35:29 +0000] "GET /.dj/index.php HTTP/1.0" 404 14736 "-" "Mozilla/5.0 (Windows NT 10.0; Win64; x64) AppleWebKit/537.36 (KHTML, like Gecko) Chrome/120.0.0.0 Safari/537.36"
40.85.229.173 - - [13/May/2026:15:35:29 +0000] "GET /adminfuns.php HTTP/1.0" 404 15911 "-" "Mozilla/5.0 (Windows NT 10.0; Win64; x64) AppleWebKit/537.36 (KHTML, like Gecko) Chrome/120.0.0.0 Safari/537.36"
40.85.229.173 - - [13/May/2026:15:35:29 +0000] "GET /php8.php HTTP/1.0" 404 15896 "-" "Mozilla/5.0 (Windows NT 10.0; Win64; x64) AppleWebKit/537.36 (KHTML, like Gecko) Chrome/120.0.0.0 Safari/537.36"
40.85.229.173 - - [13/May/2026:15:35:29 +0000] "GET /classwithtostring.php HTTP/1.0" 404 15935 "-" "Mozilla/5.0 (Windows NT 10.0; Win64; x64) AppleWebKit/537.36 (KHTML, like Gecko) Chrome/120.0.0.0 Safari/537.36"
40.85.229.173 - - [13/May/2026:15:35:29 +0000] "GET /info.php HTTP/1.0" 404 15896 "-" "Mozilla/5.0 (Windows NT 10.0; Win64; x64) AppleWebKit/537.36 (KHTML, like Gecko) Chrome/120.0.0.0 Safari/537.36"
40.85.229.173 - - [13/May/2026:15:35:30 +0000] "GET /ioxi-o.php HTTP/1.0" 404 15902 "-" "Mozilla/5.0 (Windows NT 10.0; Win64; x64) AppleWebKit/537.36 (KHTML, like Gecko) Chrome/120.0.0.0 Safari/537.36"
40.85.229.173 - - [13/May/2026:15:35:30 +0000] "GET /011i.php HTTP/1.0" 404 15896 "-" "Mozilla/5.0 (Windows NT 10.0; Win64; x64) AppleWebKit/537.36 (KHTML, like Gecko) Chrome/120.0.0.0 Safari/537.36"
40.85.229.173 - - [13/May/2026:15:35:30 +0000] "GET /edit.php HTTP/1.0" 404 15896 "-" "Mozilla/5.0 (Windows NT 10.0; Win64; x64) AppleWebKit/537.36 (KHTML, like Gecko) Chrome/120.0.0.0 Safari/537.36"
40.85.229.173 - - [13/May/2026:15:35:30 +0000] "GET /sid3.php HTTP/1.0" 404 15896 "-" "Mozilla/5.0 (Windows NT 10.0; Win64; x64) AppleWebKit/537.36 (KHTML, like Gecko) Chrome/120.0.0.0 Safari/537.36"
40.85.229.173 - - [13/May/2026:15:35:30 +0000] "GET /load.php HTTP/1.0" 404 15896 "-" "Mozilla/5.0 (Windows NT 10.0; Win64; x64) AppleWebKit/537.36 (KHTML, like Gecko) Chrome/120.0.0.0 Safari/537.36"
40.85.229.173 - - [13/May/2026:15:35:30 +0000] "GET /166.php HTTP/1.0" 404 15893 "-" "Mozilla/5.0 (Windows NT 10.0; Win64; x64) AppleWebKit/537.36 (KHTML, like Gecko) Chrome/120.0.0.0 Safari/537.36"
40.85.229.173 - - [13/May/2026:15:35:30 +0000] "GET /wp-mail.php HTTP/1.0" 404 15905 "-" "Mozilla/5.0 (Windows NT 10.0; Win64; x64) AppleWebKit/537.36 (KHTML, like Gecko) Chrome/120.0.0.0 Safari/537.36"
40.85.229.173 - - [13/May/2026:15:35:30 +0000] "GET /leaf.php HTTP/1.0" 404 15896 "-" "Mozilla/5.0 (Windows NT 10.0; Win64; x64) AppleWebKit/537.36 (KHTML, like Gecko) Chrome/120.0.0.0 Safari/537.36"
40.85.229.173 - - [13/May/2026:15:35:30 +0000] "GET /grsiuk.php HTTP/1.0" 404 15902 "-" "Mozilla/5.0 (Windows NT 10.0; Win64; x64) AppleWebKit/537.36 (KHTML, like Gecko) Chrome/120.0.0.0 Safari/537.36"
40.85.229.173 - - [13/May/2026:15:35:31 +0000] "GET /8.php HTTP/1.0" 404 15887 "-" "Mozilla/5.0 (Windows NT 10.0; Win64; x64) AppleWebKit/537.36 (KHTML, like Gecko) Chrome/120.0.0.0 Safari/537.36"
40.85.229.173 - - [13/May/2026:15:35:31 +0000] "GET /fs.php HTTP/1.0" 404 15890 "-" "Mozilla/5.0 (Windows NT 10.0; Win64; x64) AppleWebKit/537.36 (KHTML, like Gecko) Chrome/120.0.0.0 Safari/537.36"
40.85.229.173 - - [13/May/2026:15:35:31 +0000] "GET /ws38.php HTTP/1.0" 404 15896 "-" "Mozilla/5.0 (Windows NT 10.0; Win64; x64) AppleWebKit/537.36 (KHTML, like Gecko) Chrome/120.0.0.0 Safari/537.36"
40.85.229.173 - - [13/May/2026:15:35:31 +0000] "GET /a7.php HTTP/1.0" 404 15890 "-" "Mozilla/5.0 (Windows NT 10.0; Win64; x64) AppleWebKit/537.36 (KHTML, like Gecko) Chrome/120.0.0.0 Safari/537.36"
40.85.229.173 - - [13/May/2026:15:35:31 +0000] "GET /classsmtps.php HTTP/1.0" 404 15914 "-" "Mozilla/5.0 (Windows NT 10.0; Win64; x64) AppleWebKit/537.36 (KHTML, like Gecko) Chrome/120.0.0.0 Safari/537.36"
40.85.229.173 - - [13/May/2026:15:35:31 +0000] "GET /amax.php HTTP/1.0" 404 15896 "-" "Mozilla/5.0 (Windows NT 10.0; Win64; x64) AppleWebKit/537.36 (KHTML, like Gecko) Chrome/120.0.0.0 Safari/537.36"
40.85.229.173 - - [13/May/2026:15:35:31 +0000] "GET /CDX1.php HTTP/1.0" 404 15896 "-" "Mozilla/5.0 (Windows NT 10.0; Win64; x64) AppleWebKit/537.36 (KHTML, like Gecko) Chrome/120.0.0.0 Safari/537.36"
40.85.229.173 - - [13/May/2026:15:35:31 +0000] "GET /rip.php HTTP/1.0" 404 15893 "-" "Mozilla/5.0 (Windows NT 10.0; Win64; x64) AppleWebKit/537.36 (KHTML, like Gecko) Chrome/120.0.0.0 Safari/537.36"
40.85.229.173 - - [13/May/2026:15:35:31 +0000] "GET /1.php HTTP/1.0" 404 15887 "-" "Mozilla/5.0 (Windows NT 10.0; Win64; x64) AppleWebKit/537.36 (KHTML, like Gecko) Chrome/120.0.0.0 Safari/537.36"
40.85.229.173 - - [13/May/2026:15:35:32 +0000] "GET /chosen.php HTTP/1.0" 404 15902 "-" "Mozilla/5.0 (Windows NT 10.0; Win64; x64) AppleWebKit/537.36 (KHTML, like Gecko) Chrome/120.0.0.0 Safari/537.36"
40.85.229.173 - - [13/May/2026:15:35:32 +0000] "GET /css.php HTTP/1.0" 404 15893 "-" "Mozilla/5.0 (Windows NT 10.0; Win64; x64) AppleWebKit/537.36 (KHTML, like Gecko) Chrome/120.0.0.0 Safari/537.36"
40.85.229.173 - - [13/May/2026:15:35:32 +0000] "GET /php.php HTTP/1.0" 404 15893 "-" "Mozilla/5.0 (Windows NT 10.0; Win64; x64) AppleWebKit/537.36 (KHTML, like Gecko) Chrome/120.0.0.0 Safari/537.36"
40.85.229.173 - - [13/May/2026:15:35:32 +0000] "GET /wp-Blogs.php HTTP/1.0" 404 15908 "-" "Mozilla/5.0 (Windows NT 10.0; Win64; x64) AppleWebKit/537.36 (KHTML, like Gecko) Chrome/120.0.0.0 Safari/537.36"
40.85.229.173 - - [13/May/2026:15:35:32 +0000] "GET /wp-content/index.php HTTP/1.0" 404 14764 "-" "Mozilla/5.0 (Windows NT 10.0; Win64; x64) AppleWebKit/537.36 (KHTML, like Gecko) Chrome/120.0.0.0 Safari/537.36"
40.85.229.173 - - [13/May/2026:15:35:32 +0000] "GET /wp-content/plugins/beteng88/ws83.php HTTP/1.0" 404 14819 "-" "Mozilla/5.0 (Windows NT 10.0; Win64; x64) AppleWebKit/537.36 (KHTML, like Gecko) Chrome/120.0.0.0 Safari/537.36"
40.85.229.173 - - [13/May/2026:15:35:32 +0000] "GET /ws83.php HTTP/1.0" 404 15896 "-" "Mozilla/5.0 (Windows NT 10.0; Win64; x64) AppleWebKit/537.36 (KHTML, like Gecko) Chrome/120.0.0.0 Safari/537.36"
40.85.229.173 - - [13/May/2026:15:35:32 +0000] "GET /file61.php HTTP/1.0" 404 15902 "-" "Mozilla/5.0 (Windows NT 10.0; Win64; x64) AppleWebKit/537.36 (KHTML, like Gecko) Chrome/120.0.0.0 Safari/537.36"
40.85.229.173 - - [13/May/2026:15:35:32 +0000] "GET /sadcut1.php HTTP/1.0" 404 15905 "-" "Mozilla/5.0 (Windows NT 10.0; Win64; x64) AppleWebKit/537.36 (KHTML, like Gecko) Chrome/120.0.0.0 Safari/537.36"
40.85.229.173 - - [13/May/2026:15:35:33 +0000] "GET /y.php HTTP/1.0" 404 15887 "-" "Mozilla/5.0 (Windows NT 10.0; Win64; x64) AppleWebKit/537.36 (KHTML, like Gecko) Chrome/120.0.0.0 Safari/537.36"
40.85.229.173 - - [13/May/2026:15:35:33 +0000] "GET /akcc.php HTTP/1.0" 404 15896 "-" "Mozilla/5.0 (Windows NT 10.0; Win64; x64) AppleWebKit/537.36 (KHTML, like Gecko) Chrome/120.0.0.0 Safari/537.36"
40.85.229.173 - - [13/May/2026:15:35:33 +0000] "GET /wp-admin/user/12.php HTTP/1.0" 404 14769 "-" "Mozilla/5.0 (Windows NT 10.0; Win64; x64) AppleWebKit/537.36 (KHTML, like Gecko) Chrome/120.0.0.0 Safari/537.36"
40.85.229.173 - - [13/May/2026:15:35:33 +0000] "GET /index/function.php HTTP/1.0" 404 14753 "-" "Mozilla/5.0 (Windows NT 10.0; Win64; x64) AppleWebKit/537.36 (KHTML, like Gecko) Chrome/120.0.0.0 Safari/537.36"
40.85.229.173 - - [13/May/2026:15:35:33 +0000] "GET /term.php HTTP/1.0" 404 15896 "-" "Mozilla/5.0 (Windows NT 10.0; Win64; x64) AppleWebKit/537.36 (KHTML, like Gecko) Chrome/120.0.0.0 Safari/537.36"
40.85.229.173 - - [13/May/2026:15:35:33 +0000] "GET /666.php HTTP/1.0" 404 15893 "-" "Mozilla/5.0 (Windows NT 10.0; Win64; x64) AppleWebKit/537.36 (KHTML, like Gecko) Chrome/120.0.0.0 Safari/537.36"
40.85.229.173 - - [13/May/2026:15:35:33 +0000] "GET /7.php HTTP/1.0" 404 15887 "-" "Mozilla/5.0 (Windows NT 10.0; Win64; x64) AppleWebKit/537.36 (KHTML, like Gecko) Chrome/120.0.0.0 Safari/537.36"
40.85.229.173 - - [13/May/2026:15:35:33 +0000] "GET /wp-config-sample.php HTTP/1.0" 404 15932 "-" "Mozilla/5.0 (Windows NT 10.0; Win64; x64) AppleWebKit/537.36 (KHTML, like Gecko) Chrome/120.0.0.0 Safari/537.36"
40.85.229.173 - - [13/May/2026:15:35:34 +0000] "GET /log.php HTTP/1.0" 404 15893 "-" "Mozilla/5.0 (Windows NT 10.0; Win64; x64) AppleWebKit/537.36 (KHTML, like Gecko) Chrome/120.0.0.0 Safari/537.36"
40.85.229.173 - - [13/May/2026:15:35:34 +0000] "GET /a5.php HTTP/1.0" 404 15890 "-" "Mozilla/5.0 (Windows NT 10.0; Win64; x64) AppleWebKit/537.36 (KHTML, like Gecko) Chrome/120.0.0.0 Safari/537.36"
40.85.229.173 - - [13/May/2026:15:35:34 +0000] "GET /aa.php HTTP/1.0" 404 15890 "-" "Mozilla/5.0 (Windows NT 10.0; Win64; x64) AppleWebKit/537.36 (KHTML, like Gecko) Chrome/120.0.0.0 Safari/537.36"
40.85.229.173 - - [13/May/2026:15:35:34 +0000] "GET /bolt.php HTTP/1.0" 404 15896 "-" "Mozilla/5.0 (Windows NT 10.0; Win64; x64) AppleWebKit/537.36 (KHTML, like Gecko) Chrome/120.0.0.0 Safari/537.36"
40.85.229.173 - - [13/May/2026:15:35:34 +0000] "GET /x.php HTTP/1.0" 404 15887 "-" "Mozilla/5.0 (Windows NT 10.0; Win64; x64) AppleWebKit/537.36 (KHTML, like Gecko) Chrome/120.0.0.0 Safari/537.36"
40.85.229.173 - - [13/May/2026:15:35:34 +0000] "GET /jga.php HTTP/1.0" 404 15893 "-" "Mozilla/5.0 (Windows NT 10.0; Win64; x64) AppleWebKit/537.36 (KHTML, like Gecko) Chrome/120.0.0.0 Safari/537.36"
40.85.229.173 - - [13/May/2026:15:35:34 +0000] "GET /k.php HTTP/1.0" 404 15887 "-" "Mozilla/5.0 (Windows NT 10.0; Win64; x64) AppleWebKit/537.36 (KHTML, like Gecko) Chrome/120.0.0.0 Safari/537.36"
40.85.229.173 - - [13/May/2026:15:35:34 +0000] "GET /vx.php HTTP/1.0" 404 15890 "-" "Mozilla/5.0 (Windows NT 10.0; Win64; x64) AppleWebKit/537.36 (KHTML, like Gecko) Chrome/120.0.0.0 Safari/537.36"
40.85.229.173 - - [13/May/2026:15:35:35 +0000] "GET /ws77.php HTTP/1.0" 404 15896 "-" "Mozilla/5.0 (Windows NT 10.0; Win64; x64) AppleWebKit/537.36 (KHTML, like Gecko) Chrome/120.0.0.0 Safari/537.36"
40.85.229.173 - - [13/May/2026:15:35:35 +0000] "GET /2.php HTTP/1.0" 404 15887 "-" "Mozilla/5.0 (Windows NT 10.0; Win64; x64) AppleWebKit/537.36 (KHTML, like Gecko) Chrome/120.0.0.0 Safari/537.36"
40.85.229.173 - - [13/May/2026:15:35:35 +0000] "GET /abcd.php HTTP/1.0" 404 15896 "-" "Mozilla/5.0 (Windows NT 10.0; Win64; x64) AppleWebKit/537.36 (KHTML, like Gecko) Chrome/120.0.0.0 Safari/537.36"
40.85.229.173 - - [13/May/2026:15:35:35 +0000] "GET /wp-content/plugins/admin.php HTTP/1.0" 404 14795 "-" "Mozilla/5.0 (Windows NT 10.0; Win64; x64) AppleWebKit/537.36 (KHTML, like Gecko) Chrome/120.0.0.0 Safari/537.36"
40.85.229.173 - - [13/May/2026:15:35:35 +0000] "GET /asd.php HTTP/1.0" 404 15893 "-" "Mozilla/5.0 (Windows NT 10.0; Win64; x64) AppleWebKit/537.36 (KHTML, like Gecko) Chrome/120.0.0.0 Safari/537.36"
40.85.229.173 - - [13/May/2026:15:35:35 +0000] "GET /default.php HTTP/1.0" 404 15905 "-" "Mozilla/5.0 (Windows NT 10.0; Win64; x64) AppleWebKit/537.36 (KHTML, like Gecko) Chrome/120.0.0.0 Safari/537.36"
40.85.229.173 - - [13/May/2026:15:35:35 +0000] "GET /gettest.php HTTP/1.0" 404 15905 "-" "Mozilla/5.0 (Windows NT 10.0; Win64; x64) AppleWebKit/537.36 (KHTML, like Gecko) Chrome/120.0.0.0 Safari/537.36"
40.85.229.173 - - [13/May/2026:15:35:35 +0000] "GET /install.php HTTP/1.0" 404 15905 "-" "Mozilla/5.0 (Windows NT 10.0; Win64; x64) AppleWebKit/537.36 (KHTML, like Gecko) Chrome/120.0.0.0 Safari/537.36"
40.85.229.173 - - [13/May/2026:15:35:35 +0000] "GET /tfm.php HTTP/1.0" 404 15893 "-" "Mozilla/5.0 (Windows NT 10.0; Win64; x64) AppleWebKit/537.36 (KHTML, like Gecko) Chrome/120.0.0.0 Safari/537.36"
40.85.229.173 - - [13/May/2026:15:35:36 +0000] "GET /ws81.php HTTP/1.0" 404 15896 "-" "Mozilla/5.0 (Windows NT 10.0; Win64; x64) AppleWebKit/537.36 (KHTML, like Gecko) Chrome/120.0.0.0 Safari/537.36"
40.85.229.173 - - [13/May/2026:15:35:36 +0000] "GET /222.php HTTP/1.0" 404 15893 "-" "Mozilla/5.0 (Windows NT 10.0; Win64; x64) AppleWebKit/537.36 (KHTML, like Gecko) Chrome/120.0.0.0 Safari/537.36"
40.85.229.173 - - [13/May/2026:15:35:36 +0000] "GET /t.php HTTP/1.0" 404 15887 "-" "Mozilla/5.0 (Windows NT 10.0; Win64; x64) AppleWebKit/537.36 (KHTML, like Gecko) Chrome/120.0.0.0 Safari/537.36"
40.85.229.173 - - [13/May/2026:15:35:36 +0000] "GET /wp-admin/maint/index.php HTTP/1.0" 404 14781 "-" "Mozilla/5.0 (Windows NT 10.0; Win64; x64) AppleWebKit/537.36 (KHTML, like Gecko) Chrome/120.0.0.0 Safari/537.36"
40.85.229.173 - - [13/May/2026:15:35:36 +0000] "GET /6xBAm3vODE05BSzkJZRAws.php HTTP/1.0" 404 15950 "-" "Mozilla/5.0 (Windows NT 10.0; Win64; x64) AppleWebKit/537.36 (KHTML, like Gecko) Chrome/120.0.0.0 Safari/537.36"
40.85.229.173 - - [13/May/2026:15:35:36 +0000] "GET /a.php HTTP/1.0" 404 15887 "-" "Mozilla/5.0 (Windows NT 10.0; Win64; x64) AppleWebKit/537.36 (KHTML, like Gecko) Chrome/120.0.0.0 Safari/537.36"
40.85.229.173 - - [13/May/2026:15:35:36 +0000] "GET /a1.php HTTP/1.0" 404 15890 "-" "Mozilla/5.0 (Windows NT 10.0; Win64; x64) AppleWebKit/537.36 (KHTML, like Gecko) Chrome/120.0.0.0 Safari/537.36"
40.85.229.173 - - [13/May/2026:15:35:36 +0000] "GET /onclickfuns.php HTTP/1.0" 404 15917 "-" "Mozilla/5.0 (Windows NT 10.0; Win64; x64) AppleWebKit/537.36 (KHTML, like Gecko) Chrome/120.0.0.0 Safari/537.36"
40.85.229.173 - - [13/May/2026:15:35:36 +0000] "GET /w.php HTTP/1.0" 404 15887 "-" "Mozilla/5.0 (Windows NT 10.0; Win64; x64) AppleWebKit/537.36 (KHTML, like Gecko) Chrome/120.0.0.0 Safari/537.36"
40.85.229.173 - - [13/May/2026:15:35:37 +0000] "GET /wp-admin/maint/about.php HTTP/1.0" 404 14781 "-" "Mozilla/5.0 (Windows NT 10.0; Win64; x64) AppleWebKit/537.36 (KHTML, like Gecko) Chrome/120.0.0.0 Safari/537.36"
40.85.229.173 - - [13/May/2026:15:35:37 +0000] "GET /wp-content/plugins/index.php HTTP/1.0" 404 14795 "-" "Mozilla/5.0 (Windows NT 10.0; Win64; x64) AppleWebKit/537.36 (KHTML, like Gecko) Chrome/120.0.0.0 Safari/537.36"
40.85.229.173 - - [13/May/2026:15:35:37 +0000] "GET /wp-good.php HTTP/1.0" 404 15905 "-" "Mozilla/5.0 (Windows NT 10.0; Win64; x64) AppleWebKit/537.36 (KHTML, like Gecko) Chrome/120.0.0.0 Safari/537.36"
40.85.229.173 - - [13/May/2026:15:35:37 +0000] "GET /.info.php HTTP/1.0" 404 15899 "-" "Mozilla/5.0 (Windows NT 10.0; Win64; x64) AppleWebKit/537.36 (KHTML, like Gecko) Chrome/120.0.0.0 Safari/537.36"
40.85.229.173 - - [13/May/2026:15:35:37 +0000] "GET /config.php HTTP/1.0" 404 15902 "-" "Mozilla/5.0 (Windows NT 10.0; Win64; x64) AppleWebKit/537.36 (KHTML, like Gecko) Chrome/120.0.0.0 Safari/537.36"
40.85.229.173 - - [13/May/2026:15:35:37 +0000] "GET /item.php HTTP/1.0" 404 15896 "-" "Mozilla/5.0 (Windows NT 10.0; Win64; x64) AppleWebKit/537.36 (KHTML, like Gecko) Chrome/120.0.0.0 Safari/537.36"
40.85.229.173 - - [13/May/2026:15:35:37 +0000] "GET /m.php HTTP/1.0" 404 15887 "-" "Mozilla/5.0 (Windows NT 10.0; Win64; x64) AppleWebKit/537.36 (KHTML, like Gecko) Chrome/120.0.0.0 Safari/537.36"
40.85.229.173 - - [13/May/2026:15:35:37 +0000] "GET /rh.php HTTP/1.0" 404 15890 "-" "Mozilla/5.0 (Windows NT 10.0; Win64; x64) AppleWebKit/537.36 (KHTML, like Gecko) Chrome/120.0.0.0 Safari/537.36"
51.77.211.229 - - [13/May/2026:15:36:23 +0000] "GET /blog/tag/plazo HTTP/1.0" 200 22935 "-" "Mozilla/5.0 (Windows NT 10.0; Win64; x64) AppleWebKit/537.36 (KHTML, like Gecko) Chrome/139.0.0.0 Safari/537.36"
141.94.78.40 - - [13/May/2026:15:36:25 +0000] "GET /blog/tag/comprar HTTP/1.0" 200 22005 "-" "Mozilla/5.0 (Windows NT 10.0; Win64; x64) AppleWebKit/537.36 (KHTML, like Gecko) Chrome/139.0.0.0 Safari/537.36"
66.249.79.139 - - [13/May/2026:15:37:06 +0000] "GET /contacto HTTP/1.0" 200 3539 "-" "Mozilla/5.0 (Linux; Android 6.0.1; Nexus 5X Build/MMB29P) AppleWebKit/537.36 (KHTML, like Gecko) Chrome/148.0.7778.96 Mobile Safari/537.36 (compatible; Googlebot/2.1; +http://www.google.com/bot.html)"
66.249.79.138 - - [13/May/2026:15:38:47 +0000] "GET /contacto HTTP/1.0" 200 3539 "-" "Mozilla/5.0 (Linux; Android 6.0.1; Nexus 5X Build/MMB29P) AppleWebKit/537.36 (KHTML, like Gecko) Chrome/148.0.7778.96 Mobile Safari/537.36 (compatible; Googlebot/2.1; +http://www.google.com/bot.html)"
35.232.132.55 - - [13/May/2026:15:40:25 +0000] "GET / HTTP/1.0" 200 26548 "-" "Mozilla/5.0 AppleWebKit/537.36 (KHTML, like Gecko; compatible; SleepBot/1.0; +http://sleepbot.com/) Chrome/131.0.0.0 Safari/537.36"
66.249.79.139 - - [13/May/2026:15:40:36 +0000] "GET /contacto HTTP/1.0" 200 3539 "-" "Mozilla/5.0 (Linux; Android 6.0.1; Nexus 5X Build/MMB29P) AppleWebKit/537.36 (KHTML, like Gecko) Chrome/148.0.7778.96 Mobile Safari/537.36 (compatible; Googlebot/2.1; +http://www.google.com/bot.html)"
216.244.66.198 - - [13/May/2026:15:41:19 +0000] "GET /robots.txt HTTP/1.0" 200 3627 "-" "Mozilla/5.0 (compatible; DotBot/1.2; +https://opensiteexplorer.org/dotbot; help@moz.com)"
51.68.111.244 - - [13/May/2026:15:41:26 +0000] "GET /robots.txt HTTP/1.0" 200 3627 "-" "Mozilla/5.0 (compatible; MJ12bot/v2.0.5; http://mj12bot.com/)"
51.68.111.244 - - [13/May/2026:15:41:26 +0000] "GET / HTTP/1.0" 200 26556 "-" "Mozilla/5.0 (compatible; MJ12bot/v2.0.5; http://mj12bot.com/)"
66.249.78.39 - - [13/May/2026:15:42:27 +0000] "GET /contacto HTTP/1.0" 200 3539 "-" "Mozilla/5.0 (Linux; Android 6.0.1; Nexus 5X Build/MMB29P) AppleWebKit/537.36 (KHTML, like Gecko) Chrome/148.0.7778.96 Mobile Safari/537.36 (compatible; Googlebot/2.1; +http://www.google.com/bot.html)"
54.38.147.125 - - [13/May/2026:15:43:22 +0000] "GET /proyectos/ HTTP/1.0" 404 4397 "-" "Mozilla/5.0 (compatible; AhrefsBot/7.0; +http://ahrefs.com/robot/)"
66.249.79.137 - - [13/May/2026:15:46:38 +0000] "GET /contacto HTTP/1.0" 200 3539 "-" "Mozilla/5.0 (Linux; Android 6.0.1; Nexus 5X Build/MMB29P) AppleWebKit/537.36 (KHTML, like Gecko) Chrome/148.0.7778.96 Mobile Safari/537.36 (compatible; Googlebot/2.1; +http://www.google.com/bot.html)"
66.249.79.138 - - [13/May/2026:15:48:37 +0000] "GET /contacto HTTP/1.0" 200 3539 "-" "Mozilla/5.0 (Linux; Android 6.0.1; Nexus 5X Build/MMB29P) AppleWebKit/537.36 (KHTML, like Gecko) Chrome/148.0.7778.96 Mobile Safari/537.36 (compatible; Googlebot/2.1; +http://www.google.com/bot.html)"
66.249.79.137 - - [13/May/2026:15:49:49 +0000] "GET /contacto HTTP/1.0" 200 3539 "-" "Mozilla/5.0 (Linux; Android 6.0.1; Nexus 5X Build/MMB29P) AppleWebKit/537.36 (KHTML, like Gecko) Chrome/148.0.7778.96 Mobile Safari/537.36 (compatible; Googlebot/2.1; +http://www.google.com/bot.html)"
66.249.78.40 - - [13/May/2026:15:51:53 +0000] "GET /contacto HTTP/1.0" 200 3539 "-" "Mozilla/5.0 (Linux; Android 6.0.1; Nexus 5X Build/MMB29P) AppleWebKit/537.36 (KHTML, like Gecko) Chrome/148.0.7778.96 Mobile Safari/537.36 (compatible; Googlebot/2.1; +http://www.google.com/bot.html)"
66.249.78.40 - - [13/May/2026:15:53:00 +0000] "GET /contacto HTTP/1.0" 200 3539 "-" "Mozilla/5.0 (Linux; Android 6.0.1; Nexus 5X Build/MMB29P) AppleWebKit/537.36 (KHTML, like Gecko) Chrome/148.0.7778.96 Mobile Safari/537.36 (compatible; Googlebot/2.1; +http://www.google.com/bot.html)"
117.253.57.163 - - [13/May/2026:15:53:22 +0000] "GET /uploads/blog-post/71-featured-4-principios-de-inversion-de-Warren-Buffett.jpg HTTP/1.0" 200 3609 "-" "ChatGPT/1.2026.118 (iOS 26.4.2; iPhone14,5; build 25242079475)"
66.249.78.41 - - [13/May/2026:15:57:38 +0000] "GET /contacto HTTP/1.0" 200 3539 "-" "Mozilla/5.0 (Linux; Android 6.0.1; Nexus 5X Build/MMB29P) AppleWebKit/537.36 (KHTML, like Gecko) Chrome/148.0.7778.96 Mobile Safari/537.36 (compatible; Googlebot/2.1; +http://www.google.com/bot.html)"
57.141.20.44 - - [13/May/2026:15:58:13 +0000] "GET /blog/inversion-en-madrid-como-capitalizar-airbnb HTTP/1.0" 200 3579 "-" "meta-externalagent/1.1 (+https://developers.facebook.com/docs/sharing/webmasters/crawler)"
66.249.78.40 - - [13/May/2026:15:59:13 +0000] "GET /contacto HTTP/1.0" 200 3539 "-" "Mozilla/5.0 (Linux; Android 6.0.1; Nexus 5X Build/MMB29P) AppleWebKit/537.36 (KHTML, like Gecko) Chrome/148.0.7778.96 Mobile Safari/537.36 (compatible; Googlebot/2.1; +http://www.google.com/bot.html)"
66.249.79.137 - - [13/May/2026:15:59:52 +0000] "GET /contacto HTTP/1.0" 200 3539 "-" "Mozilla/5.0 (Linux; Android 6.0.1; Nexus 5X Build/MMB29P) AppleWebKit/537.36 (KHTML, like Gecko) Chrome/148.0.7778.96 Mobile Safari/537.36 (compatible; Googlebot/2.1; +http://www.google.com/bot.html)"
66.249.78.41 - - [13/May/2026:16:00:00 +0000] "GET /proyectos HTTP/1.0" 200 3540 "-" "Mozilla/5.0 (Linux; Android 6.0.1; Nexus 5X Build/MMB29P) AppleWebKit/537.36 (KHTML, like Gecko) Chrome/148.0.7778.96 Mobile Safari/537.36 (compatible; Googlebot/2.1; +http://www.google.com/bot.html)"
216.244.66.198 - - [13/May/2026:16:00:23 +0000] "GET /blog/tag/Impuestos+crowdfunding HTTP/1.0" 200 19564 "-" "Mozilla/5.0 (compatible; DotBot/1.2; +https://opensiteexplorer.org/dotbot; help@moz.com)"
185.191.171.4 - - [13/May/2026:16:00:26 +0000] "GET /robots.txt HTTP/1.0" 200 3627 "-" "Mozilla/5.0 (compatible; SemrushBot/7~bl; +http://www.semrush.com/bot.html)"
74.7.242.131 - - [13/May/2026:16:00:27 +0000] "GET /uploads/blog-post/71-featured-4-principios-de-inversion-de-Warren-Buffett.jpg HTTP/1.0" 200 3609 "-" "Mozilla/5.0 (Macintosh; Intel Mac OS X 10_15_7) AppleWebKit/537.36 (KHTML, like Gecko) Chrome/131.0.0.0 Safari/537.36; compatible; OAI-SearchBot/1.3; +https://openai.com/searchbot"
74.7.241.155 - - [13/May/2026:16:00:28 +0000] "GET /robots.txt HTTP/1.0" 200 3627 "-" "Mozilla/5.0 (Macintosh; Intel Mac OS X 10_15_7) AppleWebKit/537.36 (KHTML, like Gecko) Chrome/131.0.0.0 Safari/537.36; compatible; OAI-SearchBot/1.3; robots.txt; +https://openai.com/searchbot"
216.244.66.198 - - [13/May/2026:16:00:28 +0000] "GET /blog/tag/Neinor+Homes HTTP/1.0" 200 19319 "-" "Mozilla/5.0 (compatible; DotBot/1.2; +https://opensiteexplorer.org/dotbot; help@moz.com)"
85.208.96.207 - - [13/May/2026:16:00:28 +0000] "GET /blog/tag/tipo+de+inversi%C3%B3n HTTP/1.0" 200 19264 "-" "Mozilla/5.0 (compatible; SemrushBot/7~bl; +http://www.semrush.com/bot.html)"
66.249.78.39 - - [13/May/2026:16:00:52 +0000] "GET /contacto HTTP/1.0" 200 3539 "-" "Mozilla/5.0 (Linux; Android 6.0.1; Nexus 5X Build/MMB29P) AppleWebKit/537.36 (KHTML, like Gecko) Chrome/148.0.7778.96 Mobile Safari/537.36 (compatible; Googlebot/2.1; +http://www.google.com/bot.html)"
66.249.79.137 - - [13/May/2026:16:02:04 +0000] "GET /contacto HTTP/1.0" 200 3539 "-" "Mozilla/5.0 (Linux; Android 6.0.1; Nexus 5X Build/MMB29P) AppleWebKit/537.36 (KHTML, like Gecko) Chrome/148.0.7778.96 Mobile Safari/537.36 (compatible; Googlebot/2.1; +http://www.google.com/bot.html)"
66.249.78.39 - - [13/May/2026:16:03:16 +0000] "GET /contacto HTTP/1.0" 200 3539 "-" "Mozilla/5.0 (Linux; Android 6.0.1; Nexus 5X Build/MMB29P) AppleWebKit/537.36 (KHTML, like Gecko) Chrome/148.0.7778.96 Mobile Safari/537.36 (compatible; Googlebot/2.1; +http://www.google.com/bot.html)"
66.249.79.137 - - [13/May/2026:16:03:50 +0000] "GET /contacto HTTP/1.0" 200 3539 "-" "Mozilla/5.0 (Linux; Android 6.0.1; Nexus 5X Build/MMB29P) AppleWebKit/537.36 (KHTML, like Gecko) Chrome/148.0.7778.96 Mobile Safari/537.36 (compatible; Googlebot/2.1; +http://www.google.com/bot.html)"
43.167.241.46 - - [13/May/2026:16:04:09 +0000] "GET / HTTP/1.0" 200 26556 "http://www.oinversion.com" "Mozilla/5.0 (iPhone; CPU iPhone OS 13_2_3 like Mac OS X) AppleWebKit/605.1.15 (KHTML, like Gecko) Version/13.0.3 Mobile/15E148 Safari/604.1"
66.249.79.139 - - [13/May/2026:16:07:21 +0000] "GET /contacto HTTP/1.0" 200 3539 "-" "Mozilla/5.0 (Linux; Android 6.0.1; Nexus 5X Build/MMB29P) AppleWebKit/537.36 (KHTML, like Gecko) Chrome/148.0.7778.96 Mobile Safari/537.36 (compatible; Googlebot/2.1; +http://www.google.com/bot.html)"
66.249.79.138 - - [13/May/2026:16:09:03 +0000] "GET /contacto HTTP/1.0" 200 3539 "-" "Mozilla/5.0 (Linux; Android 6.0.1; Nexus 5X Build/MMB29P) AppleWebKit/537.36 (KHTML, like Gecko) Chrome/148.0.7778.96 Mobile Safari/537.36 (compatible; Googlebot/2.1; +http://www.google.com/bot.html)"
66.249.79.138 - - [13/May/2026:16:12:32 +0000] "GET /contacto HTTP/1.0" 200 3539 "-" "Mozilla/5.0 (Linux; Android 6.0.1; Nexus 5X Build/MMB29P) AppleWebKit/537.36 (KHTML, like Gecko) Chrome/148.0.7778.96 Mobile Safari/537.36 (compatible; Googlebot/2.1; +http://www.google.com/bot.html)"
66.249.78.39 - - [13/May/2026:16:13:28 +0000] "GET /contacto HTTP/1.0" 200 3539 "-" "Mozilla/5.0 (Linux; Android 6.0.1; Nexus 5X Build/MMB29P) AppleWebKit/537.36 (KHTML, like Gecko) Chrome/148.0.7778.96 Mobile Safari/537.36 (compatible; Googlebot/2.1; +http://www.google.com/bot.html)"
66.249.79.138 - - [13/May/2026:16:13:59 +0000] "GET /contacto HTTP/1.0" 200 3539 "-" "Mozilla/5.0 (Linux; Android 6.0.1; Nexus 5X Build/MMB29P) AppleWebKit/537.36 (KHTML, like Gecko) Chrome/148.0.7778.96 Mobile Safari/537.36 (compatible; Googlebot/2.1; +http://www.google.com/bot.html)"
198.244.242.201 - - [13/May/2026:16:14:44 +0000] "GET /blog/como-invertir-en-criptomonedas HTTP/1.0" 200 47887 "-" "Mozilla/5.0 (compatible; AhrefsBot/7.0; +http://ahrefs.com/robot/)"
