140.213.128.32 - - [13/May/2026:13:21:54 +0000] "GET /designs/74165272/canvas/1/product_images HTTP/1.0" 404 16000 "https://www.oinversion.com/blog/tag/socimis" "Mozilla/5.0 (Linux; Android 8.1.0; vivo 1724) AppleWebKit/537.36 (KHTML, like Gecko) Chrome/70.0.3538.110 Mobile Safari/537.36"
140.213.128.32 - - [13/May/2026:13:22:05 +0000] "GET /designs/74165272/canvas/1/product_images HTTP/1.0" 404 15796 "https://www.oinversion.com/blog/tag/socimis" "Mozilla/5.0 (Linux; Android 8.1.0; vivo 1724) AppleWebKit/537.36 (KHTML, like Gecko) Chrome/70.0.3538.110 Mobile Safari/537.36"
66.249.79.137 - - [13/May/2026:13:22:48 +0000] "GET /contacto HTTP/1.0" 200 3539 "-" "Mozilla/5.0 (Linux; Android 6.0.1; Nexus 5X Build/MMB29P) AppleWebKit/537.36 (KHTML, like Gecko) Chrome/148.0.7778.96 Mobile Safari/537.36 (compatible; Googlebot/2.1; +http://www.google.com/bot.html)"
216.244.66.198 - - [13/May/2026:13:23:04 +0000] "GET /robots.txt HTTP/1.0" 200 3627 "-" "Mozilla/5.0 (compatible; DotBot/1.2; +https://opensiteexplorer.org/dotbot; help@moz.com)"
216.244.66.198 - - [13/May/2026:13:23:04 +0000] "GET /robots.txt HTTP/1.0" 200 3627 "-" "Mozilla/5.0 (compatible; DotBot/1.2; +https://opensiteexplorer.org/dotbot; help@moz.com)"
57.129.139.103 - - [13/May/2026:13:25:18 +0000] "GET /blog/tag/psicolog%C3%ADa+del+trader HTTP/1.0" 200 19512 "-" "Mozilla/5.0 (Windows NT 10.0; Win64; x64) AppleWebKit/537.36 (KHTML, like Gecko) Chrome/139.0.0.0 Safari/537.36"
51.91.254.244 - - [13/May/2026:13:25:18 +0000] "GET /blog/tag/alcista HTTP/1.0" 200 20657 "-" "Mozilla/5.0 (Windows NT 10.0; Win64; x64) AppleWebKit/537.36 (KHTML, like Gecko) Chrome/139.0.0.0 Safari/537.36"
66.249.78.39 - - [13/May/2026:13:27:11 +0000] "GET /contacto HTTP/1.0" 200 3539 "-" "Mozilla/5.0 (Linux; Android 6.0.1; Nexus 5X Build/MMB29P) AppleWebKit/537.36 (KHTML, like Gecko) Chrome/148.0.7778.96 Mobile Safari/537.36 (compatible; Googlebot/2.1; +http://www.google.com/bot.html)"
66.249.79.137 - - [13/May/2026:13:28:02 +0000] "GET /contacto HTTP/1.0" 200 3539 "-" "Mozilla/5.0 (Linux; Android 6.0.1; Nexus 5X Build/MMB29P) AppleWebKit/537.36 (KHTML, like Gecko) Chrome/148.0.7778.96 Mobile Safari/537.36 (compatible; Googlebot/2.1; +http://www.google.com/bot.html)"
3.93.211.16 - - [13/May/2026:13:32:51 +0000] "GET /fondos-de-inversion HTTP/1.0" 200 3550 "-" "Mozilla/5.0 AppleWebKit/537.36 (KHTML, like Gecko; compatible; Amazonbot/0.1; +https://developer.amazon.com/support/amazonbot) Chrome/119.0.6045.214 Safari/537.36"
66.249.78.40 - - [13/May/2026:13:33:05 +0000] "GET /contacto HTTP/1.0" 200 3539 "-" "Mozilla/5.0 (Linux; Android 6.0.1; Nexus 5X Build/MMB29P) AppleWebKit/537.36 (KHTML, like Gecko) Chrome/148.0.7778.96 Mobile Safari/537.36 (compatible; Googlebot/2.1; +http://www.google.com/bot.html)"
182.2.101.177 - - [13/May/2026:13:33:18 +0000] "GET /contacto HTTP/1.0" 200 3539 "https://www.google.com/" "Mozilla/5.0 (Linux; Android 10; K) AppleWebKit/537.36 (KHTML, like Gecko) Chrome/147.0.0.0 Mobile Safari/537.36"
23.23.180.225 - - [13/May/2026:13:34:33 +0000] "GET /blog/tag/inversi%C3%B3n?page=7 HTTP/1.0" 200 24593 "-" "Mozilla/5.0 AppleWebKit/537.36 (KHTML, like Gecko; compatible; Amazonbot/0.1; +https://developer.amazon.com/support/amazonbot) Chrome/119.0.6045.214 Safari/537.36"
192.109.200.215 - - [13/May/2026:13:35:19 +0000] "GET /test.php HTTP/1.0" 404 15896 "http://oinversion.com/test.php" "Mozilla/5.0 (Windows NT 10.0; Win64; x64) AppleWebKit/537.36 (KHTML, like Gecko) Chrome/91.0.4472.124 Safari/537.36"
192.109.200.215 - - [13/May/2026:13:35:28 +0000] "GET /_profiler/phpinfo HTTP/1.0" 404 14754 "http://oinversion.com/_profiler/phpinfo" "Mozilla/5.0 (X11; Linux x86_64) AppleWebKit/537.36 (KHTML, like Gecko) Chrome/91.0.4472.124 Safari/537.36"
192.109.200.215 - - [13/May/2026:13:35:34 +0000] "GET /info.php HTTP/1.0" 404 15896 "http://oinversion.com/info.php" "Mozilla/5.0 (Macintosh; Intel Mac OS X 10_15_7) AppleWebKit/537.36 (KHTML, like Gecko) Chrome/91.0.4472.124 Safari/537.36"
192.109.200.215 - - [13/May/2026:13:35:42 +0000] "GET /php.php HTTP/1.0" 404 15893 "http://oinversion.com/php.php" "Mozilla/5.0 (Macintosh; Intel Mac OS X 10_15_7) AppleWebKit/537.36 (KHTML, like Gecko) Chrome/91.0.4472.124 Safari/537.36"
192.109.200.215 - - [13/May/2026:13:35:47 +0000] "GET /php_info.php HTTP/1.0" 404 15908 "http://oinversion.com/php_info.php" "Mozilla/5.0 (Windows NT 10.0; Win64; x64) AppleWebKit/537.36 (KHTML, like Gecko) Chrome/91.0.4472.124 Safari/537.36"
66.249.79.138 - - [13/May/2026:13:35:49 +0000] "GET /contacto HTTP/1.0" 200 3539 "-" "Mozilla/5.0 (Linux; Android 6.0.1; Nexus 5X Build/MMB29P) AppleWebKit/537.36 (KHTML, like Gecko) Chrome/148.0.7778.96 Mobile Safari/537.36 (compatible; Googlebot/2.1; +http://www.google.com/bot.html)"
192.109.200.215 - - [13/May/2026:13:35:55 +0000] "GET /i.php HTTP/1.0" 404 15887 "http://oinversion.com/i.php" "Mozilla/5.0 (Macintosh; Intel Mac OS X 10_15_7) AppleWebKit/537.36 (KHTML, like Gecko) Chrome/91.0.4472.124 Safari/537.36"
54.37.118.94 - - [13/May/2026:13:35:56 +0000] "GET /blog/los-sitios-mas-rentables-para-invertir-en-vivienda-en-espana HTTP/1.0" 200 55541 "-" "Mozilla/5.0 (compatible; AhrefsBot/7.0; +http://ahrefs.com/robot/)"
192.109.200.215 - - [13/May/2026:13:35:59 +0000] "GET /pi.php HTTP/1.0" 404 15890 "http://oinversion.com/pi.php" "Mozilla/5.0 (Macintosh; Intel Mac OS X 10_15_7) AppleWebKit/537.36 (KHTML, like Gecko) Chrome/91.0.4472.124 Safari/537.36"
192.109.200.215 - - [13/May/2026:13:36:04 +0000] "GET / HTTP/1.0" 200 26548 "http://oinversion.com/" "Mozilla/5.0 (Macintosh; Intel Mac OS X 10_15_7) AppleWebKit/537.36 (KHTML, like Gecko) Chrome/91.0.4472.124 Safari/537.36"
192.109.200.215 - - [13/May/2026:13:36:08 +0000] "GET /admin/phpinfo.php HTTP/1.0" 404 14750 "http://oinversion.com/admin/phpinfo.php" "Mozilla/5.0 (Macintosh; Intel Mac OS X 10_15_7) AppleWebKit/537.36 (KHTML, like Gecko) Chrome/91.0.4472.124 Safari/537.36"
192.109.200.215 - - [13/May/2026:13:36:12 +0000] "GET /pinfo.php HTTP/1.0" 404 15899 "http://oinversion.com/pinfo.php" "Mozilla/5.0 (Macintosh; Intel Mac OS X 10_15_7) AppleWebKit/537.36 (KHTML, like Gecko) Chrome/91.0.4472.124 Safari/537.36"
192.109.200.215 - - [13/May/2026:13:36:16 +0000] "GET /php_version.php HTTP/1.0" 404 15917 "http://oinversion.com/php_version.php" "Mozilla/5.0 (Macintosh; Intel Mac OS X 10_15_7) AppleWebKit/537.36 (KHTML, like Gecko) Chrome/91.0.4472.124 Safari/537.36"
192.109.200.215 - - [13/May/2026:13:36:21 +0000] "GET /.aws/credentials HTTP/1.0" 404 14746 "http://oinversion.com/.aws/credentials" "Mozilla/5.0 (Windows NT 10.0; Win64; x64) AppleWebKit/537.36 (KHTML, like Gecko) Chrome/91.0.4472.124 Safari/537.36"
110.249.201.207 - - [13/May/2026:13:36:23 +0000] "GET /assets/7e549121/img/computer.jpg HTTP/1.0" 200 3564 "https://oinversion.com/" "Mozilla/5.0 (Linux; Android 5.0) AppleWebKit/537.36 (KHTML, like Gecko) Mobile Safari/537.36 (compatible; Bytespider; https://zhanzhang.toutiao.com/)"
192.109.200.215 - - [13/May/2026:13:36:25 +0000] "GET /.env HTTP/1.0" 403 4384 "http://oinversion.com/.env" "Mozilla/5.0 (Windows NT 10.0; Win64; x64) AppleWebKit/537.36 (KHTML, like Gecko) Chrome/91.0.4472.124 Safari/537.36"
192.109.200.215 - - [13/May/2026:13:36:31 +0000] "GET /.env.example HTTP/1.0" 403 4384 "http://oinversion.com/.env.example" "Mozilla/5.0 (Macintosh; Intel Mac OS X 10_15_7) AppleWebKit/537.36 (KHTML, like Gecko) Chrome/91.0.4472.124 Safari/537.36"
192.109.200.215 - - [13/May/2026:13:36:37 +0000] "GET /.env.local HTTP/1.0" 403 4384 "http://oinversion.com/.env.local" "Mozilla/5.0 (Windows NT 10.0; Win64; x64) AppleWebKit/537.36 (KHTML, like Gecko) Chrome/91.0.4472.124 Safari/537.36"
195.201.199.99 - - [13/May/2026:13:36:38 +0000] "GET /robots.txt HTTP/1.0" 200 3627 "-" "Mozilla/5.0 (compatible; MJ12bot/v1.4.8; http://mj12bot.com/)"
195.201.199.99 - - [13/May/2026:13:36:39 +0000] "GET /blog/cinco-maneras-de-ganar-dinero-con-las-criptomonedas HTTP/1.0" 200 46655 "-" "Mozilla/5.0 (compatible; MJ12bot/v1.4.8; http://mj12bot.com/)"
192.109.200.215 - - [13/May/2026:13:36:44 +0000] "GET /.env.backup HTTP/1.0" 403 4384 "http://oinversion.com/.env.backup" "Mozilla/5.0 (Windows NT 10.0; Win64; x64) AppleWebKit/537.36 (KHTML, like Gecko) Chrome/91.0.4472.124 Safari/537.36"
192.109.200.215 - - [13/May/2026:13:36:49 +0000] "GET /config/.env HTTP/1.0" 403 4384 "http://oinversion.com/config/.env" "Mozilla/5.0 (Windows NT 10.0; Win64; x64) AppleWebKit/537.36 (KHTML, like Gecko) Chrome/91.0.4472.124 Safari/537.36"
66.249.79.138 - - [13/May/2026:13:39:13 +0000] "GET /contacto HTTP/1.0" 200 3539 "-" "Mozilla/5.0 (Linux; Android 6.0.1; Nexus 5X Build/MMB29P) AppleWebKit/537.36 (KHTML, like Gecko) Chrome/148.0.7778.96 Mobile Safari/537.36 (compatible; Googlebot/2.1; +http://www.google.com/bot.html)"
216.244.66.198 - - [13/May/2026:13:39:26 +0000] "GET /blog/tag/oportunidades+de+inversi%C3%B3n HTTP/1.0" 200 32870 "-" "Mozilla/5.0 (compatible; DotBot/1.2; +https://opensiteexplorer.org/dotbot; help@moz.com)"
216.244.66.198 - - [13/May/2026:13:39:31 +0000] "GET /blog/tag/retiro+antes+de+la+edad+de+jubilarse HTTP/1.0" 200 19980 "-" "Mozilla/5.0 (compatible; DotBot/1.2; +https://opensiteexplorer.org/dotbot; help@moz.com)"
43.157.168.43 - - [13/May/2026:13:40:29 +0000] "GET / HTTP/1.0" 200 26548 "http://oinversion.com" "Mozilla/5.0 (iPhone; CPU iPhone OS 13_2_3 like Mac OS X) AppleWebKit/605.1.15 (KHTML, like Gecko) Version/13.0.3 Mobile/15E148 Safari/604.1"
92.222.104.201 - - [13/May/2026:13:41:41 +0000] "GET /pages/store-locator HTTP/1.0" 404 14764 "-" "Mozilla/5.0 (compatible; AhrefsBot/7.0; +http://ahrefs.com/robot/)"
66.249.79.139 - - [13/May/2026:13:41:51 +0000] "GET /contacto HTTP/1.0" 200 3539 "-" "Mozilla/5.0 (Linux; Android 6.0.1; Nexus 5X Build/MMB29P) AppleWebKit/537.36 (KHTML, like Gecko) Chrome/148.0.7778.96 Mobile Safari/537.36 (compatible; Googlebot/2.1; +http://www.google.com/bot.html)"
216.244.66.198 - - [13/May/2026:13:42:09 +0000] "GET /blog/tag/inversion?page=8 HTTP/1.0" 200 23072 "-" "Mozilla/5.0 (compatible; DotBot/1.2; +https://opensiteexplorer.org/dotbot; help@moz.com)"
216.244.66.198 - - [13/May/2026:13:42:13 +0000] "GET /blog/tag/inversiones?page=8 HTTP/1.0" 200 21986 "-" "Mozilla/5.0 (compatible; DotBot/1.2; +https://opensiteexplorer.org/dotbot; help@moz.com)"
216.244.66.198 - - [13/May/2026:13:42:17 +0000] "GET /blog/tag/inversiones?page=9 HTTP/1.0" 200 33921 "-" "Mozilla/5.0 (compatible; DotBot/1.2; +https://opensiteexplorer.org/dotbot; help@moz.com)"
216.73.216.249 - - [13/May/2026:13:43:09 +0000] "GET /sitemap.xml HTTP/1.0" 404 15905 "-" "Mozilla/5.0 AppleWebKit/537.36 (KHTML, like Gecko; compatible; ClaudeBot/1.0; +claudebot@anthropic.com)"
45.91.88.142 - - [13/May/2026:13:44:27 +0000] "GET /uploads/blog-post/30-featured-Invertir%20en%20vivienda%202021%20Oinversi%C3%B3n%20(3).png HTTP/1.0" 200 3606 "-" "Mozilla/5.0 (compatible; crawler)"
51.68.111.203 - - [13/May/2026:13:45:48 +0000] "GET / HTTP/1.0" 200 26556 "-" "Mozilla/5.0 (compatible; MJ12bot/v2.0.5; http://mj12bot.com/)"
47.128.18.94 - - [13/May/2026:13:46:44 +0000] "GET /tapestries HTTP/1.0" 404 15910 "-" "Mozilla/5.0 (Linux; Android 5.0) AppleWebKit/537.36 (KHTML, like Gecko) Mobile Safari/537.36 (compatible; Bytespider; spider-feedback@bytedance.com)"
47.128.18.94 - - [13/May/2026:13:46:48 +0000] "GET /assets/7e549121/css/stylesheet.css?v=1666108212 HTTP/1.0" 200 3564 "https://www.oinversion.com/tapestries" "Mozilla/5.0 (Linux; Android 5.0) AppleWebKit/537.36 (KHTML, like Gecko) Mobile Safari/537.36 (compatible; Bytespider; spider-feedback@bytedance.com)"
47.128.18.94 - - [13/May/2026:13:46:48 +0000] "GET /assets/2a658dd2/css/bootstrap.css?v=1469461915 HTTP/1.0" 200 3563 "https://www.oinversion.com/tapestries" "Mozilla/5.0 (Linux; Android 5.0) AppleWebKit/537.36 (KHTML, like Gecko) Mobile Safari/537.36 (compatible; Bytespider; spider-feedback@bytedance.com)"
47.128.18.94 - - [13/May/2026:13:46:50 +0000] "GET /assets/7e549121/css/font-awesome.min.css?v=1503585073 HTTP/1.0" 200 3570 "https://www.oinversion.com/tapestries" "Mozilla/5.0 (Linux; Android 5.0) AppleWebKit/537.36 (KHTML, like Gecko) Mobile Safari/537.36 (compatible; Bytespider; spider-feedback@bytedance.com)"
47.128.18.94 - - [13/May/2026:13:46:50 +0000] "GET /assets/7e549121/img/logo-oinversion-fondo-oscuro.svg HTTP/1.0" 200 3587 "https://www.oinversion.com/tapestries" "Mozilla/5.0 (Linux; Android 5.0) AppleWebKit/537.36 (KHTML, like Gecko) Mobile Safari/537.36 (compatible; Bytespider; spider-feedback@bytedance.com)"
47.128.18.94 - - [13/May/2026:13:46:51 +0000] "GET /assets/7e549121/img/ico-twitter.svg HTTP/1.0" 200 3570 "https://www.oinversion.com/tapestries" "Mozilla/5.0 (Linux; Android 5.0) AppleWebKit/537.36 (KHTML, like Gecko) Mobile Safari/537.36 (compatible; Bytespider; spider-feedback@bytedance.com)"
47.128.18.94 - - [13/May/2026:13:46:52 +0000] "GET /assets/7e549121/img/logo-oinversion-fondo-oscuro.svg HTTP/1.0" 200 3587 "https://www.oinversion.com/tapestries" "Mozilla/5.0 (Linux; Android 5.0) AppleWebKit/537.36 (KHTML, like Gecko) Mobile Safari/537.36 (compatible; Bytespider; spider-feedback@bytedance.com)"
47.128.18.94 - - [13/May/2026:13:46:53 +0000] "GET /assets/7e549121/img/logo-oinversion-fondo-oscuro.svg HTTP/1.0" 200 3587 "https://www.oinversion.com/tapestries" "Mozilla/5.0 (Linux; Android 5.0) AppleWebKit/537.36 (KHTML, like Gecko) Mobile Safari/537.36 (compatible; Bytespider; spider-feedback@bytedance.com)"
47.128.18.94 - - [13/May/2026:13:46:53 +0000] "GET /assets/7e549121/img/ico-twitter.svg HTTP/1.0" 200 3570 "https://www.oinversion.com/tapestries" "Mozilla/5.0 (Linux; Android 5.0) AppleWebKit/537.36 (KHTML, like Gecko) Mobile Safari/537.36 (compatible; Bytespider; spider-feedback@bytedance.com)"
47.128.18.94 - - [13/May/2026:13:46:54 +0000] "GET /assets/7e549121/img/ico-twitter.svg HTTP/1.0" 200 3570 "https://www.oinversion.com/tapestries" "Mozilla/5.0 (Linux; Android 5.0) AppleWebKit/537.36 (KHTML, like Gecko) Mobile Safari/537.36 (compatible; Bytespider; spider-feedback@bytedance.com)"
5.39.1.238 - - [13/May/2026:13:47:06 +0000] "GET /blog/previsiones-para-la-industria-hotelera HTTP/1.0" 200 40519 "-" "Mozilla/5.0 (compatible; AhrefsBot/7.0; +http://ahrefs.com/robot/)"
85.208.96.196 - - [13/May/2026:13:47:16 +0000] "GET /robots.txt HTTP/1.0" 200 3627 "-" "Mozilla/5.0 (compatible; SemrushBot/7~bl; +http://www.semrush.com/bot.html)"
185.191.171.11 - - [13/May/2026:13:47:17 +0000] "GET /blog/tag/Espa%C3%B1a HTTP/1.0" 200 21651 "-" "Mozilla/5.0 (compatible; SemrushBot/7~bl; +http://www.semrush.com/bot.html)"
47.128.18.80 - - [13/May/2026:13:48:10 +0000] "GET /tag-directory HTTP/1.0" 404 15919 "-" "Mozilla/5.0 (Linux; Android 5.0) AppleWebKit/537.36 (KHTML, like Gecko) Mobile Safari/537.36 (compatible; Bytespider; spider-feedback@bytedance.com)"
47.128.18.80 - - [13/May/2026:13:48:11 +0000] "GET /assets/7e549121/css/stylesheet.css?v=1666108212 HTTP/1.0" 200 3564 "https://www.oinversion.com/tag-directory" "Mozilla/5.0 (Linux; Android 5.0) AppleWebKit/537.36 (KHTML, like Gecko) Mobile Safari/537.36 (compatible; Bytespider; spider-feedback@bytedance.com)"
47.128.18.80 - - [13/May/2026:13:48:11 +0000] "GET /assets/7e549121/img/logo-oinversion-fondo-claro.svg HTTP/1.0" 200 3586 "https://www.oinversion.com/tag-directory" "Mozilla/5.0 (Linux; Android 5.0) AppleWebKit/537.36 (KHTML, like Gecko) Mobile Safari/537.36 (compatible; Bytespider; spider-feedback@bytedance.com)"
47.128.18.80 - - [13/May/2026:13:48:11 +0000] "GET /assets/7e549121/img/logo-oinversion-fondo-oscuro.svg HTTP/1.0" 200 3587 "https://www.oinversion.com/tag-directory" "Mozilla/5.0 (Linux; Android 5.0) AppleWebKit/537.36 (KHTML, like Gecko) Mobile Safari/537.36 (compatible; Bytespider; spider-feedback@bytedance.com)"
47.128.18.80 - - [13/May/2026:13:48:12 +0000] "GET /assets/7e549121/img/logo-oinversion-fondo-claro.svg HTTP/1.0" 200 3586 "https://www.oinversion.com/tag-directory" "Mozilla/5.0 (Linux; Android 5.0) AppleWebKit/537.36 (KHTML, like Gecko) Mobile Safari/537.36 (compatible; Bytespider; spider-feedback@bytedance.com)"
47.128.18.80 - - [13/May/2026:13:48:12 +0000] "GET /assets/7e549121/img/logo-oinversion-fondo-oscuro.svg HTTP/1.0" 200 3587 "https://www.oinversion.com/tag-directory" "Mozilla/5.0 (Linux; Android 5.0) AppleWebKit/537.36 (KHTML, like Gecko) Mobile Safari/537.36 (compatible; Bytespider; spider-feedback@bytedance.com)"
47.128.18.80 - - [13/May/2026:13:48:12 +0000] "GET /assets/7e549121/img/ico-facebook.svg HTTP/1.0" 200 3571 "https://www.oinversion.com/tag-directory" "Mozilla/5.0 (Linux; Android 5.0) AppleWebKit/537.36 (KHTML, like Gecko) Mobile Safari/537.36 (compatible; Bytespider; spider-feedback@bytedance.com)"
47.128.18.80 - - [13/May/2026:13:48:12 +0000] "GET /assets/7e549121/img/ico-twitter.svg HTTP/1.0" 200 3570 "https://www.oinversion.com/tag-directory" "Mozilla/5.0 (Linux; Android 5.0) AppleWebKit/537.36 (KHTML, like Gecko) Mobile Safari/537.36 (compatible; Bytespider; spider-feedback@bytedance.com)"
47.128.18.80 - - [13/May/2026:13:48:14 +0000] "GET /assets/7e549121/img/logo-oinversion-fondo-oscuro.svg HTTP/1.0" 200 3587 "https://www.oinversion.com/tag-directory" "Mozilla/5.0 (Linux; Android 5.0) AppleWebKit/537.36 (KHTML, like Gecko) Mobile Safari/537.36 (compatible; Bytespider; spider-feedback@bytedance.com)"
47.128.18.80 - - [13/May/2026:13:48:14 +0000] "GET /assets/7e549121/img/logo-oinversion-fondo-claro.svg HTTP/1.0" 200 3586 "https://www.oinversion.com/tag-directory" "Mozilla/5.0 (Linux; Android 5.0) AppleWebKit/537.36 (KHTML, like Gecko) Mobile Safari/537.36 (compatible; Bytespider; spider-feedback@bytedance.com)"
47.128.18.80 - - [13/May/2026:13:48:15 +0000] "GET /assets/7e549121/img/ico-twitter.svg HTTP/1.0" 200 3570 "https://www.oinversion.com/tag-directory" "Mozilla/5.0 (Linux; Android 5.0) AppleWebKit/537.36 (KHTML, like Gecko) Mobile Safari/537.36 (compatible; Bytespider; spider-feedback@bytedance.com)"
47.128.18.80 - - [13/May/2026:13:48:15 +0000] "GET /assets/7e549121/img/ico-facebook.svg HTTP/1.0" 200 3571 "https://www.oinversion.com/tag-directory" "Mozilla/5.0 (Linux; Android 5.0) AppleWebKit/537.36 (KHTML, like Gecko) Mobile Safari/537.36 (compatible; Bytespider; spider-feedback@bytedance.com)"
47.128.18.80 - - [13/May/2026:13:48:16 +0000] "GET /assets/7e549121/img/ico-twitter.svg HTTP/1.0" 200 3570 "https://www.oinversion.com/tag-directory" "Mozilla/5.0 (Linux; Android 5.0) AppleWebKit/537.36 (KHTML, like Gecko) Mobile Safari/537.36 (compatible; Bytespider; spider-feedback@bytedance.com)"
47.128.18.80 - - [13/May/2026:13:48:16 +0000] "GET /assets/7e549121/img/ico-facebook.svg HTTP/1.0" 200 3571 "https://www.oinversion.com/tag-directory" "Mozilla/5.0 (Linux; Android 5.0) AppleWebKit/537.36 (KHTML, like Gecko) Mobile Safari/537.36 (compatible; Bytespider; spider-feedback@bytedance.com)"
66.249.79.138 - - [13/May/2026:13:49:39 +0000] "GET /contacto HTTP/1.0" 200 3539 "-" "Mozilla/5.0 (Linux; Android 6.0.1; Nexus 5X Build/MMB29P) AppleWebKit/537.36 (KHTML, like Gecko) Chrome/148.0.7778.96 Mobile Safari/537.36 (compatible; Googlebot/2.1; +http://www.google.com/bot.html)"
66.249.79.138 - - [13/May/2026:13:51:01 +0000] "GET /contacto HTTP/1.0" 200 3539 "-" "Mozilla/5.0 (Linux; Android 6.0.1; Nexus 5X Build/MMB29P) AppleWebKit/537.36 (KHTML, like Gecko) Chrome/148.0.7778.96 Mobile Safari/537.36 (compatible; Googlebot/2.1; +http://www.google.com/bot.html)"
17.22.253.176 - - [13/May/2026:13:54:15 +0000] "GET /uploads/blog-post/6-featured-inversiones_espana-2016-2017.jpg HTTP/1.0" 200 3593 "-" "Mozilla/5.0 (Macintosh; Intel Mac OS X 10_15_7) AppleWebKit/605.1.15 (KHTML, like Gecko) Version/17.4 Safari/605.1.15 (Applebot/0.1; +http://www.apple.com/go/applebot)"
109.166.40.63 - - [13/May/2026:13:55:44 +0000] "GET / HTTP/1.0" 200 26548 "-" "Mozilla/5.0 (Windows NT 10.0; Win64; x64) AppleWebKit/537.36 (KHTML, like Gecko) Chrome/145.0.0.0 Safari/537.36"
109.166.40.63 - - [13/May/2026:13:55:47 +0000] "GET /blog/ HTTP/1.0" 200 256725 "-" "Mozilla/5.0 (Windows NT 10.0; Win64; x64) AppleWebKit/537.36 (KHTML, like Gecko) Chrome/145.0.0.0 Safari/537.36"
109.166.40.63 - - [13/May/2026:13:55:48 +0000] "GET /legal/ip HTTP/1.0" 404 14519 "-" "Mozilla/5.0 (Windows NT 10.0; Win64; x64) AppleWebKit/537.36 (KHTML, like Gecko) Chrome/145.0.0.0 Safari/537.36"
109.166.40.63 - - [13/May/2026:13:55:48 +0000] "GET /proyectos HTTP/1.0" 200 3540 "-" "Mozilla/5.0 (Windows NT 10.0; Win64; x64) AppleWebKit/537.36 (KHTML, like Gecko) Chrome/145.0.0.0 Safari/537.36"
109.166.40.63 - - [13/May/2026:13:55:50 +0000] "GET /contact HTTP/1.0" 200 18750 "-" "Mozilla/5.0 (Windows NT 10.0; Win64; x64) AppleWebKit/537.36 (KHTML, like Gecko) Chrome/145.0.0.0 Safari/537.36"
109.166.40.63 - - [13/May/2026:13:55:50 +0000] "GET /assets/fe2b9edf/yii.js?v=1468244202 HTTP/1.0" 200 3566 "-" "Mozilla/5.0 (Windows NT 10.0; Win64; x64) AppleWebKit/537.36 (KHTML, like Gecko) Chrome/145.0.0.0 Safari/537.36"
109.166.40.63 - - [13/May/2026:13:55:51 +0000] "GET /assets/fe2b9edf/yii.activeForm.js?v=1468244202 HTTP/1.0" 200 3577 "-" "Mozilla/5.0 (Windows NT 10.0; Win64; x64) AppleWebKit/537.36 (KHTML, like Gecko) Chrome/145.0.0.0 Safari/537.36"
109.166.40.63 - - [13/May/2026:13:55:51 +0000] "GET /assets/7e549121/js/main.js?v=1503585073 HTTP/1.0" 200 3570 "-" "Mozilla/5.0 (Windows NT 10.0; Win64; x64) AppleWebKit/537.36 (KHTML, like Gecko) Chrome/145.0.0.0 Safari/537.36"
109.166.40.63 - - [13/May/2026:13:55:51 +0000] "GET /assets/7e549121/js/Chart.min.js?v=1503585073 HTTP/1.0" 200 3575 "-" "Mozilla/5.0 (Windows NT 10.0; Win64; x64) AppleWebKit/537.36 (KHTML, like Gecko) Chrome/145.0.0.0 Safari/537.36"
109.166.40.63 - - [13/May/2026:13:55:54 +0000] "GET /assets/fe2b9edf/yii.validation.js?v=1468244202 HTTP/1.0" 200 3577 "-" "Mozilla/5.0 (Windows NT 10.0; Win64; x64) AppleWebKit/537.36 (KHTML, like Gecko) Chrome/145.0.0.0 Safari/537.36"
109.166.40.63 - - [13/May/2026:13:55:54 +0000] "GET /about HTTP/1.0" 404 15683 "-" "Mozilla/5.0 (Windows NT 10.0; Win64; x64) AppleWebKit/537.36 (KHTML, like Gecko) Chrome/145.0.0.0 Safari/537.36"
109.166.40.63 - - [13/May/2026:13:55:54 +0000] "GET /contacto HTTP/1.0" 200 3539 "-" "Mozilla/5.0 (Windows NT 10.0; Win64; x64) AppleWebKit/537.36 (KHTML, like Gecko) Chrome/145.0.0.0 Safari/537.36"
109.166.40.63 - - [13/May/2026:13:55:56 +0000] "GET /assets/cf9ef75a/yii.js?v=1468244202 HTTP/1.0" 200 3566 "-" "Mozilla/5.0 (Windows NT 10.0; Win64; x64) AppleWebKit/537.36 (KHTML, like Gecko) Chrome/145.0.0.0 Safari/537.36"
109.166.40.63 - - [13/May/2026:13:55:56 +0000] "GET /assets/cf9ef75a/yii.activeForm.js?v=1468244202 HTTP/1.0" 200 3577 "-" "Mozilla/5.0 (Windows NT 10.0; Win64; x64) AppleWebKit/537.36 (KHTML, like Gecko) Chrome/145.0.0.0 Safari/537.36"
109.166.40.63 - - [13/May/2026:13:55:57 +0000] "GET /assets/ce95ab48/js/main.js?v=1503585073 HTTP/1.0" 200 3570 "-" "Mozilla/5.0 (Windows NT 10.0; Win64; x64) AppleWebKit/537.36 (KHTML, like Gecko) Chrome/145.0.0.0 Safari/537.36"
109.166.40.63 - - [13/May/2026:13:55:57 +0000] "GET /assets/ce95ab48/js/Chart.min.js?v=1503585073 HTTP/1.0" 200 3575 "-" "Mozilla/5.0 (Windows NT 10.0; Win64; x64) AppleWebKit/537.36 (KHTML, like Gecko) Chrome/145.0.0.0 Safari/537.36"
109.166.40.63 - - [13/May/2026:13:55:59 +0000] "GET /assets/cf9ef75a/yii.validation.js?v=1468244202 HTTP/1.0" 200 3577 "-" "Mozilla/5.0 (Windows NT 10.0; Win64; x64) AppleWebKit/537.36 (KHTML, like Gecko) Chrome/145.0.0.0 Safari/537.36"
109.166.40.63 - - [13/May/2026:13:55:59 +0000] "GET /assets/941a22b7/yii.js?v=1468244202 HTTP/1.0" 200 3566 "-" "Mozilla/5.0 (Windows NT 10.0; Win64; x64) AppleWebKit/537.36 (KHTML, like Gecko) Chrome/145.0.0.0 Safari/537.36"
109.166.40.63 - - [13/May/2026:13:55:59 +0000] "GET /assets/941a22b7/yii.activeForm.js?v=1468244202 HTTP/1.0" 200 3577 "-" "Mozilla/5.0 (Windows NT 10.0; Win64; x64) AppleWebKit/537.36 (KHTML, like Gecko) Chrome/145.0.0.0 Safari/537.36"
109.166.40.63 - - [13/May/2026:13:56:02 +0000] "GET /assets/941a22b7/yii.validation.js?v=1468244202 HTTP/1.0" 200 3577 "-" "Mozilla/5.0 (Windows NT 10.0; Win64; x64) AppleWebKit/537.36 (KHTML, like Gecko) Chrome/145.0.0.0 Safari/537.36"
109.166.40.63 - - [13/May/2026:13:56:02 +0000] "GET /assets/8b9db211/yii.js?v=1468244202 HTTP/1.0" 200 3566 "-" "Mozilla/5.0 (Windows NT 10.0; Win64; x64) AppleWebKit/537.36 (KHTML, like Gecko) Chrome/145.0.0.0 Safari/537.36"
109.166.40.63 - - [13/May/2026:13:56:03 +0000] "GET /assets/8b9db211/yii.activeForm.js?v=1468244202 HTTP/1.0" 200 3577 "-" "Mozilla/5.0 (Windows NT 10.0; Win64; x64) AppleWebKit/537.36 (KHTML, like Gecko) Chrome/145.0.0.0 Safari/537.36"
109.166.40.63 - - [13/May/2026:13:56:03 +0000] "GET /assets/8b9db211/yii.validation.js?v=1468244202 HTTP/1.0" 200 3577 "-" "Mozilla/5.0 (Windows NT 10.0; Win64; x64) AppleWebKit/537.36 (KHTML, like Gecko) Chrome/145.0.0.0 Safari/537.36"
66.249.78.41 - - [13/May/2026:13:56:48 +0000] "GET /contacto HTTP/1.0" 200 3539 "-" "Mozilla/5.0 (Linux; Android 6.0.1; Nexus 5X Build/MMB29P) AppleWebKit/537.36 (KHTML, like Gecko) Chrome/148.0.7778.96 Mobile Safari/537.36 (compatible; Googlebot/2.1; +http://www.google.com/bot.html)"
66.249.79.128 - - [13/May/2026:13:56:49 +0000] "GET /robots.txt HTTP/1.0" 200 3627 "-" "Mozilla/5.0 (compatible; Googlebot/2.1; +http://www.google.com/bot.html)"
176.36.146.80 - - [13/May/2026:13:58:35 +0000] "GET /contacto/ HTTP/1.0" 404 4397 "https://oinversion.com/contacto/" "Mozilla/5.0 (Windows NT 10.0; Win64; x64) AppleWebKit/537.36 (KHTML, like Gecko) Chrome/129.0.0.0 Safari/537.36"
176.36.146.80 - - [13/May/2026:13:58:35 +0000] "GET / HTTP/1.0" 200 26548 "https://oinversion.com/" "Mozilla/5.0 (Windows NT 10.0; Win64; x64) AppleWebKit/537.36 (KHTML, like Gecko) Chrome/129.0.0.0 Safari/537.36"
176.36.146.80 - - [13/May/2026:13:58:36 +0000] "GET /contacto HTTP/1.0" 200 3539 "https://oinversion.com/contacto" "Mozilla/5.0 (Windows NT 10.0; Win64; x64) AppleWebKit/537.36 (KHTML, like Gecko) Chrome/129.0.0.0 Safari/537.36"
176.36.146.80 - - [13/May/2026:13:58:36 +0000] "GET /contacto HTTP/1.0" 200 3539 "https://www.oinversion.com/contacto" "Mozilla/5.0 (Windows NT 10.0; Win64; x64) AppleWebKit/537.36 (KHTML, like Gecko) Chrome/129.0.0.0 Safari/537.36"
176.36.146.80 - - [13/May/2026:13:58:37 +0000] "GET /contact HTTP/1.0" 200 18750 "https://oinversion.com/contact" "Mozilla/5.0 (Windows NT 10.0; Win64; x64) AppleWebKit/537.36 (KHTML, like Gecko) Chrome/129.0.0.0 Safari/537.36"
66.249.78.36 - - [13/May/2026:13:59:16 +0000] "GET /robots.txt HTTP/1.0" 200 3627 "-" "Mozilla/5.0 (compatible; Googlebot/2.1; +http://www.google.com/bot.html)"
66.249.79.137 - - [13/May/2026:13:59:16 +0000] "GET /contacto HTTP/1.0" 200 3539 "-" "Mozilla/5.0 (Linux; Android 6.0.1; Nexus 5X Build/MMB29P) AppleWebKit/537.36 (KHTML, like Gecko) Chrome/148.0.7778.96 Mobile Safari/537.36 (compatible; Googlebot/2.1; +http://www.google.com/bot.html)"
176.36.146.80 - - [13/May/2026:14:00:26 +0000] "POST /contact HTTP/1.0" 302 3660 "https://oinversion.com/contact" "Mozilla/5.0 (Windows NT 10.0; Win64; x64) AppleWebKit/537.36 (KHTML, like Gecko) Chrome/129.0.0.0 Safari/537.36"
176.36.146.80 - - [13/May/2026:14:00:26 +0000] "GET /contact HTTP/1.0" 200 19010 "https://oinversion.com/contact" "Mozilla/5.0 (Windows NT 10.0; Win64; x64) AppleWebKit/537.36 (KHTML, like Gecko) Chrome/129.0.0.0 Safari/537.36"
66.249.79.139 - - [13/May/2026:14:00:28 +0000] "GET /contacto HTTP/1.0" 200 3539 "-" "Mozilla/5.0 (Linux; Android 6.0.1; Nexus 5X Build/MMB29P) AppleWebKit/537.36 (KHTML, like Gecko) Chrome/148.0.7778.96 Mobile Safari/537.36 (compatible; Googlebot/2.1; +http://www.google.com/bot.html)"
66.249.79.129 - - [13/May/2026:14:00:28 +0000] "GET /robots.txt HTTP/1.0" 200 3627 "-" "Mozilla/5.0 (compatible; Googlebot/2.1; +http://www.google.com/bot.html)"
66.249.79.130 - - [13/May/2026:14:02:02 +0000] "GET /robots.txt HTTP/1.0" 200 3627 "-" "Mozilla/5.0 (compatible; Googlebot/2.1; +http://www.google.com/bot.html)"
66.249.79.138 - - [13/May/2026:14:02:02 +0000] "GET /contacto HTTP/1.0" 200 3539 "-" "Mozilla/5.0 (Linux; Android 6.0.1; Nexus 5X Build/MMB29P) AppleWebKit/537.36 (KHTML, like Gecko) Chrome/148.0.7778.96 Mobile Safari/537.36 (compatible; Googlebot/2.1; +http://www.google.com/bot.html)"
66.249.78.39 - - [13/May/2026:14:02:42 +0000] "GET /contacto HTTP/1.0" 200 3539 "-" "Mozilla/5.0 (Linux; Android 6.0.1; Nexus 5X Build/MMB29P) AppleWebKit/537.36 (KHTML, like Gecko) Chrome/148.0.7778.96 Mobile Safari/537.36 (compatible; Googlebot/2.1; +http://www.google.com/bot.html)"
66.249.78.34 - - [13/May/2026:14:04:16 +0000] "GET /robots.txt HTTP/1.0" 200 3627 "-" "Mozilla/5.0 (compatible; Googlebot/2.1; +http://www.google.com/bot.html)"
85.208.96.212 - - [13/May/2026:14:04:16 +0000] "GET /robots.txt HTTP/1.0" 200 3627 "-" "Mozilla/5.0 (compatible; SemrushBot/7~bl; +http://www.semrush.com/bot.html)"
66.249.79.138 - - [13/May/2026:14:04:16 +0000] "GET /contacto HTTP/1.0" 200 3539 "-" "Mozilla/5.0 (Linux; Android 6.0.1; Nexus 5X Build/MMB29P) AppleWebKit/537.36 (KHTML, like Gecko) Chrome/148.0.7778.96 Mobile Safari/537.36 (compatible; Googlebot/2.1; +http://www.google.com/bot.html)"
85.208.96.196 - - [13/May/2026:14:04:16 +0000] "GET /blog/tag/Finanzas HTTP/1.0" 200 19525 "-" "Mozilla/5.0 (compatible; SemrushBot/7~bl; +http://www.semrush.com/bot.html)"
66.249.78.39 - - [13/May/2026:14:04:29 +0000] "GET /contacto HTTP/1.0" 200 3539 "-" "Mozilla/5.0 (Linux; Android 6.0.1; Nexus 5X Build/MMB29P) AppleWebKit/537.36 (KHTML, like Gecko) Chrome/148.0.7778.96 Mobile Safari/537.36 (compatible; Googlebot/2.1; +http://www.google.com/bot.html)"
66.249.78.40 - - [13/May/2026:14:05:39 +0000] "GET /contacto HTTP/1.0" 200 3539 "-" "Mozilla/5.0 (Linux; Android 6.0.1; Nexus 5X Build/MMB29P) AppleWebKit/537.36 (KHTML, like Gecko) Chrome/148.0.7778.96 Mobile Safari/537.36 (compatible; Googlebot/2.1; +http://www.google.com/bot.html)"
66.249.79.129 - - [13/May/2026:14:05:39 +0000] "GET /robots.txt HTTP/1.0" 200 3627 "-" "Mozilla/5.0 (compatible; Googlebot/2.1; +http://www.google.com/bot.html)"
43.155.13.131 - - [13/May/2026:14:06:40 +0000] "GET /blog/el-inversor-inteligente-cinco-consejos-de-benjamin-graham-para-invertir-con-exito HTTP/1.0" 200 43123 "-" "Mozilla/5.0 (Macintosh; Intel Mac OS X 10_15_7) AppleWebKit/537.36 (KHTML, like Gecko) Chrome/142.0.0.0 Safari/537.36"
43.155.13.131 - - [13/May/2026:14:06:41 +0000] "GET /assets/2a658dd2/css/bootstrap.css?v=1469461915 HTTP/1.0" 200 3563 "https://oinversion.com/blog/el-inversor-inteligente-cinco-consejos-de-benjamin-graham-para-invertir-con-exito" "Mozilla/5.0 (Macintosh; Intel Mac OS X 10_15_7) AppleWebKit/537.36 (KHTML, like Gecko) Chrome/142.0.0.0 Safari/537.36"
43.155.13.131 - - [13/May/2026:14:06:41 +0000] "GET /assets/7e549121/css/jquery.bxslider.css?v=1503585073 HTTP/1.0" 200 3569 "https://oinversion.com/blog/el-inversor-inteligente-cinco-consejos-de-benjamin-graham-para-invertir-con-exito" "Mozilla/5.0 (Macintosh; Intel Mac OS X 10_15_7) AppleWebKit/537.36 (KHTML, like Gecko) Chrome/142.0.0.0 Safari/537.36"
43.155.13.131 - - [13/May/2026:14:06:41 +0000] "GET /assets/7e549121/css/font-awesome.min.css?v=1503585073 HTTP/1.0" 200 3570 "https://oinversion.com/blog/el-inversor-inteligente-cinco-consejos-de-benjamin-graham-para-invertir-con-exito" "Mozilla/5.0 (Macintosh; Intel Mac OS X 10_15_7) AppleWebKit/537.36 (KHTML, like Gecko) Chrome/142.0.0.0 Safari/537.36"
43.155.13.131 - - [13/May/2026:14:06:41 +0000] "GET /assets/7e549121/css/stylesheet.css?v=1666108212 HTTP/1.0" 200 3564 "https://oinversion.com/blog/el-inversor-inteligente-cinco-consejos-de-benjamin-graham-para-invertir-con-exito" "Mozilla/5.0 (Macintosh; Intel Mac OS X 10_15_7) AppleWebKit/537.36 (KHTML, like Gecko) Chrome/142.0.0.0 Safari/537.36"
43.155.13.131 - - [13/May/2026:14:06:41 +0000] "GET /assets/7e549121/js/jquery.bxslider.min.js?v=1503585073 HTTP/1.0" 200 3585 "https://oinversion.com/blog/el-inversor-inteligente-cinco-consejos-de-benjamin-graham-para-invertir-con-exito" "Mozilla/5.0 (Macintosh; Intel Mac OS X 10_15_7) AppleWebKit/537.36 (KHTML, like Gecko) Chrome/142.0.0.0 Safari/537.36"
43.155.13.131 - - [13/May/2026:14:06:41 +0000] "GET /assets/7e549121/js/Chart.min.js?v=1503585073 HTTP/1.0" 200 3575 "https://oinversion.com/blog/el-inversor-inteligente-cinco-consejos-de-benjamin-graham-para-invertir-con-exito" "Mozilla/5.0 (Macintosh; Intel Mac OS X 10_15_7) AppleWebKit/537.36 (KHTML, like Gecko) Chrome/142.0.0.0 Safari/537.36"
43.155.13.131 - - [13/May/2026:14:06:41 +0000] "GET /assets/7e549121/js/main.js?v=1503585073 HTTP/1.0" 200 3570 "https://oinversion.com/blog/el-inversor-inteligente-cinco-consejos-de-benjamin-graham-para-invertir-con-exito" "Mozilla/5.0 (Macintosh; Intel Mac OS X 10_15_7) AppleWebKit/537.36 (KHTML, like Gecko) Chrome/142.0.0.0 Safari/537.36"
43.155.13.131 - - [13/May/2026:14:06:41 +0000] "GET /assets/fe2b9edf/yii.js?v=1468244202 HTTP/1.0" 200 3566 "https://oinversion.com/blog/el-inversor-inteligente-cinco-consejos-de-benjamin-graham-para-invertir-con-exito" "Mozilla/5.0 (Macintosh; Intel Mac OS X 10_15_7) AppleWebKit/537.36 (KHTML, like Gecko) Chrome/142.0.0.0 Safari/537.36"
43.155.13.131 - - [13/May/2026:14:06:41 +0000] "GET /assets/62f7db0b/jquery.js?v=1463765083 HTTP/1.0" 200 3569 "https://oinversion.com/blog/el-inversor-inteligente-cinco-consejos-de-benjamin-graham-para-invertir-con-exito" "Mozilla/5.0 (Macintosh; Intel Mac OS X 10_15_7) AppleWebKit/537.36 (KHTML, like Gecko) Chrome/142.0.0.0 Safari/537.36"
43.155.13.131 - - [13/May/2026:14:06:41 +0000] "GET /assets/fe2b9edf/yii.activeForm.js?v=1468244202 HTTP/1.0" 200 3577 "https://oinversion.com/blog/el-inversor-inteligente-cinco-consejos-de-benjamin-graham-para-invertir-con-exito" "Mozilla/5.0 (Macintosh; Intel Mac OS X 10_15_7) AppleWebKit/537.36 (KHTML, like Gecko) Chrome/142.0.0.0 Safari/537.36"
43.155.13.131 - - [13/May/2026:14:06:41 +0000] "GET /assets/fe2b9edf/yii.validation.js?v=1468244202 HTTP/1.0" 200 3577 "https://oinversion.com/blog/el-inversor-inteligente-cinco-consejos-de-benjamin-graham-para-invertir-con-exito" "Mozilla/5.0 (Macintosh; Intel Mac OS X 10_15_7) AppleWebKit/537.36 (KHTML, like Gecko) Chrome/142.0.0.0 Safari/537.36"
43.155.13.131 - - [13/May/2026:14:06:41 +0000] "GET /assets/2a658dd2/js/bootstrap.js?v=1469461915 HTTP/1.0" 200 3575 "https://oinversion.com/blog/el-inversor-inteligente-cinco-consejos-de-benjamin-graham-para-invertir-con-exito" "Mozilla/5.0 (Macintosh; Intel Mac OS X 10_15_7) AppleWebKit/537.36 (KHTML, like Gecko) Chrome/142.0.0.0 Safari/537.36"
216.244.66.198 - - [13/May/2026:14:08:00 +0000] "GET /robots.txt HTTP/1.0" 200 3627 "-" "Mozilla/5.0 (compatible; DotBot/1.2; +https://opensiteexplorer.org/dotbot; help@moz.com)"
216.244.66.198 - - [13/May/2026:14:08:00 +0000] "GET /robots.txt HTTP/1.0" 200 3627 "-" "Mozilla/5.0 (compatible; DotBot/1.2; +https://opensiteexplorer.org/dotbot; help@moz.com)"
66.249.78.39 - - [13/May/2026:14:09:22 +0000] "GET /contacto HTTP/1.0" 200 3539 "-" "Mozilla/5.0 (Linux; Android 6.0.1; Nexus 5X Build/MMB29P) AppleWebKit/537.36 (KHTML, like Gecko) Chrome/148.0.7778.96 Mobile Safari/537.36 (compatible; Googlebot/2.1; +http://www.google.com/bot.html)"
182.1.20.60 - - [13/May/2026:14:09:47 +0000] "GET /contacto HTTP/1.0" 200 3539 "https://www.google.com/" "Mozilla/5.0 (Linux; Android 10; K) AppleWebKit/537.36 (KHTML, like Gecko) Chrome/148.0.0.0 Mobile Safari/537.36"
182.1.20.60 - - [13/May/2026:14:09:48 +0000] "GET /contacto HTTP/1.0" 200 3539 "https://www.google.com/" "Mozilla/5.0 (Linux; Android 10; K) AppleWebKit/537.36 (KHTML, like Gecko) Chrome/148.0.0.0 Mobile Safari/537.36"
66.249.78.39 - - [13/May/2026:14:09:54 +0000] "GET /contacto HTTP/1.0" 200 3539 "-" "Mozilla/5.0 (Linux; Android 6.0.1; Nexus 5X Build/MMB29P) AppleWebKit/537.36 (KHTML, like Gecko) Chrome/148.0.7778.96 Mobile Safari/537.36 (compatible; Googlebot/2.1; +http://www.google.com/bot.html)"
114.125.37.236 - - [13/May/2026:14:11:19 +0000] "GET /designs/74165272/canvas/1/product_images HTTP/1.0" 404 16000 "https://www.oinversion.com/contacto" "Mozilla/5.0 (Linux; Android 10; K) AppleWebKit/537.36 (KHTML, like Gecko) Chrome/148.0.0.0 Mobile Safari/537.36"
114.125.37.236 - - [13/May/2026:14:11:20 +0000] "POST /cdn-cgi/rum? HTTP/1.0" 404 14541 "https://www.oinversion.com/contacto" "Mozilla/5.0 (Linux; Android 10; K) AppleWebKit/537.36 (KHTML, like Gecko) Chrome/148.0.0.0 Mobile Safari/537.36"
66.249.79.139 - - [13/May/2026:14:11:43 +0000] "GET /contacto HTTP/1.0" 200 3539 "-" "Mozilla/5.0 (Linux; Android 6.0.1; Nexus 5X Build/MMB29P) AppleWebKit/537.36 (KHTML, like Gecko) Chrome/148.0.7778.96 Mobile Safari/537.36 (compatible; Googlebot/2.1; +http://www.google.com/bot.html)"
66.249.78.41 - - [13/May/2026:14:12:36 +0000] "GET /contacto HTTP/1.0" 200 3539 "-" "Mozilla/5.0 (Linux; Android 6.0.1; Nexus 5X Build/MMB29P) AppleWebKit/537.36 (KHTML, like Gecko) Chrome/148.0.7778.96 Mobile Safari/537.36 (compatible; Googlebot/2.1; +http://www.google.com/bot.html)"
85.208.96.203 - - [13/May/2026:14:13:00 +0000] "GET /blog/tag/ray HTTP/1.0" 200 19688 "-" "Mozilla/5.0 (compatible; SemrushBot/7~bl; +http://www.semrush.com/bot.html)"
54.38.147.232 - - [13/May/2026:14:13:33 +0000] "GET /blog/cuales-son-los-mejores-lugares-para-invertir-a-corto-plazo HTTP/1.0" 200 48316 "-" "Mozilla/5.0 (compatible; AhrefsBot/7.0; +http://ahrefs.com/robot/)"
84.37.221.200 - - [13/May/2026:14:14:28 +0000] "GET /blog/como-funciona-una-sicav-y-cuales-son-sus-beneficios-fiscales HTTP/1.0" 200 57611 "-" "Mozilla/5.0 (Macintosh; Intel Mac OS X 10_15_7) AppleWebKit/537.36 (KHTML, like Gecko) Chrome/142.0.0.0 Safari/537.36"
98.83.226.125 - - [13/May/2026:14:15:23 +0000] "GET /blog/tag/trading HTTP/1.0" 200 23015 "-" "Mozilla/5.0 AppleWebKit/537.36 (KHTML, like Gecko; compatible; Amazonbot/0.1; +https://developer.amazon.com/support/amazonbot) Chrome/119.0.6045.214 Safari/537.36"
52.45.77.169 - - [13/May/2026:14:18:30 +0000] "GET /blog/tag/productos+financieros HTTP/1.0" 200 19259 "-" "Mozilla/5.0 AppleWebKit/537.36 (KHTML, like Gecko; compatible; Amazonbot/0.1; +https://developer.amazon.com/support/amazonbot) Chrome/119.0.6045.214 Safari/537.36"
95.108.213.107 - - [13/May/2026:14:20:34 +0000] "GET /robots.txt HTTP/1.0" 200 3627 "-" "Mozilla/5.0 (compatible; YandexBot/3.0; +http://yandex.com/bots)"
95.108.213.150 - - [13/May/2026:14:20:35 +0000] "GET /uploads/blog-post/86-featured-descargar.jpg HTTP/1.0" 200 3575 "-" "Mozilla/5.0 (compatible; YandexImages/3.0; +http://yandex.com/bots)"
198.244.183.191 - - [13/May/2026:14:21:36 +0000] "GET /blog/conoce-las-instancias-y-costos-de-una-operacion-inmobiliaria-en-espana HTTP/1.0" 200 30522 "-" "Mozilla/5.0 (compatible; AhrefsBot/7.0; +http://ahrefs.com/robot/)"
216.244.66.198 - - [13/May/2026:14:22:33 +0000] "GET /blog/tag/Invertir+en+acciones HTTP/1.0" 200 19746 "-" "Mozilla/5.0 (compatible; DotBot/1.2; +https://opensiteexplorer.org/dotbot; help@moz.com)"
216.244.66.198 - - [13/May/2026:14:22:38 +0000] "GET /blog/tag/psicolog%C3%ADa+del+trader HTTP/1.0" 200 19512 "-" "Mozilla/5.0 (compatible; DotBot/1.2; +https://opensiteexplorer.org/dotbot; help@moz.com)"
216.244.66.198 - - [13/May/2026:14:23:29 +0000] "GET /blog/tag/tecnolog%C3%ADa?page=2 HTTP/1.0" 200 21185 "-" "Mozilla/5.0 (compatible; DotBot/1.2; +https://opensiteexplorer.org/dotbot; help@moz.com)"
216.244.66.198 - - [13/May/2026:14:25:06 +0000] "GET /blog/tag/espa%C3%B1a?page=13 HTTP/1.0" 200 22928 "-" "Mozilla/5.0 (compatible; DotBot/1.2; +https://opensiteexplorer.org/dotbot; help@moz.com)"
66.249.79.138 - - [13/May/2026:14:27:33 +0000] "GET /contacto HTTP/1.0" 200 3539 "-" "Mozilla/5.0 (Linux; Android 6.0.1; Nexus 5X Build/MMB29P) AppleWebKit/537.36 (KHTML, like Gecko) Chrome/148.0.7778.96 Mobile Safari/537.36 (compatible; Googlebot/2.1; +http://www.google.com/bot.html)"
66.249.78.39 - - [13/May/2026:14:32:35 +0000] "GET /contacto HTTP/1.0" 200 3539 "-" "Mozilla/5.0 (Linux; Android 6.0.1; Nexus 5X Build/MMB29P) AppleWebKit/537.36 (KHTML, like Gecko) Chrome/148.0.7778.96 Mobile Safari/537.36 (compatible; Googlebot/2.1; +http://www.google.com/bot.html)"
216.73.216.249 - - [13/May/2026:14:33:29 +0000] "GET /robots.txt HTTP/1.0" 200 3627 "-" "Mozilla/5.0 AppleWebKit/537.36 (KHTML, like Gecko; compatible; ClaudeBot/1.0; +claudebot@anthropic.com)"
216.73.216.249 - - [13/May/2026:14:33:29 +0000] "GET /sitemap.xml HTTP/1.0" 404 15913 "-" "Mozilla/5.0 AppleWebKit/537.36 (KHTML, like Gecko; compatible; ClaudeBot/1.0; +claudebot@anthropic.com)"
43.99.55.186 - - [13/May/2026:14:33:55 +0000] "GET /uploads/blog-post/111-featured-imagen-ajuste-por-inflacion.jpg HTTP/1.0" 200 3594 "https://www.oinversion.com" "Mozilla/5.0 (Windows NT 10.0; Win64; x64) AppleWebKit/537.36 (KHTML, like Gecko) Chrome/122.0.0.0 Safari/537.36"
74.125.213.45 - - [13/May/2026:14:35:37 +0000] "GET /blog/ HTTP/1.0" 200 256725 "-" "Mozilla/5.0 (Linux; U; Android 4.3; en-us; SM-N900T Build/JSS15J) AppleWebKit/534.30 (KHTML, like Gecko) Version/4.0 Mobile Safari/534.30"
66.249.84.192 - - [13/May/2026:14:35:37 +0000] "GET / HTTP/1.0" 200 26556 "-" "Mozilla/5.0 (X11; Linux x86_64) AppleWebKit/537.36 (KHTML, like Gecko) Chrome/121.0.0.0 Safari/537.36"
192.178.11.98 - - [13/May/2026:14:35:37 +0000] "GET /blog/?page=2 HTTP/1.0" 200 256725 "-" "Mozilla/5.0 (X11; Linux x86_64) AppleWebKit/537.36 (KHTML, like Gecko) Chrome/121.0.0.0 Safari/537.36"
192.178.11.100 - - [13/May/2026:14:35:37 +0000] "GET /blog/tag/indexados?page=2 HTTP/1.0" 200 19800 "-" "Mozilla/5.0 (X11; Linux x86_64) AppleWebKit/537.36 (KHTML, like Gecko) Chrome/121.0.0.0 Safari/537.36"
66.249.84.192 - - [13/May/2026:14:35:38 +0000] "GET /assets/7e549121/css/jquery.bxslider.css?v=1503585073 HTTP/1.0" 200 3569 "https://www.oinversion.com/" "Mozilla/5.0 (X11; Linux x86_64) AppleWebKit/537.36 (KHTML, like Gecko) Chrome/121.0.0.0 Safari/537.36"
192.178.11.98 - - [13/May/2026:14:35:38 +0000] "GET /assets/7e549121/img/ico-blog.svg HTTP/1.0" 200 3567 "https://www.oinversion.com/blog/tag/indexados?page=2" "Mozilla/5.0 (X11; Linux x86_64) AppleWebKit/537.36 (KHTML, like Gecko) Chrome/121.0.0.0 Safari/537.36"
66.249.84.193 - - [13/May/2026:14:35:38 +0000] "GET /blog/ HTTP/1.0" 200 256725 "-" "Mozilla/5.0 (Linux; U; Android 4.3; en-us; SM-N900T Build/JSS15J) AppleWebKit/534.30 (KHTML, like Gecko) Version/4.0 Mobile Safari/534.30"
74.125.213.45 - - [13/May/2026:14:35:38 +0000] "GET /proyectos HTTP/1.0" 200 3540 "-" "Mozilla/5.0 (X11; Linux x86_64) AppleWebKit/537.36 (KHTML, like Gecko) Chrome/121.0.0.0 Safari/537.36"
66.249.84.194 - - [13/May/2026:14:35:38 +0000] "GET /assets/7e549121/css/font-awesome.min.css?v=1503585073 HTTP/1.0" 200 3570 "https://www.oinversion.com/" "Mozilla/5.0 (X11; Linux x86_64) AppleWebKit/537.36 (KHTML, like Gecko) Chrome/121.0.0.0 Safari/537.36"
192.178.11.98 - - [13/May/2026:14:35:38 +0000] "GET /assets/7e549121/css/jquery.bxslider.css?v=1503585073 HTTP/1.0" 200 3569 "https://www.oinversion.com/blog/tag/indexados?page=2" "Mozilla/5.0 (X11; Linux x86_64) AppleWebKit/537.36 (KHTML, like Gecko) Chrome/121.0.0.0 Safari/537.36"
66.102.6.162 - - [13/May/2026:14:35:38 +0000] "GET /fondos-de-inversion HTTP/1.0" 200 3550 "-" "Mozilla/5.0 (Linux; U; Android 4.3; en-us; SM-N900T Build/JSS15J) AppleWebKit/534.30 (KHTML, like Gecko) Version/4.0 Mobile Safari/534.30"
66.249.84.192 - - [13/May/2026:14:35:38 +0000] "GET /assets/2a658dd2/css/bootstrap.css?v=1469461915 HTTP/1.0" 200 3563 "https://www.oinversion.com/" "Mozilla/5.0 (X11; Linux x86_64) AppleWebKit/537.36 (KHTML, like Gecko) Chrome/121.0.0.0 Safari/537.36"
192.178.11.100 - - [13/May/2026:14:35:38 +0000] "GET /assets/2a658dd2/css/bootstrap.css?v=1469461915 HTTP/1.0" 200 3563 "https://www.oinversion.com/blog/tag/indexados?page=2" "Mozilla/5.0 (X11; Linux x86_64) AppleWebKit/537.36 (KHTML, like Gecko) Chrome/121.0.0.0 Safari/537.36"
192.178.11.98 - - [13/May/2026:14:35:38 +0000] "GET /assets/7e549121/css/font-awesome.min.css?v=1503585073 HTTP/1.0" 200 3570 "https://www.oinversion.com/blog/tag/indexados?page=2" "Mozilla/5.0 (X11; Linux x86_64) AppleWebKit/537.36 (KHTML, like Gecko) Chrome/121.0.0.0 Safari/537.36"
192.178.11.98 - - [13/May/2026:14:35:38 +0000] "GET /uploads/blog-post/48-featured-Copia%20de%20Copia%20de%20vender%20piso%20(10).jpg HTTP/1.0" 200 3600 "https://www.oinversion.com/blog/tag/indexados?page=2" "Mozilla/5.0 (X11; Linux x86_64) AppleWebKit/537.36 (KHTML, like Gecko) Chrome/121.0.0.0 Safari/537.36"
192.178.11.99 - - [13/May/2026:14:35:38 +0000] "GET /assets/7e549121/img/logo-oinversion-fondo-claro.svg HTTP/1.0" 200 3586 "https://www.oinversion.com/blog/tag/indexados?page=2" "Mozilla/5.0 (X11; Linux x86_64) AppleWebKit/537.36 (KHTML, like Gecko) Chrome/121.0.0.0 Safari/537.36"
192.178.11.100 - - [13/May/2026:14:35:38 +0000] "GET /assets/7e549121/css/stylesheet.css?v=1666108212 HTTP/1.0" 200 3564 "https://www.oinversion.com/blog/tag/indexados?page=2" "Mozilla/5.0 (X11; Linux x86_64) AppleWebKit/537.36 (KHTML, like Gecko) Chrome/121.0.0.0 Safari/537.36"
66.249.84.193 - - [13/May/2026:14:35:38 +0000] "GET /assets/7e549121/img/logo-oinversion-fondo-claro.svg HTTP/1.0" 200 3586 "https://www.oinversion.com/" "Mozilla/5.0 (X11; Linux x86_64) AppleWebKit/537.36 (KHTML, like Gecko) Chrome/121.0.0.0 Safari/537.36"
66.249.84.192 - - [13/May/2026:14:35:38 +0000] "GET /assets/7e549121/css/stylesheet.css?v=1666108212 HTTP/1.0" 200 3564 "https://www.oinversion.com/" "Mozilla/5.0 (X11; Linux x86_64) AppleWebKit/537.36 (KHTML, like Gecko) Chrome/121.0.0.0 Safari/537.36"
66.249.84.192 - - [13/May/2026:14:35:38 +0000] "GET /assets/7e549121/img/ico-blog.svg HTTP/1.0" 200 3567 "https://www.oinversion.com/" "Mozilla/5.0 (X11; Linux x86_64) AppleWebKit/537.36 (KHTML, like Gecko) Chrome/121.0.0.0 Safari/537.36"
192.178.11.98 - - [13/May/2026:14:35:38 +0000] "GET /assets/62f7db0b/jquery.js?v=1463765083 HTTP/1.0" 200 3569 "https://www.oinversion.com/blog/tag/indexados?page=2" "Mozilla/5.0 (X11; Linux x86_64) AppleWebKit/537.36 (KHTML, like Gecko) Chrome/121.0.0.0 Safari/537.36"
66.249.84.192 - - [13/May/2026:14:35:38 +0000] "GET /assets/7e549121/img/handshake.jpg HTTP/1.0" 200 3565 "https://www.oinversion.com/" "Mozilla/5.0 (X11; Linux x86_64) AppleWebKit/537.36 (KHTML, like Gecko) Chrome/121.0.0.0 Safari/537.36"
192.178.11.99 - - [13/May/2026:14:35:38 +0000] "GET /assets/2a658dd2/js/bootstrap.js?v=1469461915 HTTP/1.0" 200 3575 "https://www.oinversion.com/blog/tag/indexados?page=2" "Mozilla/5.0 (X11; Linux x86_64) AppleWebKit/537.36 (KHTML, like Gecko) Chrome/121.0.0.0 Safari/537.36"
66.249.84.193 - - [13/May/2026:14:35:38 +0000] "GET /assets/7e549121/img/computer.jpg HTTP/1.0" 200 3564 "https://www.oinversion.com/" "Mozilla/5.0 (X11; Linux x86_64) AppleWebKit/537.36 (KHTML, like Gecko) Chrome/121.0.0.0 Safari/537.36"
192.178.11.99 - - [13/May/2026:14:35:39 +0000] "GET /assets/7e549121/fonts/OpenSans%20Regular.ttf HTTP/1.0" 200 3585 "https://www.oinversion.com/assets/7e549121/css/stylesheet.css?v=1666108212" "Mozilla/5.0 (X11; Linux x86_64) AppleWebKit/537.36 (KHTML, like Gecko) Chrome/121.0.0.0 Safari/537.36"
66.249.84.193 - - [13/May/2026:14:35:39 +0000] "GET /blog/ HTTP/1.0" 200 256725 "-" "Mozilla/5.0 (Linux; U; Android 4.3; en-us; SM-N900T Build/JSS15J) AppleWebKit/534.30 (KHTML, like Gecko) Version/4.0 Mobile Safari/534.30"
192.178.11.100 - - [13/May/2026:14:35:39 +0000] "GET /assets/7e549121/fonts/OpenSans%20Light.ttf HTTP/1.0" 200 3583 "https://www.oinversion.com/assets/7e549121/css/stylesheet.css?v=1666108212" "Mozilla/5.0 (X11; Linux x86_64) AppleWebKit/537.36 (KHTML, like Gecko) Chrome/121.0.0.0 Safari/537.36"
66.249.84.194 - - [13/May/2026:14:35:39 +0000] "GET /assets/62f7db0b/jquery.js?v=1463765083 HTTP/1.0" 200 3569 "https://www.oinversion.com/" "Mozilla/5.0 (X11; Linux x86_64) AppleWebKit/537.36 (KHTML, like Gecko) Chrome/121.0.0.0 Safari/537.36"
66.249.84.192 - - [13/May/2026:14:35:39 +0000] "GET /assets/fe2b9edf/yii.js?v=1468244202 HTTP/1.0" 200 3566 "https://www.oinversion.com/" "Mozilla/5.0 (X11; Linux x86_64) AppleWebKit/537.36 (KHTML, like Gecko) Chrome/121.0.0.0 Safari/537.36"
66.249.84.192 - - [13/May/2026:14:35:39 +0000] "GET /assets/fe2b9edf/yii.activeForm.js?v=1468244202 HTTP/1.0" 200 3577 "https://www.oinversion.com/" "Mozilla/5.0 (X11; Linux x86_64) AppleWebKit/537.36 (KHTML, like Gecko) Chrome/121.0.0.0 Safari/537.36"
192.178.11.99 - - [13/May/2026:14:35:39 +0000] "GET /assets/7e549121/img/ico-tags.svg HTTP/1.0" 200 3567 "https://www.oinversion.com/blog/tag/indexados?page=2" "Mozilla/5.0 (X11; Linux x86_64) AppleWebKit/537.36 (KHTML, like Gecko) Chrome/121.0.0.0 Safari/537.36"
192.178.11.100 - - [13/May/2026:14:35:39 +0000] "GET /assets/7e549121/img/ico-categorias.svg HTTP/1.0" 200 3573 "https://www.oinversion.com/blog/tag/indexados?page=2" "Mozilla/5.0 (X11; Linux x86_64) AppleWebKit/537.36 (KHTML, like Gecko) Chrome/121.0.0.0 Safari/537.36"
66.249.84.193 - - [13/May/2026:14:35:39 +0000] "GET /assets/7e549121/fonts/Avenir%20Next%20Regular.otf HTTP/1.0" 200 3618 "https://www.oinversion.com/assets/7e549121/css/stylesheet.css?v=1666108212" "Mozilla/5.0 (X11; Linux x86_64) AppleWebKit/537.36 (KHTML, like Gecko) Chrome/121.0.0.0 Safari/537.36"
192.178.11.98 - - [13/May/2026:14:35:39 +0000] "GET /assets/7e549121/fonts/Avenir%20Next%20Regular.otf HTTP/1.0" 200 3618 "https://www.oinversion.com/assets/7e549121/css/stylesheet.css?v=1666108212" "Mozilla/5.0 (X11; Linux x86_64) AppleWebKit/537.36 (KHTML, like Gecko) Chrome/121.0.0.0 Safari/537.36"
192.178.11.99 - - [13/May/2026:14:35:39 +0000] "GET /assets/7e549121/img/fondo-patrimonio-blog.jpg HTTP/1.0" 200 3577 "https://www.oinversion.com/assets/7e549121/css/stylesheet.css?v=1666108212" "Mozilla/5.0 (X11; Linux x86_64) AppleWebKit/537.36 (KHTML, like Gecko) Chrome/121.0.0.0 Safari/537.36"
