74.125.213.44 - - [13/May/2026:12:16:23 +0000] "POST /clientlog HTTP/1.0" 404 3554 "https://www.oinversion.com/blog/" "Mozilla/5.0 (Linux; U; Android 4.3; en-us; SM-N900T Build/JSS15J) AppleWebKit/534.30 (KHTML, like Gecko) Version/4.0 Mobile Safari/534.30"
66.249.84.193 - - [13/May/2026:12:16:23 +0000] "POST /clientlog HTTP/1.0" 404 3554 "https://www.oinversion.com/blog/?page=2" "Mozilla/5.0 (X11; Linux x86_64) AppleWebKit/537.36 (KHTML, like Gecko) Chrome/121.0.0.0 Safari/537.36"
74.125.213.44 - - [13/May/2026:12:16:23 +0000] "GET /designs/74165272/canvas/1/product_images HTTP/1.0" 404 16000 "https://www.oinversion.com/proyectos" "Mozilla/5.0 (Linux; U; Android 4.3; en-us; SM-N900T Build/JSS15J) AppleWebKit/534.30 (KHTML, like Gecko) Version/4.0 Mobile Safari/534.30"
74.125.213.45 - - [13/May/2026:12:16:23 +0000] "POST /cdn-cgi/rum? HTTP/1.0" 404 14541 "https://www.oinversion.com/blog/" "Mozilla/5.0 (Linux; U; Android 4.3; en-us; SM-N900T Build/JSS15J) AppleWebKit/534.30 (KHTML, like Gecko) Version/4.0 Mobile Safari/534.30"
66.249.84.192 - - [13/May/2026:12:16:23 +0000] "GET /images/1x1.gif?ch=2&rn=10.953058004379272 HTTP/1.0" 404 14835 "https://www.oinversion.com/blog/" "Mozilla/5.0 (Linux; U; Android 4.3; en-us; SM-N900T Build/JSS15J) AppleWebKit/534.30 (KHTML, like Gecko) Version/4.0 Mobile Safari/534.30"
66.249.84.194 - - [13/May/2026:12:16:23 +0000] "POST /cdn-cgi/rum? HTTP/1.0" 404 14541 "https://www.oinversion.com/blog/?page=2" "Mozilla/5.0 (X11; Linux x86_64) AppleWebKit/537.36 (KHTML, like Gecko) Chrome/121.0.0.0 Safari/537.36"
74.125.213.44 - - [13/May/2026:12:16:23 +0000] "POST /clientlog HTTP/1.0" 404 3554 "https://www.oinversion.com/blog/" "Mozilla/5.0 (Linux; U; Android 4.3; en-us; SM-N900T Build/JSS15J) AppleWebKit/534.30 (KHTML, like Gecko) Version/4.0 Mobile Safari/534.30"
66.102.6.163 - - [13/May/2026:12:16:23 +0000] "POST /api/v3/ajax/bespoke/member/neu/specs/listing_async_bottom HTTP/1.0" 404 3554 "https://www.oinversion.com/blog/tag/Papel+de+oficinas" "Mozilla/5.0 (X11; Linux x86_64) AppleWebKit/537.36 (KHTML, like Gecko) Chrome/121.0.0.0 Safari/537.36"
66.249.84.192 - - [13/May/2026:12:16:23 +0000] "POST /cdn-cgi/rum? HTTP/1.0" 404 14541 "https://www.oinversion.com/blog/" "Mozilla/5.0 (Linux; U; Android 4.3; en-us; SM-N900T Build/JSS15J) AppleWebKit/534.30 (KHTML, like Gecko) Version/4.0 Mobile Safari/534.30"
74.125.213.46 - - [13/May/2026:12:16:23 +0000] "POST /cdn-cgi/rum? HTTP/1.0" 404 14541 "https://www.oinversion.com/contacto" "Mozilla/5.0 (X11; Linux x86_64) AppleWebKit/537.36 (KHTML, like Gecko) Chrome/121.0.0.0 Safari/537.36"
74.125.213.45 - - [13/May/2026:12:16:23 +0000] "POST /cdn-cgi/rum? HTTP/1.0" 404 14541 "https://www.oinversion.com/proyectos" "Mozilla/5.0 (Linux; U; Android 4.3; en-us; SM-N900T Build/JSS15J) AppleWebKit/534.30 (KHTML, like Gecko) Version/4.0 Mobile Safari/534.30"
66.102.6.162 - - [13/May/2026:12:16:26 +0000] "POST /api/v3/ajax/bespoke/member/neu/specs/listing_async_bottom_collections HTTP/1.0" 404 3554 "https://www.oinversion.com/blog/tag/oficinas" "Mozilla/5.0 (X11; Linux x86_64) AppleWebKit/537.36 (KHTML, like Gecko) Chrome/121.0.0.0 Safari/537.36"
66.102.6.163 - - [13/May/2026:12:16:26 +0000] "POST /api/v3/ajax/bespoke/member/neu/specs/listing_async_bottom HTTP/1.0" 404 3554 "https://www.oinversion.com/blog/tag/oficinas" "Mozilla/5.0 (X11; Linux x86_64) AppleWebKit/537.36 (KHTML, like Gecko) Chrome/121.0.0.0 Safari/537.36"
192.178.11.99 - - [13/May/2026:12:16:26 +0000] "POST /api/v3/ajax/bespoke/member/neu/specs/listing_async_bottom HTTP/1.0" 404 3554 "https://www.oinversion.com/blog/inversion-en-madrid-como-capitalizar-airbnb" "Mozilla/5.0 (X11; Linux x86_64) AppleWebKit/537.36 (KHTML, like Gecko) Chrome/121.0.0.0 Safari/537.36"
192.178.11.99 - - [13/May/2026:12:16:26 +0000] "POST /api/v3/ajax/bespoke/member/neu/specs/listing_async_bottom_collections HTTP/1.0" 404 3554 "https://www.oinversion.com/blog/inversion-en-madrid-como-capitalizar-airbnb" "Mozilla/5.0 (X11; Linux x86_64) AppleWebKit/537.36 (KHTML, like Gecko) Chrome/121.0.0.0 Safari/537.36"
66.102.6.162 - - [13/May/2026:12:16:26 +0000] "POST /api/v3/ajax/public/statsd HTTP/1.0" 404 15751 "https://www.oinversion.com/blog/tag/oficinas" "Mozilla/5.0 (X11; Linux x86_64) AppleWebKit/537.36 (KHTML, like Gecko) Chrome/121.0.0.0 Safari/537.36"
192.178.11.99 - - [13/May/2026:12:16:26 +0000] "POST /api/v3/ajax/public/statsd HTTP/1.0" 404 15751 "https://www.oinversion.com/blog/inversion-en-madrid-como-capitalizar-airbnb" "Mozilla/5.0 (X11; Linux x86_64) AppleWebKit/537.36 (KHTML, like Gecko) Chrome/121.0.0.0 Safari/537.36"
66.102.6.162 - - [13/May/2026:12:16:26 +0000] "POST /api/v3/ajax/bespoke/member/neu/specs/listing_async_bottom HTTP/1.0" 404 3554 "https://www.oinversion.com/blog/tag/inmobiliario?page=2" "Mozilla/5.0 (X11; Linux x86_64) AppleWebKit/537.36 (KHTML, like Gecko) Chrome/121.0.0.0 Safari/537.36"
66.102.6.162 - - [13/May/2026:12:16:27 +0000] "POST /api/v3/ajax/bespoke/member/neu/specs/listing_async_bottom_collections HTTP/1.0" 404 3554 "https://www.oinversion.com/blog/tag/inmobiliario?page=2" "Mozilla/5.0 (X11; Linux x86_64) AppleWebKit/537.36 (KHTML, like Gecko) Chrome/121.0.0.0 Safari/537.36"
66.102.6.163 - - [13/May/2026:12:16:27 +0000] "POST /api/v3/ajax/public/statsd HTTP/1.0" 404 15751 "https://www.oinversion.com/blog/tag/inmobiliario?page=2" "Mozilla/5.0 (X11; Linux x86_64) AppleWebKit/537.36 (KHTML, like Gecko) Chrome/121.0.0.0 Safari/537.36"
66.102.6.164 - - [13/May/2026:12:16:27 +0000] "POST /api/v3/ajax/bespoke/member/neu/specs/listing_async_bottom HTTP/1.0" 404 3554 "https://www.oinversion.com/blog/tag/Crowdfunding?page=2" "Mozilla/5.0 (X11; Linux x86_64) AppleWebKit/537.36 (KHTML, like Gecko) Chrome/121.0.0.0 Safari/537.36"
66.102.6.163 - - [13/May/2026:12:16:27 +0000] "POST /api/v3/ajax/bespoke/member/neu/specs/listing_async_bottom_collections HTTP/1.0" 404 3554 "https://www.oinversion.com/blog/tag/Crowdfunding?page=2" "Mozilla/5.0 (X11; Linux x86_64) AppleWebKit/537.36 (KHTML, like Gecko) Chrome/121.0.0.0 Safari/537.36"
66.102.6.164 - - [13/May/2026:12:16:27 +0000] "POST /api/v3/ajax/bespoke/member/neu/specs/listing_async_bottom_collections HTTP/1.0" 404 3554 "https://www.oinversion.com/blog/tag/oficinas" "Mozilla/5.0 (X11; Linux x86_64) AppleWebKit/537.36 (KHTML, like Gecko) Chrome/121.0.0.0 Safari/537.36"
66.102.6.163 - - [13/May/2026:12:16:27 +0000] "POST /api/v3/ajax/bespoke/member/neu/specs/listing_async_bottom HTTP/1.0" 404 3554 "https://www.oinversion.com/blog/tag/oficinas" "Mozilla/5.0 (X11; Linux x86_64) AppleWebKit/537.36 (KHTML, like Gecko) Chrome/121.0.0.0 Safari/537.36"
192.178.11.99 - - [13/May/2026:12:16:27 +0000] "POST /api/v3/ajax/bespoke/member/neu/specs/listing_async_bottom HTTP/1.0" 404 3554 "https://www.oinversion.com/blog/tag/oficinas" "Mozilla/5.0 (X11; Linux x86_64) AppleWebKit/537.36 (KHTML, like Gecko) Chrome/121.0.0.0 Safari/537.36"
192.178.11.98 - - [13/May/2026:12:16:27 +0000] "POST /api/v3/ajax/bespoke/member/neu/specs/listing_async_bottom_collections HTTP/1.0" 404 3554 "https://www.oinversion.com/blog/tag/oficinas" "Mozilla/5.0 (X11; Linux x86_64) AppleWebKit/537.36 (KHTML, like Gecko) Chrome/121.0.0.0 Safari/537.36"
192.178.11.98 - - [13/May/2026:12:16:27 +0000] "POST /api/v3/ajax/bespoke/member/neu/specs/listing_async_bottom_collections HTTP/1.0" 404 3554 "https://www.oinversion.com/blog/" "Mozilla/5.0 (Linux; U; Android 4.3; en-us; SM-N900T Build/JSS15J) AppleWebKit/534.30 (KHTML, like Gecko) Version/4.0 Mobile Safari/534.30"
192.178.11.98 - - [13/May/2026:12:16:27 +0000] "POST /api/v3/ajax/bespoke/member/neu/specs/listing_async_bottom HTTP/1.0" 404 3554 "https://www.oinversion.com/blog/" "Mozilla/5.0 (Linux; U; Android 4.3; en-us; SM-N900T Build/JSS15J) AppleWebKit/534.30 (KHTML, like Gecko) Version/4.0 Mobile Safari/534.30"
66.102.6.164 - - [13/May/2026:12:16:27 +0000] "POST /api/v3/ajax/public/statsd HTTP/1.0" 404 15751 "https://www.oinversion.com/blog/tag/Crowdfunding?page=2" "Mozilla/5.0 (X11; Linux x86_64) AppleWebKit/537.36 (KHTML, like Gecko) Chrome/121.0.0.0 Safari/537.36"
192.178.11.99 - - [13/May/2026:12:16:27 +0000] "POST /api/v3/ajax/public/statsd HTTP/1.0" 404 15751 "https://www.oinversion.com/blog/tag/oficinas" "Mozilla/5.0 (X11; Linux x86_64) AppleWebKit/537.36 (KHTML, like Gecko) Chrome/121.0.0.0 Safari/537.36"
66.102.6.164 - - [13/May/2026:12:16:27 +0000] "POST /api/v3/ajax/public/statsd HTTP/1.0" 404 15751 "https://www.oinversion.com/blog/tag/oficinas" "Mozilla/5.0 (X11; Linux x86_64) AppleWebKit/537.36 (KHTML, like Gecko) Chrome/121.0.0.0 Safari/537.36"
66.249.84.193 - - [13/May/2026:12:16:28 +0000] "POST /api/v3/ajax/bespoke/member/neu/specs/listing_async_bottom_collections HTTP/1.0" 404 3554 "https://www.oinversion.com/blog/" "Mozilla/5.0 (X11; Linux x86_64) AppleWebKit/537.36 (KHTML, like Gecko) Chrome/121.0.0.0 Safari/537.36"
66.249.84.193 - - [13/May/2026:12:16:28 +0000] "POST /api/v3/ajax/bespoke/member/neu/specs/listing_async_bottom HTTP/1.0" 404 3554 "https://www.oinversion.com/blog/" "Mozilla/5.0 (X11; Linux x86_64) AppleWebKit/537.36 (KHTML, like Gecko) Chrome/121.0.0.0 Safari/537.36"
74.125.213.46 - - [13/May/2026:12:16:28 +0000] "POST /api/v3/ajax/bespoke/member/neu/specs/listing_async_bottom HTTP/1.0" 404 3554 "https://www.oinversion.com/blog/" "Mozilla/5.0 (Linux; U; Android 4.3; en-us; SM-N900T Build/JSS15J) AppleWebKit/534.30 (KHTML, like Gecko) Version/4.0 Mobile Safari/534.30"
74.125.213.45 - - [13/May/2026:12:16:28 +0000] "POST /api/v3/ajax/bespoke/member/neu/specs/listing_async_bottom_collections HTTP/1.0" 404 3554 "https://www.oinversion.com/blog/" "Mozilla/5.0 (Linux; U; Android 4.3; en-us; SM-N900T Build/JSS15J) AppleWebKit/534.30 (KHTML, like Gecko) Version/4.0 Mobile Safari/534.30"
66.102.6.162 - - [13/May/2026:12:16:28 +0000] "POST /api/v3/ajax/bespoke/member/neu/specs/listing_async_bottom HTTP/1.0" 404 3554 "https://www.oinversion.com/blog/" "Mozilla/5.0 (Linux; U; Android 4.3; en-us; SM-N900T Build/JSS15J) AppleWebKit/534.30 (KHTML, like Gecko) Version/4.0 Mobile Safari/534.30"
66.249.84.193 - - [13/May/2026:12:16:28 +0000] "POST /api/v3/ajax/bespoke/member/neu/specs/listing_async_bottom HTTP/1.0" 404 3554 "https://www.oinversion.com/blog/?page=2" "Mozilla/5.0 (X11; Linux x86_64) AppleWebKit/537.36 (KHTML, like Gecko) Chrome/121.0.0.0 Safari/537.36"
66.249.84.194 - - [13/May/2026:12:16:28 +0000] "POST /api/v3/ajax/bespoke/member/neu/specs/listing_async_bottom_collections HTTP/1.0" 404 3554 "https://www.oinversion.com/blog/?page=2" "Mozilla/5.0 (X11; Linux x86_64) AppleWebKit/537.36 (KHTML, like Gecko) Chrome/121.0.0.0 Safari/537.36"
66.102.6.162 - - [13/May/2026:12:16:28 +0000] "POST /api/v3/ajax/bespoke/member/neu/specs/listing_async_bottom_collections HTTP/1.0" 404 3554 "https://www.oinversion.com/blog/" "Mozilla/5.0 (Linux; U; Android 4.3; en-us; SM-N900T Build/JSS15J) AppleWebKit/534.30 (KHTML, like Gecko) Version/4.0 Mobile Safari/534.30"
66.249.84.193 - - [13/May/2026:12:16:28 +0000] "POST /api/v3/ajax/public/statsd HTTP/1.0" 404 15751 "https://www.oinversion.com/blog/" "Mozilla/5.0 (X11; Linux x86_64) AppleWebKit/537.36 (KHTML, like Gecko) Chrome/121.0.0.0 Safari/537.36"
74.125.213.44 - - [13/May/2026:12:16:28 +0000] "POST /api/v3/ajax/public/statsd HTTP/1.0" 404 15751 "https://www.oinversion.com/blog/" "Mozilla/5.0 (Linux; U; Android 4.3; en-us; SM-N900T Build/JSS15J) AppleWebKit/534.30 (KHTML, like Gecko) Version/4.0 Mobile Safari/534.30"
66.102.6.162 - - [13/May/2026:12:16:28 +0000] "POST /api/v3/ajax/public/statsd HTTP/1.0" 404 15751 "https://www.oinversion.com/blog/" "Mozilla/5.0 (Linux; U; Android 4.3; en-us; SM-N900T Build/JSS15J) AppleWebKit/534.30 (KHTML, like Gecko) Version/4.0 Mobile Safari/534.30"
66.249.84.192 - - [13/May/2026:12:16:28 +0000] "POST /api/v3/ajax/public/statsd HTTP/1.0" 404 15751 "https://www.oinversion.com/blog/?page=2" "Mozilla/5.0 (X11; Linux x86_64) AppleWebKit/537.36 (KHTML, like Gecko) Chrome/121.0.0.0 Safari/537.36"
74.125.213.45 - - [13/May/2026:12:16:28 +0000] "POST /api/v3/ajax/bespoke/member/neu/specs/listing_async_bottom HTTP/1.0" 404 3554 "https://www.oinversion.com/blog/" "Mozilla/5.0 (Linux; U; Android 4.3; en-us; SM-N900T Build/JSS15J) AppleWebKit/534.30 (KHTML, like Gecko) Version/4.0 Mobile Safari/534.30"
74.125.213.45 - - [13/May/2026:12:16:28 +0000] "POST /api/v3/ajax/bespoke/member/neu/specs/listing_async_bottom_collections HTTP/1.0" 404 3554 "https://www.oinversion.com/blog/" "Mozilla/5.0 (Linux; U; Android 4.3; en-us; SM-N900T Build/JSS15J) AppleWebKit/534.30 (KHTML, like Gecko) Version/4.0 Mobile Safari/534.30"
66.249.84.192 - - [13/May/2026:12:16:28 +0000] "POST /api/v3/ajax/bespoke/member/neu/specs/listing_async_bottom_collections HTTP/1.0" 404 3554 "https://www.oinversion.com/blog/" "Mozilla/5.0 (Linux; U; Android 4.3; en-us; SM-N900T Build/JSS15J) AppleWebKit/534.30 (KHTML, like Gecko) Version/4.0 Mobile Safari/534.30"
66.249.84.194 - - [13/May/2026:12:16:28 +0000] "POST /api/v3/ajax/bespoke/member/neu/specs/listing_async_bottom HTTP/1.0" 404 3554 "https://www.oinversion.com/blog/" "Mozilla/5.0 (Linux; U; Android 4.3; en-us; SM-N900T Build/JSS15J) AppleWebKit/534.30 (KHTML, like Gecko) Version/4.0 Mobile Safari/534.30"
74.125.213.44 - - [13/May/2026:12:16:28 +0000] "POST /api/v3/ajax/public/statsd HTTP/1.0" 404 15751 "https://www.oinversion.com/blog/" "Mozilla/5.0 (Linux; U; Android 4.3; en-us; SM-N900T Build/JSS15J) AppleWebKit/534.30 (KHTML, like Gecko) Version/4.0 Mobile Safari/534.30"
66.249.84.192 - - [13/May/2026:12:16:29 +0000] "POST /api/v3/ajax/public/statsd HTTP/1.0" 404 15751 "https://www.oinversion.com/blog/" "Mozilla/5.0 (Linux; U; Android 4.3; en-us; SM-N900T Build/JSS15J) AppleWebKit/534.30 (KHTML, like Gecko) Version/4.0 Mobile Safari/534.30"
66.102.6.162 - - [13/May/2026:12:16:32 +0000] "GET /favicon.ico HTTP/1.0" 200 3557 "https://www.oinversion.com/blog/los-cuatro-pilares-de-la-inversion" "Mozilla/5.0 (X11; Linux x86_64) AppleWebKit/537.36 (KHTML, like Gecko) Chrome/121.0.0.0 Safari/537.36"
66.102.6.163 - - [13/May/2026:12:16:33 +0000] "POST /cdn-cgi/rum? HTTP/1.0" 404 14541 "https://www.oinversion.com/proyectos" "Mozilla/5.0 (Linux; U; Android 4.3; en-us; SM-N900T Build/JSS15J) AppleWebKit/534.30 (KHTML, like Gecko) Version/4.0 Mobile Safari/534.30"
74.125.213.44 - - [13/May/2026:12:16:34 +0000] "POST /cdn-cgi/rum? HTTP/1.0" 404 14541 "https://www.oinversion.com/proyectos" "Mozilla/5.0 (Linux; U; Android 4.3; en-us; SM-N900T Build/JSS15J) AppleWebKit/534.30 (KHTML, like Gecko) Version/4.0 Mobile Safari/534.30"
66.102.6.162 - - [13/May/2026:12:16:37 +0000] "POST /cdn-cgi/rum? HTTP/1.0" 404 14541 "https://www.oinversion.com/blog/tag/Papel+de+oficinas" "Mozilla/5.0 (X11; Linux x86_64) AppleWebKit/537.36 (KHTML, like Gecko) Chrome/121.0.0.0 Safari/537.36"
74.125.213.44 - - [13/May/2026:12:16:37 +0000] "POST /cdn-cgi/rum? HTTP/1.0" 404 14541 "https://www.oinversion.com/blog/tag/socimis" "Mozilla/5.0 (X11; Linux x86_64) AppleWebKit/537.36 (KHTML, like Gecko) Chrome/121.0.0.0 Safari/537.36"
74.125.213.44 - - [13/May/2026:12:16:37 +0000] "POST /cdn-cgi/rum? HTTP/1.0" 404 14541 "https://www.oinversion.com/fondos-de-inversion" "Mozilla/5.0 (Linux; U; Android 4.3; en-us; SM-N900T Build/JSS15J) AppleWebKit/534.30 (KHTML, like Gecko) Version/4.0 Mobile Safari/534.30"
74.125.213.44 - - [13/May/2026:12:16:39 +0000] "POST /cdn-cgi/rum? HTTP/1.0" 404 14541 "https://www.oinversion.com/proyectos" "Mozilla/5.0 (Linux; U; Android 4.3; en-us; SM-N900T Build/JSS15J) AppleWebKit/534.30 (KHTML, like Gecko) Version/4.0 Mobile Safari/534.30"
66.249.84.193 - - [13/May/2026:12:16:41 +0000] "POST /cdn-cgi/rum? HTTP/1.0" 404 14541 "https://www.oinversion.com/blog/" "Mozilla/5.0 (X11; Linux x86_64) AppleWebKit/537.36 (KHTML, like Gecko) Chrome/121.0.0.0 Safari/537.36"
66.102.6.162 - - [13/May/2026:12:16:44 +0000] "POST /cdn-cgi/rum? HTTP/1.0" 404 14541 "https://www.oinversion.com/blog/" "Mozilla/5.0 (Linux; U; Android 4.3; en-us; SM-N900T Build/JSS15J) AppleWebKit/534.30 (KHTML, like Gecko) Version/4.0 Mobile Safari/534.30"
66.249.84.193 - - [13/May/2026:12:16:45 +0000] "POST /cdn-cgi/rum? HTTP/1.0" 404 14541 "https://www.oinversion.com/contacto" "Mozilla/5.0 (X11; Linux x86_64) AppleWebKit/537.36 (KHTML, like Gecko) Chrome/121.0.0.0 Safari/537.36"
66.249.84.194 - - [13/May/2026:12:16:45 +0000] "POST /cdn-cgi/rum? HTTP/1.0" 404 14541 "https://www.oinversion.com/blog/como-invertir-en-hoteles" "Mozilla/5.0 (X11; Linux x86_64) AppleWebKit/537.36 (KHTML, like Gecko) Chrome/121.0.0.0 Safari/537.36"
66.102.6.164 - - [13/May/2026:12:16:46 +0000] "POST /cdn-cgi/rum? HTTP/1.0" 404 14541 "https://www.oinversion.com/contacto" "Mozilla/5.0 (Linux; U; Android 4.3; en-us; SM-N900T Build/JSS15J) AppleWebKit/534.30 (KHTML, like Gecko) Version/4.0 Mobile Safari/534.30"
74.125.213.45 - - [13/May/2026:12:16:46 +0000] "POST /cdn-cgi/rum? HTTP/1.0" 404 14541 "https://www.oinversion.com/fondos-de-inversion" "Mozilla/5.0 (Linux; U; Android 4.3; en-us; SM-N900T Build/JSS15J) AppleWebKit/534.30 (KHTML, like Gecko) Version/4.0 Mobile Safari/534.30"
74.125.213.46 - - [13/May/2026:12:16:48 +0000] "POST /cdn-cgi/rum? HTTP/1.0" 404 14541 "https://www.oinversion.com/contacto" "Mozilla/5.0 (X11; Linux x86_64) AppleWebKit/537.36 (KHTML, like Gecko) Chrome/121.0.0.0 Safari/537.36"
192.178.11.98 - - [13/May/2026:12:16:49 +0000] "POST /cdn-cgi/rum? HTTP/1.0" 404 14541 "https://www.oinversion.com/fondos-de-inversion" "Mozilla/5.0 (Linux; U; Android 4.3; en-us; SM-N900T Build/JSS15J) AppleWebKit/534.30 (KHTML, like Gecko) Version/4.0 Mobile Safari/534.30"
74.125.213.44 - - [13/May/2026:12:16:49 +0000] "POST /cdn-cgi/rum? HTTP/1.0" 404 14541 "https://www.oinversion.com/proyectos" "Mozilla/5.0 (X11; Linux x86_64) AppleWebKit/537.36 (KHTML, like Gecko) Chrome/121.0.0.0 Safari/537.36"
66.102.6.164 - - [13/May/2026:12:16:53 +0000] "POST /cdn-cgi/rum? HTTP/1.0" 404 14541 "https://www.oinversion.com/blog/tag/inmobiliario?page=2" "Mozilla/5.0 (X11; Linux x86_64) AppleWebKit/537.36 (KHTML, like Gecko) Chrome/121.0.0.0 Safari/537.36"
192.178.11.98 - - [13/May/2026:12:16:53 +0000] "POST /cdn-cgi/rum? HTTP/1.0" 404 14541 "https://www.oinversion.com/blog/inversion-en-madrid-como-capitalizar-airbnb" "Mozilla/5.0 (X11; Linux x86_64) AppleWebKit/537.36 (KHTML, like Gecko) Chrome/121.0.0.0 Safari/537.36"
66.249.84.194 - - [13/May/2026:12:16:53 +0000] "POST /cdn-cgi/rum? HTTP/1.0" 404 14541 "https://www.oinversion.com/blog/?page=2" "Mozilla/5.0 (X11; Linux x86_64) AppleWebKit/537.36 (KHTML, like Gecko) Chrome/121.0.0.0 Safari/537.36"
192.178.11.100 - - [13/May/2026:12:16:53 +0000] "POST /cdn-cgi/rum? HTTP/1.0" 404 14541 "https://www.oinversion.com/blog/tag/oficinas" "Mozilla/5.0 (X11; Linux x86_64) AppleWebKit/537.36 (KHTML, like Gecko) Chrome/121.0.0.0 Safari/537.36"
66.102.6.164 - - [13/May/2026:12:16:54 +0000] "POST /cdn-cgi/rum? HTTP/1.0" 404 14541 "https://www.oinversion.com/blog/tag/oficinas" "Mozilla/5.0 (X11; Linux x86_64) AppleWebKit/537.36 (KHTML, like Gecko) Chrome/121.0.0.0 Safari/537.36"
66.249.84.192 - - [13/May/2026:12:16:54 +0000] "POST /cdn-cgi/rum? HTTP/1.0" 404 14541 "https://www.oinversion.com/blog/" "Mozilla/5.0 (Linux; U; Android 4.3; en-us; SM-N900T Build/JSS15J) AppleWebKit/534.30 (KHTML, like Gecko) Version/4.0 Mobile Safari/534.30"
192.178.11.99 - - [13/May/2026:12:16:54 +0000] "POST /cdn-cgi/rum? HTTP/1.0" 404 14541 "https://www.oinversion.com/blog/" "Mozilla/5.0 (Linux; U; Android 4.3; en-us; SM-N900T Build/JSS15J) AppleWebKit/534.30 (KHTML, like Gecko) Version/4.0 Mobile Safari/534.30"
66.102.6.162 - - [13/May/2026:12:16:55 +0000] "POST /cdn-cgi/rum? HTTP/1.0" 404 14541 "https://www.oinversion.com/blog/tag/Crowdfunding?page=2" "Mozilla/5.0 (X11; Linux x86_64) AppleWebKit/537.36 (KHTML, like Gecko) Chrome/121.0.0.0 Safari/537.36"
66.102.6.163 - - [13/May/2026:12:16:56 +0000] "POST /cdn-cgi/rum? HTTP/1.0" 404 14541 "https://www.oinversion.com/blog/" "Mozilla/5.0 (Linux; U; Android 4.3; en-us; SM-N900T Build/JSS15J) AppleWebKit/534.30 (KHTML, like Gecko) Version/4.0 Mobile Safari/534.30"
74.125.213.45 - - [13/May/2026:12:16:59 +0000] "POST /cdn-cgi/rum? HTTP/1.0" 404 14541 "https://www.oinversion.com/blog/" "Mozilla/5.0 (Linux; U; Android 4.3; en-us; SM-N900T Build/JSS15J) AppleWebKit/534.30 (KHTML, like Gecko) Version/4.0 Mobile Safari/534.30"
66.249.78.40 - - [13/May/2026:12:17:08 +0000] "GET /contacto HTTP/1.0" 200 3539 "-" "Mozilla/5.0 (Linux; Android 6.0.1; Nexus 5X Build/MMB29P) AppleWebKit/537.36 (KHTML, like Gecko) Chrome/148.0.7778.96 Mobile Safari/537.36 (compatible; Googlebot/2.1; +http://www.google.com/bot.html)"
114.8.206.245 - - [13/May/2026:12:17:42 +0000] "GET /contacto HTTP/1.0" 200 3539 "https://www.google.com/" "Mozilla/5.0 (Linux; Android 10; K) AppleWebKit/537.36 (KHTML, like Gecko) Chrome/138.0.0.0 Mobile Safari/537.36"
114.8.206.245 - - [13/May/2026:12:17:42 +0000] "GET /contacto HTTP/1.0" 200 3539 "https://www.google.com/" "Mozilla/5.0 (Linux; Android 10; K) AppleWebKit/537.36 (KHTML, like Gecko) Chrome/138.0.0.0 Mobile Safari/537.36"
66.249.79.137 - - [13/May/2026:12:18:20 +0000] "GET /contacto HTTP/1.0" 200 3539 "-" "Mozilla/5.0 (Linux; Android 6.0.1; Nexus 5X Build/MMB29P) AppleWebKit/537.36 (KHTML, like Gecko) Chrome/148.0.7778.96 Mobile Safari/537.36 (compatible; Googlebot/2.1; +http://www.google.com/bot.html)"
5.39.109.169 - - [13/May/2026:12:19:23 +0000] "GET /blog/como-invertir-tu-dinero-a-largo-plazo HTTP/1.0" 200 39930 "-" "Mozilla/5.0 (compatible; AhrefsBot/7.0; +http://ahrefs.com/robot/)"
43.132.214.228 - - [13/May/2026:12:19:37 +0000] "GET / HTTP/1.0" 200 26556 "http://www.oinversion.com" "Mozilla/5.0 (iPhone; CPU iPhone OS 13_2_3 like Mac OS X) AppleWebKit/605.1.15 (KHTML, like Gecko) Version/13.0.3 Mobile/15E148 Safari/604.1"
47.243.146.97 - - [13/May/2026:12:20:02 +0000] "GET /uploads/blog-post/75-featured-descargar.jpg HTTP/1.0" 200 3575 "https://www.oinversion.com" "Mozilla/5.0 (Windows NT 10.0; Win64; x64) AppleWebKit/537.36 (KHTML, like Gecko) Chrome/122.0.0.0 Safari/537.36"
66.249.79.138 - - [13/May/2026:12:20:06 +0000] "GET /contacto HTTP/1.0" 200 3539 "-" "Mozilla/5.0 (Linux; Android 6.0.1; Nexus 5X Build/MMB29P) AppleWebKit/537.36 (KHTML, like Gecko) Chrome/148.0.7778.96 Mobile Safari/537.36 (compatible; Googlebot/2.1; +http://www.google.com/bot.html)"
66.249.79.128 - - [13/May/2026:12:20:28 +0000] "GET /contacto HTTP/1.0" 200 3539 "-" "Mozilla/5.0 (compatible; Googlebot/2.1; +http://www.google.com/bot.html)"
66.249.79.128 - - [13/May/2026:12:20:33 +0000] "GET /contacto HTTP/1.0" 200 3539 "-" "Mozilla/5.0 (Linux; Android 6.0.1; Nexus 5X Build/MMB29P) AppleWebKit/537.36 (KHTML, like Gecko) Chrome/99.0.4844.84 Mobile Safari/537.36 (compatible; Googlebot/2.1; +http://www.google.com/bot.html)"
66.249.78.34 - - [13/May/2026:12:20:36 +0000] "GET /designs/74165272/canvas/1/product_images HTTP/1.0" 404 16000 "https://www.oinversion.com/contacto" "Mozilla/5.0 AppleWebKit/537.36 (KHTML, like Gecko; compatible; Googlebot/2.1; +http://www.google.com/bot.html) Chrome/147.0.7727.116 Safari/537.36"
216.73.216.249 - - [13/May/2026:12:22:40 +0000] "GET /robots.txt HTTP/1.0" 200 3627 "-" "Mozilla/5.0 AppleWebKit/537.36 (KHTML, like Gecko; compatible; ClaudeBot/1.0; +claudebot@anthropic.com)"
216.73.216.249 - - [13/May/2026:12:22:41 +0000] "GET /proyectosen-us/articles/29890745668631-General-Product-Safety-Regulation-GSPR%22 HTTP/1.0" 404 14963 "-" "Mozilla/5.0 AppleWebKit/537.36 (KHTML, like Gecko; compatible; ClaudeBot/1.0; +claudebot@anthropic.com)"
110.249.202.209 - - [13/May/2026:12:22:54 +0000] "GET /assets/7e549121/img/handshake.jpg HTTP/1.0" 200 3565 "https://www.oinversion.com/" "Mozilla/5.0 (Linux; Android 5.0) AppleWebKit/537.36 (KHTML, like Gecko) Mobile Safari/537.36 (compatible; Bytespider; https://zhanzhang.toutiao.com/)"
66.249.79.139 - - [13/May/2026:12:23:11 +0000] "GET /contacto HTTP/1.0" 200 3539 "-" "Mozilla/5.0 (Linux; Android 6.0.1; Nexus 5X Build/MMB29P) AppleWebKit/537.36 (KHTML, like Gecko) Chrome/148.0.7778.96 Mobile Safari/537.36 (compatible; Googlebot/2.1; +http://www.google.com/bot.html)"
216.73.216.249 - - [13/May/2026:12:23:43 +0000] "GET /fondos-de-inversion%22 HTTP/1.0" 404 15946 "-" "Mozilla/5.0 AppleWebKit/537.36 (KHTML, like Gecko; compatible; ClaudeBot/1.0; +claudebot@anthropic.com)"
216.73.216.249 - - [13/May/2026:12:24:29 +0000] "GET /proyectos%22 HTTP/1.0" 404 15916 "-" "Mozilla/5.0 AppleWebKit/537.36 (KHTML, like Gecko; compatible; ClaudeBot/1.0; +claudebot@anthropic.com)"
216.73.216.249 - - [13/May/2026:12:24:56 +0000] "GET /fondos-de-inversionen-us/articles/29890745668631-General-Product-Safety-Regulation-GSPR%22 HTTP/1.0" 404 15003 "-" "Mozilla/5.0 AppleWebKit/537.36 (KHTML, like Gecko; compatible; ClaudeBot/1.0; +claudebot@anthropic.com)"
74.125.213.46 - - [13/May/2026:12:26:14 +0000] "POST /clientlog HTTP/1.0" 404 3554 "https://www.oinversion.com/blog/" "Mozilla/5.0 (Linux; U; Android 4.3; en-us; SM-N900T Build/JSS15J) AppleWebKit/534.30 (KHTML, like Gecko) Version/4.0 Mobile Safari/534.30"
74.125.213.46 - - [13/May/2026:12:26:15 +0000] "POST /clientlog HTTP/1.0" 404 3554 "https://www.oinversion.com/blog/" "Mozilla/5.0 (Linux; U; Android 4.3; en-us; SM-N900T Build/JSS15J) AppleWebKit/534.30 (KHTML, like Gecko) Version/4.0 Mobile Safari/534.30"
74.125.213.45 - - [13/May/2026:12:26:15 +0000] "GET /images/1x1.gif?ch=1&rn=7.893032073974609 HTTP/1.0" 404 14832 "https://www.oinversion.com/blog/" "Mozilla/5.0 (Linux; U; Android 4.3; en-us; SM-N900T Build/JSS15J) AppleWebKit/534.30 (KHTML, like Gecko) Version/4.0 Mobile Safari/534.30"
74.125.213.45 - - [13/May/2026:12:26:15 +0000] "GET /images/1x1.gif?ch=2&rn=7.893032073974609 HTTP/1.0" 404 14832 "https://www.oinversion.com/blog/" "Mozilla/5.0 (Linux; U; Android 4.3; en-us; SM-N900T Build/JSS15J) AppleWebKit/534.30 (KHTML, like Gecko) Version/4.0 Mobile Safari/534.30"
74.125.213.44 - - [13/May/2026:12:26:15 +0000] "GET /api/v3/ajax/bespoke/public/neu/specs/catnav-mobile?log_performance_metrics=false&specs%5Bcatnav-mobile%5D%5B%5D=CategoryNav_V2_Mobile_ApiSpec_CategoryNav&specs%5Bcatnav-mobile%5D%5B1%5D%5Bmott_version%5D=761dfd2&specs%5Bcatnav-mobile%5D%5B1%5D%5Bshow_sales%5D=false&specs%5Bcatnav-mobile%5D%5B1%5D%5Bcatnav_gift_guide%5D=off&specs%5Bcatnav-mobile%5D%5B1%5D%5Bgifting_catnav_flyout_js%5D=false&specs%5Bcatnav-mobile%5D%5B1%5D%5Bshould_show_registry_on_nav%5D=false&specs%5Bcatnav-mobile%5D%5B1%5D%5Bshould_use_gifting_taxos_in_nav_flyout%5D=false&specs%5Bcatnav-mobile%5D%5B1%5D%5Blocale%5D=IDR%7Cen-GB%7CID&specs%5Bcatnav-mobile%5D%5B1%5D%5Bshould_use_buyer_taxo%5D=false&runtime_analysis=false HTTP/1.0" 404 3554 "https://www.oinversion.com/blog/" "Mozilla/5.0 (Linux; U; Android 4.3; en-us; SM-N900T Build/JSS15J) AppleWebKit/534.30 (KHTML, like Gecko) Version/4.0 Mobile Safari/534.30"
74.125.213.46 - - [13/May/2026:12:26:15 +0000] "GET /api/v3/ajax/member/users/listings-favorites-collections-map?listing_ids%5B%5D=1790774795 HTTP/1.0" 404 16144 "https://www.oinversion.com/blog/" "Mozilla/5.0 (Linux; U; Android 4.3; en-us; SM-N900T Build/JSS15J) AppleWebKit/534.30 (KHTML, like Gecko) Version/4.0 Mobile Safari/534.30"
74.125.213.44 - - [13/May/2026:12:26:15 +0000] "POST /clientlog HTTP/1.0" 404 3554 "https://www.oinversion.com/blog/" "Mozilla/5.0 (Linux; U; Android 4.3; en-us; SM-N900T Build/JSS15J) AppleWebKit/534.30 (KHTML, like Gecko) Version/4.0 Mobile Safari/534.30"
74.125.213.44 - - [13/May/2026:12:26:15 +0000] "POST /cdn-cgi/rum? HTTP/1.0" 404 14541 "https://www.oinversion.com/blog/" "Mozilla/5.0 (Linux; U; Android 4.3; en-us; SM-N900T Build/JSS15J) AppleWebKit/534.30 (KHTML, like Gecko) Version/4.0 Mobile Safari/534.30"
74.125.213.46 - - [13/May/2026:12:26:15 +0000] "POST /clientlog HTTP/1.0" 404 3554 "https://www.oinversion.com/blog/" "Mozilla/5.0 (Linux; U; Android 4.3; en-us; SM-N900T Build/JSS15J) AppleWebKit/534.30 (KHTML, like Gecko) Version/4.0 Mobile Safari/534.30"
74.125.213.46 - - [13/May/2026:12:26:21 +0000] "POST /api/v3/ajax/bespoke/member/neu/specs/listing_async_bottom HTTP/1.0" 404 3554 "https://www.oinversion.com/blog/" "Mozilla/5.0 (Linux; U; Android 4.3; en-us; SM-N900T Build/JSS15J) AppleWebKit/534.30 (KHTML, like Gecko) Version/4.0 Mobile Safari/534.30"
74.125.213.46 - - [13/May/2026:12:26:21 +0000] "POST /api/v3/ajax/bespoke/member/neu/specs/listing_async_bottom_collections HTTP/1.0" 404 3554 "https://www.oinversion.com/blog/" "Mozilla/5.0 (Linux; U; Android 4.3; en-us; SM-N900T Build/JSS15J) AppleWebKit/534.30 (KHTML, like Gecko) Version/4.0 Mobile Safari/534.30"
74.125.213.46 - - [13/May/2026:12:26:21 +0000] "POST /api/v3/ajax/public/statsd HTTP/1.0" 404 15751 "https://www.oinversion.com/blog/" "Mozilla/5.0 (Linux; U; Android 4.3; en-us; SM-N900T Build/JSS15J) AppleWebKit/534.30 (KHTML, like Gecko) Version/4.0 Mobile Safari/534.30"
111.225.148.116 - - [13/May/2026:12:27:39 +0000] "GET /assets/7e549121/img/arte-proyectos.png HTTP/1.0" 200 3569 "https://www.oinversion.com/" "Mozilla/5.0 (Linux; Android 5.0) AppleWebKit/537.36 (KHTML, like Gecko) Mobile Safari/537.36 (compatible; Bytespider; https://zhanzhang.toutiao.com/)"
149.232.133.245 - - [13/May/2026:12:34:09 +0000] "GET /blog/tag/Crowdfunding+inmobiliario HTTP/1.0" 200 19511 "-" "Mozilla/5.0 (Macintosh; Intel Mac OS X 10_15_7) AppleWebKit/537.36 (KHTML, like Gecko) Chrome/143.0.0.0 Safari/537.36"
149.232.133.245 - - [13/May/2026:12:34:09 +0000] "GET /assets/2a658dd2/css/bootstrap.css?v=1469461915 HTTP/1.0" 200 3563 "https://www.oinversion.com/blog/tag/Crowdfunding+inmobiliario" "Mozilla/5.0 (Macintosh; Intel Mac OS X 10_15_7) AppleWebKit/537.36 (KHTML, like Gecko) Chrome/143.0.0.0 Safari/537.36"
149.232.133.245 - - [13/May/2026:12:34:09 +0000] "GET /assets/7e549121/css/jquery.bxslider.css?v=1503585073 HTTP/1.0" 200 3569 "https://www.oinversion.com/blog/tag/Crowdfunding+inmobiliario" "Mozilla/5.0 (Macintosh; Intel Mac OS X 10_15_7) AppleWebKit/537.36 (KHTML, like Gecko) Chrome/143.0.0.0 Safari/537.36"
149.232.133.245 - - [13/May/2026:12:34:09 +0000] "GET /assets/7e549121/css/stylesheet.css?v=1666108212 HTTP/1.0" 200 3564 "https://www.oinversion.com/blog/tag/Crowdfunding+inmobiliario" "Mozilla/5.0 (Macintosh; Intel Mac OS X 10_15_7) AppleWebKit/537.36 (KHTML, like Gecko) Chrome/143.0.0.0 Safari/537.36"
149.232.133.245 - - [13/May/2026:12:34:09 +0000] "GET /assets/2a658dd2/js/bootstrap.js?v=1469461915 HTTP/1.0" 200 3575 "https://www.oinversion.com/blog/tag/Crowdfunding+inmobiliario" "Mozilla/5.0 (Macintosh; Intel Mac OS X 10_15_7) AppleWebKit/537.36 (KHTML, like Gecko) Chrome/143.0.0.0 Safari/537.36"
149.232.133.245 - - [13/May/2026:12:34:09 +0000] "GET /assets/fe2b9edf/yii.validation.js?v=1468244202 HTTP/1.0" 200 3577 "https://www.oinversion.com/blog/tag/Crowdfunding+inmobiliario" "Mozilla/5.0 (Macintosh; Intel Mac OS X 10_15_7) AppleWebKit/537.36 (KHTML, like Gecko) Chrome/143.0.0.0 Safari/537.36"
149.232.133.245 - - [13/May/2026:12:34:09 +0000] "GET /assets/fe2b9edf/yii.js?v=1468244202 HTTP/1.0" 200 3566 "https://www.oinversion.com/blog/tag/Crowdfunding+inmobiliario" "Mozilla/5.0 (Macintosh; Intel Mac OS X 10_15_7) AppleWebKit/537.36 (KHTML, like Gecko) Chrome/143.0.0.0 Safari/537.36"
149.232.133.245 - - [13/May/2026:12:34:09 +0000] "GET /assets/7e549121/js/main.js?v=1503585073 HTTP/1.0" 200 3570 "https://www.oinversion.com/blog/tag/Crowdfunding+inmobiliario" "Mozilla/5.0 (Macintosh; Intel Mac OS X 10_15_7) AppleWebKit/537.36 (KHTML, like Gecko) Chrome/143.0.0.0 Safari/537.36"
149.232.133.245 - - [13/May/2026:12:34:09 +0000] "GET /assets/fe2b9edf/yii.activeForm.js?v=1468244202 HTTP/1.0" 200 3577 "https://www.oinversion.com/blog/tag/Crowdfunding+inmobiliario" "Mozilla/5.0 (Macintosh; Intel Mac OS X 10_15_7) AppleWebKit/537.36 (KHTML, like Gecko) Chrome/143.0.0.0 Safari/537.36"
149.232.133.245 - - [13/May/2026:12:34:09 +0000] "GET /assets/7e549121/js/Chart.min.js?v=1503585073 HTTP/1.0" 200 3575 "https://www.oinversion.com/blog/tag/Crowdfunding+inmobiliario" "Mozilla/5.0 (Macintosh; Intel Mac OS X 10_15_7) AppleWebKit/537.36 (KHTML, like Gecko) Chrome/143.0.0.0 Safari/537.36"
104.210.140.129 - - [13/May/2026:12:34:46 +0000] "GET /robots.txt HTTP/1.0" 200 3627 "-" "Mozilla/5.0 (Macintosh; Intel Mac OS X 10_15_7) AppleWebKit/537.36 (KHTML, like Gecko) Chrome/131.0.0.0 Safari/537.36; compatible; OAI-SearchBot/1.0; +https://openai.com/searchbot"
66.102.6.164 - - [13/May/2026:12:34:52 +0000] "GET /blog/tag/oficinas HTTP/1.0" 200 3548 "-" "Mozilla/5.0 (X11; Linux x86_64) AppleWebKit/537.36 (KHTML, like Gecko) Chrome/121.0.0.0 Safari/537.36"
66.102.6.163 - - [13/May/2026:12:35:08 +0000] "POST /clientlog HTTP/1.0" 404 3554 "https://www.oinversion.com/blog/tag/oficinas" "Mozilla/5.0 (X11; Linux x86_64) AppleWebKit/537.36 (KHTML, like Gecko) Chrome/121.0.0.0 Safari/537.36"
66.102.6.164 - - [13/May/2026:12:35:08 +0000] "POST /clientlog HTTP/1.0" 404 3554 "https://www.oinversion.com/blog/tag/oficinas" "Mozilla/5.0 (X11; Linux x86_64) AppleWebKit/537.36 (KHTML, like Gecko) Chrome/121.0.0.0 Safari/537.36"
66.102.6.162 - - [13/May/2026:12:35:08 +0000] "GET /api/v3/ajax/member/users/listings-favorites-collections-map?listing_ids%5B%5D=1790774795 HTTP/1.0" 404 16144 "https://www.oinversion.com/blog/tag/oficinas" "Mozilla/5.0 (X11; Linux x86_64) AppleWebKit/537.36 (KHTML, like Gecko) Chrome/121.0.0.0 Safari/537.36"
66.102.6.162 - - [13/May/2026:12:35:08 +0000] "GET /images/1x1.gif?ch=2&rn=1.875942349433899 HTTP/1.0" 404 14832 "https://www.oinversion.com/blog/tag/oficinas" "Mozilla/5.0 (X11; Linux x86_64) AppleWebKit/537.36 (KHTML, like Gecko) Chrome/121.0.0.0 Safari/537.36"
66.102.6.162 - - [13/May/2026:12:35:08 +0000] "POST /clientlog HTTP/1.0" 404 3554 "https://www.oinversion.com/blog/tag/oficinas" "Mozilla/5.0 (X11; Linux x86_64) AppleWebKit/537.36 (KHTML, like Gecko) Chrome/121.0.0.0 Safari/537.36"
66.102.6.162 - - [13/May/2026:12:35:08 +0000] "GET /images/1x1.gif?ch=1&rn=1.875942349433899 HTTP/1.0" 404 14832 "https://www.oinversion.com/blog/tag/oficinas" "Mozilla/5.0 (X11; Linux x86_64) AppleWebKit/537.36 (KHTML, like Gecko) Chrome/121.0.0.0 Safari/537.36"
66.102.6.164 - - [13/May/2026:12:35:08 +0000] "POST /clientlog HTTP/1.0" 404 3554 "https://www.oinversion.com/blog/tag/oficinas" "Mozilla/5.0 (X11; Linux x86_64) AppleWebKit/537.36 (KHTML, like Gecko) Chrome/121.0.0.0 Safari/537.36"
66.102.6.163 - - [13/May/2026:12:35:08 +0000] "POST /cdn-cgi/rum? HTTP/1.0" 404 14541 "https://www.oinversion.com/blog/tag/oficinas" "Mozilla/5.0 (X11; Linux x86_64) AppleWebKit/537.36 (KHTML, like Gecko) Chrome/121.0.0.0 Safari/537.36"
66.102.6.162 - - [13/May/2026:12:35:08 +0000] "GET /api/v3/ajax/bespoke/public/neu/specs/submenu?log_performance_metrics=false&specs%5Bsubmenu%5D%5B%5D=Etsy%5CModules%5CCategoryNav%5CSpecs%5CDropdownCatNav%5CDropdownSubmenu&runtime_analysis=false HTTP/1.0" 404 3554 "https://www.oinversion.com/blog/tag/oficinas" "Mozilla/5.0 (X11; Linux x86_64) AppleWebKit/537.36 (KHTML, like Gecko) Chrome/121.0.0.0 Safari/537.36"
66.102.6.164 - - [13/May/2026:12:35:13 +0000] "POST /api/v3/ajax/bespoke/member/neu/specs/listing_async_bottom_collections HTTP/1.0" 404 3554 "https://www.oinversion.com/blog/tag/oficinas" "Mozilla/5.0 (X11; Linux x86_64) AppleWebKit/537.36 (KHTML, like Gecko) Chrome/121.0.0.0 Safari/537.36"
66.102.6.163 - - [13/May/2026:12:35:14 +0000] "POST /api/v3/ajax/bespoke/member/neu/specs/listing_async_bottom HTTP/1.0" 404 3554 "https://www.oinversion.com/blog/tag/oficinas" "Mozilla/5.0 (X11; Linux x86_64) AppleWebKit/537.36 (KHTML, like Gecko) Chrome/121.0.0.0 Safari/537.36"
66.102.6.162 - - [13/May/2026:12:35:14 +0000] "POST /api/v3/ajax/public/statsd HTTP/1.0" 404 15751 "https://www.oinversion.com/blog/tag/oficinas" "Mozilla/5.0 (X11; Linux x86_64) AppleWebKit/537.36 (KHTML, like Gecko) Chrome/121.0.0.0 Safari/537.36"
66.249.79.137 - - [13/May/2026:12:35:35 +0000] "GET /contacto HTTP/1.0" 200 3539 "-" "Mozilla/5.0 (Linux; Android 6.0.1; Nexus 5X Build/MMB29P) AppleWebKit/537.36 (KHTML, like Gecko) Chrome/148.0.7778.96 Mobile Safari/537.36 (compatible; Googlebot/2.1; +http://www.google.com/bot.html)"
66.102.6.162 - - [13/May/2026:12:35:39 +0000] "POST /cdn-cgi/rum? HTTP/1.0" 404 14541 "https://www.oinversion.com/blog/tag/oficinas" "Mozilla/5.0 (X11; Linux x86_64) AppleWebKit/537.36 (KHTML, like Gecko) Chrome/121.0.0.0 Safari/537.36"
216.244.66.198 - - [13/May/2026:12:35:58 +0000] "GET /robots.txt HTTP/1.0" 200 3627 "-" "Mozilla/5.0 (compatible; DotBot/1.2; +https://opensiteexplorer.org/dotbot; help@moz.com)"
216.244.66.198 - - [13/May/2026:12:35:58 +0000] "GET /robots.txt HTTP/1.0" 200 3627 "-" "Mozilla/5.0 (compatible; DotBot/1.2; +https://opensiteexplorer.org/dotbot; help@moz.com)"
142.250.32.40 - - [13/May/2026:12:37:02 +0000] "GET /.well-known/traffic-advice HTTP/1.0" 404 14791 "-" "Chrome Privacy Preserving Prefetch Proxy"
72.14.201.122 - - [13/May/2026:12:37:02 +0000] "GET /blog/el-abc-de-la-inversion-que-debemos-conocer-para-empezar-a-invertir HTTP/1.0" 200 49940 "https://www.google.com/" "Mozilla/5.0 (Macintosh; Intel Mac OS X 10_15_7) AppleWebKit/537.36 (KHTML, like Gecko) Chrome/147.0.0.0 Safari/537.36"
144.31.35.9 - - [13/May/2026:12:38:35 +0000] "GET /uploads/resize/ProjectLarge/uploads/projects/9-picture%20%284%29.jpg HTTP/1.0" 200 3594 "http://www.oinversion.com/" "Mozilla/5.0 (Windows NT 10.0; Win64; x64) AppleWebKit/537.36 (KHTML, like Gecko) Chrome/106.0.5249.119 Safari/537.36"
66.249.78.36 - - [13/May/2026:12:39:06 +0000] "GET /blog/tag/mejor HTTP/1.0" 200 22497 "-" "Mozilla/5.0 (Linux; Android 6.0.1; Nexus 5X Build/MMB29P) AppleWebKit/537.36 (KHTML, like Gecko) Chrome/147.0.7727.137 Mobile Safari/537.36 (compatible; Googlebot/2.1; +http://www.google.com/bot.html)"
216.73.216.249 - - [13/May/2026:12:42:32 +0000] "GET /sitemap.xml HTTP/1.0" 404 15913 "-" "Mozilla/5.0 AppleWebKit/537.36 (KHTML, like Gecko; compatible; ClaudeBot/1.0; +claudebot@anthropic.com)"
66.249.79.138 - - [13/May/2026:12:42:54 +0000] "GET /contacto HTTP/1.0" 200 3539 "-" "Mozilla/5.0 (Linux; Android 6.0.1; Nexus 5X Build/MMB29P) AppleWebKit/537.36 (KHTML, like Gecko) Chrome/148.0.7778.96 Mobile Safari/537.36 (compatible; Googlebot/2.1; +http://www.google.com/bot.html)"
216.73.216.249 - - [13/May/2026:12:44:41 +0000] "GET /robots.txt HTTP/1.0" 200 3627 "-" "Mozilla/5.0 AppleWebKit/537.36 (KHTML, like Gecko; compatible; ClaudeBot/1.0; +claudebot@anthropic.com)"
216.73.216.249 - - [13/May/2026:12:44:41 +0000] "GET /sitemap.xml HTTP/1.0" 404 15905 "-" "Mozilla/5.0 AppleWebKit/537.36 (KHTML, like Gecko; compatible; ClaudeBot/1.0; +claudebot@anthropic.com)"
66.249.79.139 - - [13/May/2026:12:46:25 +0000] "GET /contacto HTTP/1.0" 200 3539 "-" "Mozilla/5.0 (Linux; Android 6.0.1; Nexus 5X Build/MMB29P) AppleWebKit/537.36 (KHTML, like Gecko) Chrome/148.0.7778.96 Mobile Safari/537.36 (compatible; Googlebot/2.1; +http://www.google.com/bot.html)"
66.249.78.41 - - [13/May/2026:12:48:01 +0000] "GET /contacto HTTP/1.0" 200 3539 "-" "Mozilla/5.0 (Linux; Android 6.0.1; Nexus 5X Build/MMB29P) AppleWebKit/537.36 (KHTML, like Gecko) Chrome/148.0.7778.96 Mobile Safari/537.36 (compatible; Googlebot/2.1; +http://www.google.com/bot.html)"
17.246.19.7 - - [13/May/2026:12:49:54 +0000] "GET / HTTP/1.0" 200 26548 "-" "Mozilla/5.0 (Macintosh; Intel Mac OS X 10_15_7) AppleWebKit/605.1.15 (KHTML, like Gecko) Version/17.4 Safari/605.1.15 (Applebot/0.1; +http://www.apple.com/go/applebot)"
66.249.79.138 - - [13/May/2026:12:51:09 +0000] "GET /contacto HTTP/1.0" 200 3539 "-" "Mozilla/5.0 (Linux; Android 6.0.1; Nexus 5X Build/MMB29P) AppleWebKit/537.36 (KHTML, like Gecko) Chrome/148.0.7778.96 Mobile Safari/537.36 (compatible; Googlebot/2.1; +http://www.google.com/bot.html)"
216.244.66.198 - - [13/May/2026:12:52:08 +0000] "GET /blog/tag/invertir+en+propiedades HTTP/1.0" 200 19468 "-" "Mozilla/5.0 (compatible; DotBot/1.2; +https://opensiteexplorer.org/dotbot; help@moz.com)"
66.249.79.139 - - [13/May/2026:12:52:30 +0000] "GET /contacto HTTP/1.0" 200 3539 "-" "Mozilla/5.0 (Linux; Android 6.0.1; Nexus 5X Build/MMB29P) AppleWebKit/537.36 (KHTML, like Gecko) Chrome/148.0.7778.96 Mobile Safari/537.36 (compatible; Googlebot/2.1; +http://www.google.com/bot.html)"
40.77.167.151 - - [13/May/2026:12:52:34 +0000] "GET /blog/tag/liquidez?page=2 HTTP/1.0" 200 19396 "-" "Mozilla/5.0 AppleWebKit/537.36 (KHTML, like Gecko; compatible; bingbot/2.0; +http://www.bing.com/bingbot.htm) Chrome/116.0.1938.76 Safari/537.36"
54.39.6.15 - - [13/May/2026:12:53:17 +0000] "GET /robots.txt HTTP/1.0" 200 3627 "-" "Mozilla/5.0 (compatible; AhrefsBot/7.0; +http://ahrefs.com/robot/)"
198.244.242.132 - - [13/May/2026:12:53:18 +0000] "GET /blog/el-inversor-inteligente-cinco-consejos-de-benjamin-graham-para-invertir-con-exito HTTP/1.0" 200 43123 "-" "Mozilla/5.0 (compatible; AhrefsBot/7.0; +http://ahrefs.com/robot/)"
66.249.78.41 - - [13/May/2026:12:54:12 +0000] "GET /contacto HTTP/1.0" 200 3539 "-" "Mozilla/5.0 (Linux; Android 6.0.1; Nexus 5X Build/MMB29P) AppleWebKit/537.36 (KHTML, like Gecko) Chrome/148.0.7778.96 Mobile Safari/537.36 (compatible; Googlebot/2.1; +http://www.google.com/bot.html)"
216.244.66.198 - - [13/May/2026:12:55:08 +0000] "GET /blog/tag/inversion?page=12 HTTP/1.0" 200 22408 "-" "Mozilla/5.0 (compatible; DotBot/1.2; +https://opensiteexplorer.org/dotbot; help@moz.com)"
47.128.19.0 - - [13/May/2026:12:55:23 +0000] "GET /long-sleeve-t-shirt HTTP/1.0" 404 15937 "-" "Mozilla/5.0 (Linux; Android 5.0) AppleWebKit/537.36 (KHTML, like Gecko) Mobile Safari/537.36 (compatible; Bytespider; spider-feedback@bytedance.com)"
17.246.19.250 - - [13/May/2026:12:56:48 +0000] "GET / HTTP/1.0" 200 26548 "-" "Mozilla/5.0 (Macintosh; Intel Mac OS X 10_15_7) AppleWebKit/605.1.15 (KHTML, like Gecko) Version/17.4 Safari/605.1.15 (Applebot/0.1; +http://www.apple.com/go/applebot)"
17.246.15.32 - - [13/May/2026:12:56:50 +0000] "GET /assets/2a658dd2/css/bootstrap.css?v=1469461915 HTTP/1.0" 200 3563 "https://oinversion.com/" "Mozilla/5.0 (Macintosh; Intel Mac OS X 10_15_7) AppleWebKit/605.1.15 (KHTML, like Gecko) Version/17.4 Safari/605.1.15 (Applebot/0.1; +http://www.apple.com/go/applebot)"
17.246.15.137 - - [13/May/2026:12:56:51 +0000] "GET /assets/7e549121/css/jquery.bxslider.css?v=1503585073 HTTP/1.0" 200 3569 "https://oinversion.com/" "Mozilla/5.0 (Macintosh; Intel Mac OS X 10_15_7) AppleWebKit/605.1.15 (KHTML, like Gecko) Version/17.4 Safari/605.1.15 (Applebot/0.1; +http://www.apple.com/go/applebot)"
17.246.23.177 - - [13/May/2026:12:56:53 +0000] "GET /assets/7e549121/css/font-awesome.min.css?v=1503585073 HTTP/1.0" 200 3570 "https://oinversion.com/" "Mozilla/5.0 (Macintosh; Intel Mac OS X 10_15_7) AppleWebKit/605.1.15 (KHTML, like Gecko) Version/17.4 Safari/605.1.15 (Applebot/0.1; +http://www.apple.com/go/applebot)"
17.246.23.198 - - [13/May/2026:12:56:54 +0000] "GET /assets/62f7db0b/jquery.js?v=1463765083 HTTP/1.0" 200 3569 "https://oinversion.com/" "Mozilla/5.0 (Macintosh; Intel Mac OS X 10_15_7) AppleWebKit/605.1.15 (KHTML, like Gecko) Version/17.4 Safari/605.1.15 (Applebot/0.1; +http://www.apple.com/go/applebot)"
17.246.15.252 - - [13/May/2026:12:56:56 +0000] "GET /assets/7e549121/css/stylesheet.css?v=1666108212 HTTP/1.0" 200 3564 "https://oinversion.com/" "Mozilla/5.0 (Macintosh; Intel Mac OS X 10_15_7) AppleWebKit/605.1.15 (KHTML, like Gecko) Version/17.4 Safari/605.1.15 (Applebot/0.1; +http://www.apple.com/go/applebot)"
17.246.19.89 - - [13/May/2026:12:56:57 +0000] "GET /assets/fe2b9edf/yii.js?v=1468244202 HTTP/1.0" 200 3566 "https://oinversion.com/" "Mozilla/5.0 (Macintosh; Intel Mac OS X 10_15_7) AppleWebKit/605.1.15 (KHTML, like Gecko) Version/17.4 Safari/605.1.15 (Applebot/0.1; +http://www.apple.com/go/applebot)"
17.246.15.100 - - [13/May/2026:12:56:59 +0000] "GET /assets/fe2b9edf/yii.activeForm.js?v=1468244202 HTTP/1.0" 200 3577 "https://oinversion.com/" "Mozilla/5.0 (Macintosh; Intel Mac OS X 10_15_7) AppleWebKit/605.1.15 (KHTML, like Gecko) Version/17.4 Safari/605.1.15 (Applebot/0.1; +http://www.apple.com/go/applebot)"
17.246.15.153 - - [13/May/2026:12:57:00 +0000] "GET /assets/2a658dd2/js/bootstrap.js?v=1469461915 HTTP/1.0" 200 3575 "https://oinversion.com/" "Mozilla/5.0 (Macintosh; Intel Mac OS X 10_15_7) AppleWebKit/605.1.15 (KHTML, like Gecko) Version/17.4 Safari/605.1.15 (Applebot/0.1; +http://www.apple.com/go/applebot)"
17.246.19.228 - - [13/May/2026:12:57:02 +0000] "GET /assets/7e549121/js/main.js?v=1503585073 HTTP/1.0" 200 3570 "https://oinversion.com/" "Mozilla/5.0 (Macintosh; Intel Mac OS X 10_15_7) AppleWebKit/605.1.15 (KHTML, like Gecko) Version/17.4 Safari/605.1.15 (Applebot/0.1; +http://www.apple.com/go/applebot)"
17.246.15.39 - - [13/May/2026:12:57:04 +0000] "GET /assets/7e549121/js/jquery.bxslider.min.js?v=1503585073 HTTP/1.0" 200 3585 "https://oinversion.com/" "Mozilla/5.0 (Macintosh; Intel Mac OS X 10_15_7) AppleWebKit/605.1.15 (KHTML, like Gecko) Version/17.4 Safari/605.1.15 (Applebot/0.1; +http://www.apple.com/go/applebot)"
17.246.15.206 - - [13/May/2026:12:57:05 +0000] "GET /assets/7e549121/js/Chart.min.js?v=1503585073 HTTP/1.0" 200 3575 "https://oinversion.com/" "Mozilla/5.0 (Macintosh; Intel Mac OS X 10_15_7) AppleWebKit/605.1.15 (KHTML, like Gecko) Version/17.4 Safari/605.1.15 (Applebot/0.1; +http://www.apple.com/go/applebot)"
17.246.19.20 - - [13/May/2026:12:57:07 +0000] "GET /assets/fe2b9edf/yii.validation.js?v=1468244202 HTTP/1.0" 200 3577 "https://oinversion.com/" "Mozilla/5.0 (Macintosh; Intel Mac OS X 10_15_7) AppleWebKit/605.1.15 (KHTML, like Gecko) Version/17.4 Safari/605.1.15 (Applebot/0.1; +http://www.apple.com/go/applebot)"
66.249.79.139 - - [13/May/2026:12:57:12 +0000] "GET /contacto HTTP/1.0" 200 3539 "-" "Mozilla/5.0 (Linux; Android 6.0.1; Nexus 5X Build/MMB29P) AppleWebKit/537.36 (KHTML, like Gecko) Chrome/148.0.7778.96 Mobile Safari/537.36 (compatible; Googlebot/2.1; +http://www.google.com/bot.html)"
66.249.78.40 - - [13/May/2026:12:58:37 +0000] "GET /contacto HTTP/1.0" 200 3539 "-" "Mozilla/5.0 (Linux; Android 6.0.1; Nexus 5X Build/MMB29P) AppleWebKit/537.36 (KHTML, like Gecko) Chrome/148.0.7778.96 Mobile Safari/537.36 (compatible; Googlebot/2.1; +http://www.google.com/bot.html)"
66.249.79.137 - - [13/May/2026:12:59:17 +0000] "GET /contacto HTTP/1.0" 200 3539 "-" "Mozilla/5.0 (Linux; Android 6.0.1; Nexus 5X Build/MMB29P) AppleWebKit/537.36 (KHTML, like Gecko) Chrome/148.0.7778.96 Mobile Safari/537.36 (compatible; Googlebot/2.1; +http://www.google.com/bot.html)"
66.249.78.41 - - [13/May/2026:13:02:48 +0000] "GET /contacto HTTP/1.0" 200 3539 "-" "Mozilla/5.0 (Linux; Android 6.0.1; Nexus 5X Build/MMB29P) AppleWebKit/537.36 (KHTML, like Gecko) Chrome/148.0.7778.96 Mobile Safari/537.36 (compatible; Googlebot/2.1; +http://www.google.com/bot.html)"
66.249.78.41 - - [13/May/2026:13:03:48 +0000] "GET /contacto HTTP/1.0" 200 3539 "-" "Mozilla/5.0 (Linux; Android 6.0.1; Nexus 5X Build/MMB29P) AppleWebKit/537.36 (KHTML, like Gecko) Chrome/148.0.7778.96 Mobile Safari/537.36 (compatible; Googlebot/2.1; +http://www.google.com/bot.html)"
66.249.79.137 - - [13/May/2026:13:06:35 +0000] "GET /proyectos HTTP/1.0" 200 3540 "-" "Mozilla/5.0 (Linux; Android 6.0.1; Nexus 5X Build/MMB29P) AppleWebKit/537.36 (KHTML, like Gecko) Chrome/148.0.7778.96 Mobile Safari/537.36 (compatible; Googlebot/2.1; +http://www.google.com/bot.html)"
45.41.133.170 - - [13/May/2026:13:07:09 +0000] "GET /blog/el-abc-de-la-inversion-que-debemos-conocer-para-empezar-a-invertir HTTP/1.0" 200 49940 "-" "Mozilla/5.0 (Macintosh; Intel Mac OS X 10_15_7) AppleWebKit/537.36 (KHTML, like Gecko) Chrome/142.0.0.0 Safari/537.36"
66.249.79.128 - - [13/May/2026:13:07:13 +0000] "GET /blog/tag/mejor?page=2 HTTP/1.0" 200 22890 "-" "Mozilla/5.0 (Linux; Android 6.0.1; Nexus 5X Build/MMB29P) AppleWebKit/537.36 (KHTML, like Gecko) Chrome/147.0.7727.137 Mobile Safari/537.36 (compatible; Googlebot/2.1; +http://www.google.com/bot.html)"
66.249.79.138 - - [13/May/2026:13:10:59 +0000] "GET /contacto HTTP/1.0" 200 3539 "-" "Mozilla/5.0 (Linux; Android 6.0.1; Nexus 5X Build/MMB29P) AppleWebKit/537.36 (KHTML, like Gecko) Chrome/148.0.7778.96 Mobile Safari/537.36 (compatible; Googlebot/2.1; +http://www.google.com/bot.html)"
157.55.39.58 - - [13/May/2026:13:14:09 +0000] "GET /blog/como-invertir-con-un-intermediario-o-broker-online HTTP/1.0" 200 41402 "-" "Mozilla/5.0 AppleWebKit/537.36 (KHTML, like Gecko; compatible; bingbot/2.0; +http://www.bing.com/bingbot.htm) Chrome/116.0.1938.76 Safari/537.36"
44.210.204.255 - - [13/May/2026:13:14:58 +0000] "GET /blog/tag/Oinversi%C3%B3n?page=7 HTTP/1.0" 200 23314 "-" "Mozilla/5.0 AppleWebKit/537.36 (KHTML, like Gecko; compatible; Amazonbot/0.1; +https://developer.amazon.com/support/amazonbot) Chrome/119.0.6045.214 Safari/537.36"
66.249.79.139 - - [13/May/2026:13:15:54 +0000] "GET /contacto HTTP/1.0" 200 3539 "-" "Mozilla/5.0 (Linux; Android 6.0.1; Nexus 5X Build/MMB29P) AppleWebKit/537.36 (KHTML, like Gecko) Chrome/148.0.7778.96 Mobile Safari/537.36 (compatible; Googlebot/2.1; +http://www.google.com/bot.html)"
34.205.170.13 - - [13/May/2026:13:18:14 +0000] "GET /coinversion HTTP/1.0" 200 3542 "-" "Mozilla/5.0 AppleWebKit/537.36 (KHTML, like Gecko; compatible; Amazonbot/0.1; +https://developer.amazon.com/support/amazonbot) Chrome/119.0.6045.214 Safari/537.36"
51.68.111.205 - - [13/May/2026:13:19:28 +0000] "GET /robots.txt HTTP/1.0" 200 3627 "-" "Mozilla/5.0 (compatible; MJ12bot/v2.0.5; http://mj12bot.com/)"
51.68.111.205 - - [13/May/2026:13:19:28 +0000] "GET / HTTP/1.0" 200 26556 "-" "Mozilla/5.0 (compatible; MJ12bot/v2.0.5; http://mj12bot.com/)"
198.244.242.28 - - [13/May/2026:13:20:10 +0000] "GET /blog/guia-para-invertir-en-bitcoins HTTP/1.0" 200 51184 "-" "Mozilla/5.0 (compatible; AhrefsBot/7.0; +http://ahrefs.com/robot/)"
140.213.128.32 - - [13/May/2026:13:21:20 +0000] "GET /blog/tag/socimis HTTP/1.0" 200 3547 "https://www.google.com/" "Mozilla/5.0 (Linux; Android 8.1.0; vivo 1724) AppleWebKit/537.36 (KHTML, like Gecko) Chrome/70.0.3538.110 Mobile Safari/537.36"
