47.128.18.69 - - [13/May/2026:09:14:40 +0000] "GET /assets/7e549121/img/ico-twitter.svg HTTP/1.0" 200 3570 "https://www.oinversion.com/stores/artists-to-watch" "Mozilla/5.0 (Linux; Android 5.0) AppleWebKit/537.36 (KHTML, like Gecko) Mobile Safari/537.36 (compatible; Bytespider; spider-feedback@bytedance.com)"
47.128.18.69 - - [13/May/2026:09:14:40 +0000] "GET /assets/7e549121/img/fondo_footer.jpg HTTP/1.0" 200 3568 "https://www.oinversion.com/assets/7e549121/css/stylesheet.css?v=1666108212" "Mozilla/5.0 (Linux; Android 5.0) AppleWebKit/537.36 (KHTML, like Gecko) Mobile Safari/537.36 (compatible; Bytespider; spider-feedback@bytedance.com)"
66.249.79.137 - - [13/May/2026:09:14:50 +0000] "GET /contacto HTTP/1.0" 200 3539 "-" "Mozilla/5.0 (Linux; Android 6.0.1; Nexus 5X Build/MMB29P) AppleWebKit/537.36 (KHTML, like Gecko) Chrome/148.0.7778.96 Mobile Safari/537.36 (compatible; Googlebot/2.1; +http://www.google.com/bot.html)"
66.249.79.138 - - [13/May/2026:09:15:54 +0000] "GET /contacto HTTP/1.0" 200 3539 "-" "Mozilla/5.0 (Linux; Android 6.0.1; Nexus 5X Build/MMB29P) AppleWebKit/537.36 (KHTML, like Gecko) Chrome/148.0.7778.96 Mobile Safari/537.36 (compatible; Googlebot/2.1; +http://www.google.com/bot.html)"
66.249.78.41 - - [13/May/2026:09:17:41 +0000] "GET /contacto HTTP/1.0" 200 3539 "-" "Mozilla/5.0 (Linux; Android 6.0.1; Nexus 5X Build/MMB29P) AppleWebKit/537.36 (KHTML, like Gecko) Chrome/148.0.7778.96 Mobile Safari/537.36 (compatible; Googlebot/2.1; +http://www.google.com/bot.html)"
66.249.79.137 - - [13/May/2026:09:20:07 +0000] "GET /contacto HTTP/1.0" 200 3539 "-" "Mozilla/5.0 (Linux; Android 6.0.1; Nexus 5X Build/MMB29P) AppleWebKit/537.36 (KHTML, like Gecko) Chrome/148.0.7778.96 Mobile Safari/537.36 (compatible; Googlebot/2.1; +http://www.google.com/bot.html)"
66.249.78.40 - - [13/May/2026:09:21:43 +0000] "GET /contacto HTTP/1.0" 200 3539 "-" "Mozilla/5.0 (Linux; Android 6.0.1; Nexus 5X Build/MMB29P) AppleWebKit/537.36 (KHTML, like Gecko) Chrome/148.0.7778.96 Mobile Safari/537.36 (compatible; Googlebot/2.1; +http://www.google.com/bot.html)"
66.249.78.39 - - [13/May/2026:09:25:36 +0000] "GET /contacto HTTP/1.0" 200 3539 "-" "Mozilla/5.0 (Linux; Android 6.0.1; Nexus 5X Build/MMB29P) AppleWebKit/537.36 (KHTML, like Gecko) Chrome/148.0.7778.96 Mobile Safari/537.36 (compatible; Googlebot/2.1; +http://www.google.com/bot.html)"
66.249.79.139 - - [13/May/2026:09:26:33 +0000] "GET /proyectos HTTP/1.0" 200 3540 "-" "Mozilla/5.0 (Linux; Android 6.0.1; Nexus 5X Build/MMB29P) AppleWebKit/537.36 (KHTML, like Gecko) Chrome/148.0.7778.96 Mobile Safari/537.36 (compatible; Googlebot/2.1; +http://www.google.com/bot.html)"
66.249.79.139 - - [13/May/2026:09:27:37 +0000] "GET /contacto HTTP/1.0" 200 3539 "-" "Mozilla/5.0 (Linux; Android 6.0.1; Nexus 5X Build/MMB29P) AppleWebKit/537.36 (KHTML, like Gecko) Chrome/148.0.7778.96 Mobile Safari/537.36 (compatible; Googlebot/2.1; +http://www.google.com/bot.html)"
66.249.79.139 - - [13/May/2026:09:28:28 +0000] "GET /proyectos HTTP/1.0" 200 3540 "-" "Mozilla/5.0 (Linux; Android 6.0.1; Nexus 5X Build/MMB29P) AppleWebKit/537.36 (KHTML, like Gecko) Chrome/148.0.7778.96 Mobile Safari/537.36 (compatible; Googlebot/2.1; +http://www.google.com/bot.html)"
66.249.78.41 - - [13/May/2026:09:29:09 +0000] "GET /contacto HTTP/1.0" 200 3539 "-" "Mozilla/5.0 (Linux; Android 6.0.1; Nexus 5X Build/MMB29P) AppleWebKit/537.36 (KHTML, like Gecko) Chrome/148.0.7778.96 Mobile Safari/537.36 (compatible; Googlebot/2.1; +http://www.google.com/bot.html)"
66.249.78.39 - - [13/May/2026:09:29:28 +0000] "GET /contacto HTTP/1.0" 200 3539 "-" "Mozilla/5.0 (Linux; Android 6.0.1; Nexus 5X Build/MMB29P) AppleWebKit/537.36 (KHTML, like Gecko) Chrome/148.0.7778.96 Mobile Safari/537.36 (compatible; Googlebot/2.1; +http://www.google.com/bot.html)"
66.249.79.139 - - [13/May/2026:09:31:04 +0000] "GET /contacto HTTP/1.0" 200 3539 "-" "Mozilla/5.0 (Linux; Android 6.0.1; Nexus 5X Build/MMB29P) AppleWebKit/537.36 (KHTML, like Gecko) Chrome/148.0.7778.96 Mobile Safari/537.36 (compatible; Googlebot/2.1; +http://www.google.com/bot.html)"
216.244.66.198 - - [13/May/2026:09:31:43 +0000] "GET /robots.txt HTTP/1.0" 200 3627 "-" "Mozilla/5.0 (compatible; DotBot/1.2; +https://opensiteexplorer.org/dotbot; help@moz.com)"
116.196.117.160 - - [13/May/2026:09:31:55 +0000] "GET /uploads/resize/ProjectLarge/uploads/projects-blueprint/17-inversion%20en%20barcelona.png HTTP/1.0" 200 3615 "https://oinversion.com/proyecto/17/piso-inversion-born-barcelona" "Python/3.12 aiohttp/3.13.2"
66.249.79.137 - - [13/May/2026:09:34:00 +0000] "GET /contacto HTTP/1.0" 200 3539 "-" "Mozilla/5.0 (Linux; Android 6.0.1; Nexus 5X Build/MMB29P) AppleWebKit/537.36 (KHTML, like Gecko) Chrome/148.0.7778.96 Mobile Safari/537.36 (compatible; Googlebot/2.1; +http://www.google.com/bot.html)"
185.191.171.10 - - [13/May/2026:09:34:44 +0000] "GET /blog/tag/oportunidades+de+inversi%C3%B3n HTTP/1.0" 200 32878 "-" "Mozilla/5.0 (compatible; SemrushBot/7~bl; +http://www.semrush.com/bot.html)"
116.196.81.183 - - [13/May/2026:09:35:24 +0000] "GET /uploads/resize/ProjectLarge/uploads/projects/17-WhatsApp%20Image%202018-05-28%20at%2009.04.46%20(2).jpeg HTTP/1.0" 200 3626 "https://oinversion.com/proyecto/17/piso-inversion-born-barcelona" "Python/3.12 aiohttp/3.13.2"
142.250.32.39 - - [13/May/2026:09:39:45 +0000] "GET /.well-known/traffic-advice HTTP/1.0" 404 14791 "-" "Chrome Privacy Preserving Prefetch Proxy"
162.120.187.170 - - [13/May/2026:09:39:45 +0000] "GET / HTTP/1.0" 200 26556 "https://www.google.com/" "Mozilla/5.0 (Windows NT 10.0; Win64; x64) AppleWebKit/537.36 (KHTML, like Gecko) Chrome/148.0.0.0 Safari/537.36"
66.249.79.138 - - [13/May/2026:09:40:03 +0000] "GET /contacto HTTP/1.0" 200 3539 "-" "Mozilla/5.0 (Linux; Android 6.0.1; Nexus 5X Build/MMB29P) AppleWebKit/537.36 (KHTML, like Gecko) Chrome/148.0.7778.96 Mobile Safari/537.36 (compatible; Googlebot/2.1; +http://www.google.com/bot.html)"
66.249.79.137 - - [13/May/2026:09:40:33 +0000] "GET /contacto HTTP/1.0" 200 3539 "-" "Mozilla/5.0 (Linux; Android 6.0.1; Nexus 5X Build/MMB29P) AppleWebKit/537.36 (KHTML, like Gecko) Chrome/148.0.7778.96 Mobile Safari/537.36 (compatible; Googlebot/2.1; +http://www.google.com/bot.html)"
140.213.33.212 - - [13/May/2026:09:41:00 +0000] "GET /blog/tag/socimis HTTP/1.0" 200 3547 "https://www.google.com/" "Mozilla/5.0 (Linux; Android 10; K) AppleWebKit/537.36 (KHTML, like Gecko) Chrome/137.0.0.0 Mobile Safari/537.36"
140.213.33.212 - - [13/May/2026:09:41:18 +0000] "GET /designs/74165272/canvas/1/product_images HTTP/1.0" 404 16000 "https://www.oinversion.com/blog/tag/socimis" "Mozilla/5.0 (Linux; Android 10; K) AppleWebKit/537.36 (KHTML, like Gecko) Chrome/137.0.0.0 Mobile Safari/537.36"
140.213.33.212 - - [13/May/2026:09:41:19 +0000] "POST /cdn-cgi/rum? HTTP/1.0" 404 14541 "https://www.oinversion.com/blog/tag/socimis" "Mozilla/5.0 (Linux; Android 10; K) AppleWebKit/537.36 (KHTML, like Gecko) Chrome/137.0.0.0 Mobile Safari/537.36"
140.213.33.212 - - [13/May/2026:09:41:21 +0000] "POST /cdn-cgi/rum? HTTP/1.0" 404 14541 "https://www.oinversion.com/blog/tag/socimis" "Mozilla/5.0 (Linux; Android 10; K) AppleWebKit/537.36 (KHTML, like Gecko) Chrome/137.0.0.0 Mobile Safari/537.36"
220.197.78.29 - - [13/May/2026:09:44:15 +0000] "GET /favicon.ico?v=2.0 HTTP/1.0" 200 3557 "-" "Mozilla/5.096783921 Mozilla/5.0 (Windows NT 10.0; WOW64; Trident/7.0; rv:11.0) like Gecko"
220.197.78.132 - - [13/May/2026:09:44:17 +0000] "GET /favicon.ico HTTP/1.0" 200 3557 "-" "Mozilla/5.0 (Linux; Android 6.0; Nexus 5 Build/MRA58N) AppleWebKit/537.36 (KHTML, like Gecko) Chrome/55.0.2883.87 Mobile Safari/537.36"
106.117.115.56 - - [13/May/2026:09:44:21 +0000] "GET / HTTP/1.0" 200 26556 "-" "Mozilla/4.054101423 Mozilla/4.0 (compatible; MSIE 9.0; Windows NT 6.1)"
66.249.79.138 - - [13/May/2026:09:44:23 +0000] "GET /contacto HTTP/1.0" 200 3539 "-" "Mozilla/5.0 (Linux; Android 6.0.1; Nexus 5X Build/MMB29P) AppleWebKit/537.36 (KHTML, like Gecko) Chrome/148.0.7778.96 Mobile Safari/537.36 (compatible; Googlebot/2.1; +http://www.google.com/bot.html)"
66.249.78.40 - - [13/May/2026:09:46:06 +0000] "GET /contacto HTTP/1.0" 200 3539 "-" "Mozilla/5.0 (Linux; Android 6.0.1; Nexus 5X Build/MMB29P) AppleWebKit/537.36 (KHTML, like Gecko) Chrome/148.0.7778.96 Mobile Safari/537.36 (compatible; Googlebot/2.1; +http://www.google.com/bot.html)"
216.244.66.198 - - [13/May/2026:09:49:13 +0000] "GET /blog/tag/Trading?page=2 HTTP/1.0" 200 19903 "-" "Mozilla/5.0 (compatible; DotBot/1.2; +https://opensiteexplorer.org/dotbot; help@moz.com)"
216.244.66.198 - - [13/May/2026:09:49:18 +0000] "GET /blog/tag/renta+fija?page=2 HTTP/1.0" 200 20767 "-" "Mozilla/5.0 (compatible; DotBot/1.2; +https://opensiteexplorer.org/dotbot; help@moz.com)"
43.155.27.244 - - [13/May/2026:09:49:42 +0000] "GET / HTTP/1.0" 200 26548 "http://oinversion.com" "Mozilla/5.0 (iPhone; CPU iPhone OS 13_2_3 like Mac OS X) AppleWebKit/605.1.15 (KHTML, like Gecko) Version/13.0.3 Mobile/15E148 Safari/604.1"
47.128.18.62 - - [13/May/2026:09:50:41 +0000] "GET /shorts HTTP/1.0" 404 15898 "-" "Mozilla/5.0 (Linux; Android 5.0) AppleWebKit/537.36 (KHTML, like Gecko) Mobile Safari/537.36 (compatible; Bytespider; spider-feedback@bytedance.com)"
47.128.18.62 - - [13/May/2026:09:50:42 +0000] "GET /assets/7e549121/css/jquery.bxslider.css?v=1503585073 HTTP/1.0" 200 3569 "https://www.oinversion.com/shorts" "Mozilla/5.0 (Linux; Android 5.0) AppleWebKit/537.36 (KHTML, like Gecko) Mobile Safari/537.36 (compatible; Bytespider; spider-feedback@bytedance.com)"
47.128.18.62 - - [13/May/2026:09:50:43 +0000] "GET /assets/7e549121/img/fondo_footer.jpg HTTP/1.0" 200 3568 "https://www.oinversion.com/assets/7e549121/css/stylesheet.css?v=1666108212" "Mozilla/5.0 (Linux; Android 5.0) AppleWebKit/537.36 (KHTML, like Gecko) Mobile Safari/537.36 (compatible; Bytespider; spider-feedback@bytedance.com)"
47.128.18.62 - - [13/May/2026:09:50:43 +0000] "GET /assets/7e549121/img/fondo_footer.jpg HTTP/1.0" 200 3568 "https://www.oinversion.com/assets/7e549121/css/stylesheet.css?v=1666108212" "Mozilla/5.0 (Linux; Android 5.0) AppleWebKit/537.36 (KHTML, like Gecko) Mobile Safari/537.36 (compatible; Bytespider; spider-feedback@bytedance.com)"
47.128.18.62 - - [13/May/2026:09:50:44 +0000] "GET /assets/7e549121/img/fondo_footer.jpg HTTP/1.0" 200 3568 "https://www.oinversion.com/assets/7e549121/css/stylesheet.css?v=1666108212" "Mozilla/5.0 (Linux; Android 5.0) AppleWebKit/537.36 (KHTML, like Gecko) Mobile Safari/537.36 (compatible; Bytespider; spider-feedback@bytedance.com)"
66.249.79.137 - - [13/May/2026:09:52:12 +0000] "GET /contacto HTTP/1.0" 200 3539 "-" "Mozilla/5.0 (Linux; Android 6.0.1; Nexus 5X Build/MMB29P) AppleWebKit/537.36 (KHTML, like Gecko) Chrome/148.0.7778.96 Mobile Safari/537.36 (compatible; Googlebot/2.1; +http://www.google.com/bot.html)"
194.247.173.99 - - [13/May/2026:09:52:59 +0000] "GET /robots.txt HTTP/1.0" 200 3627 "-" "Mozilla/5.0 (compatible; MJ12bot/v1.4.8; http://mj12bot.com/)"
194.247.173.99 - - [13/May/2026:09:53:00 +0000] "GET /blog/tag/largo HTTP/1.0" 200 22943 "-" "Mozilla/5.0 (compatible; MJ12bot/v1.4.8; http://mj12bot.com/)"
66.249.79.137 - - [13/May/2026:09:54:15 +0000] "GET /contacto HTTP/1.0" 200 3539 "-" "Mozilla/5.0 (Linux; Android 6.0.1; Nexus 5X Build/MMB29P) AppleWebKit/537.36 (KHTML, like Gecko) Chrome/148.0.7778.96 Mobile Safari/537.36 (compatible; Googlebot/2.1; +http://www.google.com/bot.html)"
45.61.65.68 - - [13/May/2026:09:54:54 +0000] "GET /blog/como-invertir-en-bienes-raices-en-espana HTTP/1.0" 200 43951 "-" "Mozilla/5.0 (Macintosh; Intel Mac OS X 10_15_7) AppleWebKit/537.36 (KHTML, like Gecko) Chrome/143.0.0.0 Safari/537.36"
5.255.231.36 - - [13/May/2026:09:57:29 +0000] "GET /robots.txt HTTP/1.0" 200 3627 "-" "Mozilla/5.0 (compatible; YandexBot/3.0; +http://yandex.com/bots)"
213.180.203.158 - - [13/May/2026:09:57:30 +0000] "GET /blog/tag/Oinversion HTTP/1.0" 200 21645 "-" "Mozilla/5.0 (compatible; YandexBot/3.0; +http://yandex.com/bots)"
47.128.19.12 - - [13/May/2026:09:57:36 +0000] "GET /order/status HTTP/1.0" 404 14743 "-" "Mozilla/5.0 (Linux; Android 5.0) AppleWebKit/537.36 (KHTML, like Gecko) Mobile Safari/537.36 (compatible; Bytespider; spider-feedback@bytedance.com)"
47.128.19.12 - - [13/May/2026:09:57:38 +0000] "GET /assets/7e549121/css/jquery.bxslider.css?v=1503585073 HTTP/1.0" 200 3569 "https://www.oinversion.com/order/status" "Mozilla/5.0 (Linux; Android 5.0) AppleWebKit/537.36 (KHTML, like Gecko) Mobile Safari/537.36 (compatible; Bytespider; spider-feedback@bytedance.com)"
47.128.18.56 - - [13/May/2026:09:59:03 +0000] "GET /stores/creators-to-watch HTTP/1.0" 404 14780 "-" "Mozilla/5.0 (Linux; Android 5.0) AppleWebKit/537.36 (KHTML, like Gecko) Mobile Safari/537.36 (compatible; Bytespider; spider-feedback@bytedance.com)"
47.128.18.56 - - [13/May/2026:09:59:06 +0000] "GET /assets/7e549121/css/jquery.bxslider.css?v=1503585073 HTTP/1.0" 200 3569 "https://www.oinversion.com/stores/creators-to-watch" "Mozilla/5.0 (Linux; Android 5.0) AppleWebKit/537.36 (KHTML, like Gecko) Mobile Safari/537.36 (compatible; Bytespider; spider-feedback@bytedance.com)"
47.128.18.56 - - [13/May/2026:09:59:06 +0000] "GET /assets/7e549121/img/ico-blog.svg HTTP/1.0" 200 3567 "https://www.oinversion.com/stores/creators-to-watch" "Mozilla/5.0 (Linux; Android 5.0) AppleWebKit/537.36 (KHTML, like Gecko) Mobile Safari/537.36 (compatible; Bytespider; spider-feedback@bytedance.com)"
47.128.18.56 - - [13/May/2026:09:59:06 +0000] "GET /assets/7e549121/img/logo-oinversion-fondo-claro.svg HTTP/1.0" 200 3586 "https://www.oinversion.com/stores/creators-to-watch" "Mozilla/5.0 (Linux; Android 5.0) AppleWebKit/537.36 (KHTML, like Gecko) Mobile Safari/537.36 (compatible; Bytespider; spider-feedback@bytedance.com)"
47.128.18.56 - - [13/May/2026:09:59:08 +0000] "GET /assets/7e549121/img/ico-blog.svg HTTP/1.0" 200 3567 "https://www.oinversion.com/stores/creators-to-watch" "Mozilla/5.0 (Linux; Android 5.0) AppleWebKit/537.36 (KHTML, like Gecko) Mobile Safari/537.36 (compatible; Bytespider; spider-feedback@bytedance.com)"
47.128.18.56 - - [13/May/2026:09:59:08 +0000] "GET /assets/7e549121/img/logo-oinversion-fondo-claro.svg HTTP/1.0" 200 3586 "https://www.oinversion.com/stores/creators-to-watch" "Mozilla/5.0 (Linux; Android 5.0) AppleWebKit/537.36 (KHTML, like Gecko) Mobile Safari/537.36 (compatible; Bytespider; spider-feedback@bytedance.com)"
47.128.18.56 - - [13/May/2026:09:59:08 +0000] "GET /assets/7e549121/img/ico-blog.svg HTTP/1.0" 200 3567 "https://www.oinversion.com/stores/creators-to-watch" "Mozilla/5.0 (Linux; Android 5.0) AppleWebKit/537.36 (KHTML, like Gecko) Mobile Safari/537.36 (compatible; Bytespider; spider-feedback@bytedance.com)"
47.128.18.56 - - [13/May/2026:09:59:08 +0000] "GET /assets/7e549121/img/logo-oinversion-fondo-claro.svg HTTP/1.0" 200 3586 "https://www.oinversion.com/stores/creators-to-watch" "Mozilla/5.0 (Linux; Android 5.0) AppleWebKit/537.36 (KHTML, like Gecko) Mobile Safari/537.36 (compatible; Bytespider; spider-feedback@bytedance.com)"
47.128.18.56 - - [13/May/2026:09:59:11 +0000] "GET /assets/7e549121/img/ico-mail.svg HTTP/1.0" 200 3567 "https://www.oinversion.com/stores/creators-to-watch" "Mozilla/5.0 (Linux; Android 5.0) AppleWebKit/537.36 (KHTML, like Gecko) Mobile Safari/537.36 (compatible; Bytespider; spider-feedback@bytedance.com)"
47.128.18.56 - - [13/May/2026:09:59:11 +0000] "GET /assets/7e549121/img/ico-mail.svg HTTP/1.0" 200 3567 "https://www.oinversion.com/stores/creators-to-watch" "Mozilla/5.0 (Linux; Android 5.0) AppleWebKit/537.36 (KHTML, like Gecko) Mobile Safari/537.36 (compatible; Bytespider; spider-feedback@bytedance.com)"
47.128.18.56 - - [13/May/2026:09:59:13 +0000] "GET /assets/7e549121/img/ico-mail.svg HTTP/1.0" 200 3567 "https://www.oinversion.com/stores/creators-to-watch" "Mozilla/5.0 (Linux; Android 5.0) AppleWebKit/537.36 (KHTML, like Gecko) Mobile Safari/537.36 (compatible; Bytespider; spider-feedback@bytedance.com)"
66.249.79.137 - - [13/May/2026:09:59:15 +0000] "GET /contacto HTTP/1.0" 200 3539 "-" "Mozilla/5.0 (Linux; Android 6.0.1; Nexus 5X Build/MMB29P) AppleWebKit/537.36 (KHTML, like Gecko) Chrome/148.0.7778.96 Mobile Safari/537.36 (compatible; Googlebot/2.1; +http://www.google.com/bot.html)"
66.249.79.139 - - [13/May/2026:10:03:01 +0000] "GET /contacto HTTP/1.0" 200 3539 "-" "Mozilla/5.0 (Linux; Android 6.0.1; Nexus 5X Build/MMB29P) AppleWebKit/537.36 (KHTML, like Gecko) Chrome/148.0.7778.96 Mobile Safari/537.36 (compatible; Googlebot/2.1; +http://www.google.com/bot.html)"
66.249.78.41 - - [13/May/2026:10:04:04 +0000] "GET /contacto HTTP/1.0" 200 3539 "-" "Mozilla/5.0 (Linux; Android 6.0.1; Nexus 5X Build/MMB29P) AppleWebKit/537.36 (KHTML, like Gecko) Chrome/148.0.7778.96 Mobile Safari/537.36 (compatible; Googlebot/2.1; +http://www.google.com/bot.html)"
180.253.51.43 - - [13/May/2026:10:04:39 +0000] "GET /contacto HTTP/1.0" 200 3539 "https://www.google.com/" "Mozilla/5.0 (Linux; Android 10; K) AppleWebKit/537.36 (KHTML, like Gecko) Chrome/147.0.0.0 Mobile Safari/537.36"
52.167.144.220 - - [13/May/2026:10:07:09 +0000] "GET /blog/como-influye-la-inflacion-en-las-inversiones HTTP/1.0" 200 46279 "-" "Mozilla/5.0 AppleWebKit/537.36 (KHTML, like Gecko; compatible; bingbot/2.0; +http://www.bing.com/bingbot.htm) Chrome/116.0.1938.76 Safari/537.36"
216.73.216.249 - - [13/May/2026:10:07:17 +0000] "GET /robots.txt HTTP/1.0" 200 3627 "-" "Mozilla/5.0 AppleWebKit/537.36 (KHTML, like Gecko; compatible; ClaudeBot/1.0; +claudebot@anthropic.com)"
66.249.79.139 - - [13/May/2026:10:07:17 +0000] "GET /contacto HTTP/1.0" 200 3539 "-" "Mozilla/5.0 (Linux; Android 6.0.1; Nexus 5X Build/MMB29P) AppleWebKit/537.36 (KHTML, like Gecko) Chrome/148.0.7778.96 Mobile Safari/537.36 (compatible; Googlebot/2.1; +http://www.google.com/bot.html)"
216.73.216.249 - - [13/May/2026:10:07:19 +0000] "GET / HTTP/1.0" 200 26556 "-" "Mozilla/5.0 AppleWebKit/537.36 (KHTML, like Gecko; compatible; ClaudeBot/1.0; +claudebot@anthropic.com)"
37.59.204.150 - - [13/May/2026:10:09:23 +0000] "GET /KOKO5000/food HTTP/1.0" 404 14749 "-" "Mozilla/5.0 (compatible; AhrefsBot/7.0; +http://ahrefs.com/robot/)"
66.249.78.41 - - [13/May/2026:10:10:53 +0000] "GET /proyectos HTTP/1.0" 200 3540 "-" "Mozilla/5.0 (Linux; Android 6.0.1; Nexus 5X Build/MMB29P) AppleWebKit/537.36 (KHTML, like Gecko) Chrome/148.0.7778.96 Mobile Safari/537.36 (compatible; Googlebot/2.1; +http://www.google.com/bot.html)"
8.217.181.98 - - [13/May/2026:10:11:22 +0000] "GET /robots.txt HTTP/1.0" 200 3627 "-" "AliyunSecBot/Aliyun (AliyunSecBot@service.alibaba.com)"
8.217.210.226 - - [13/May/2026:10:11:23 +0000] "GET /blog/cuales-fueron-las-inversiones-mas-rentables-del-2021 HTTP/1.0" 200 46916 "-" "AliyunSecBot/Aliyun (AliyunSecBot@service.alibaba.com)"
109.224.242.22 - - [13/May/2026:10:15:51 +0000] "GET /blog/tag/Madrid HTTP/1.0" 200 21719 "-" "Mozilla/5.0 (Windows 98; Win 9x 4.90; en-HK; rv:1.9.2.20) Gecko/4559-06-17 13:14:29.518692 Firefox/3.6.3"
66.249.79.139 - - [13/May/2026:10:16:10 +0000] "GET /contacto HTTP/1.0" 200 3539 "-" "Mozilla/5.0 (Linux; Android 6.0.1; Nexus 5X Build/MMB29P) AppleWebKit/537.36 (KHTML, like Gecko) Chrome/148.0.7778.96 Mobile Safari/537.36 (compatible; Googlebot/2.1; +http://www.google.com/bot.html)"
216.244.66.198 - - [13/May/2026:10:18:06 +0000] "GET /robots.txt HTTP/1.0" 200 3627 "-" "Mozilla/5.0 (compatible; DotBot/1.2; +https://opensiteexplorer.org/dotbot; help@moz.com)"
66.249.78.39 - - [13/May/2026:10:21:08 +0000] "GET /contacto HTTP/1.0" 200 3539 "-" "Mozilla/5.0 (Linux; Android 6.0.1; Nexus 5X Build/MMB29P) AppleWebKit/537.36 (KHTML, like Gecko) Chrome/148.0.7778.96 Mobile Safari/537.36 (compatible; Googlebot/2.1; +http://www.google.com/bot.html)"
66.249.79.137 - - [13/May/2026:10:21:55 +0000] "GET /contacto HTTP/1.0" 200 3539 "-" "Mozilla/5.0 (Linux; Android 6.0.1; Nexus 5X Build/MMB29P) AppleWebKit/537.36 (KHTML, like Gecko) Chrome/148.0.7778.96 Mobile Safari/537.36 (compatible; Googlebot/2.1; +http://www.google.com/bot.html)"
185.191.171.3 - - [13/May/2026:10:24:12 +0000] "GET /robots.txt HTTP/1.0" 200 3627 "-" "Mozilla/5.0 (compatible; SemrushBot/7~bl; +http://www.semrush.com/bot.html)"
185.191.171.11 - - [13/May/2026:10:24:13 +0000] "GET /blog/tag/alquiler+de+pisos HTTP/1.0" 200 19223 "-" "Mozilla/5.0 (compatible; SemrushBot/7~bl; +http://www.semrush.com/bot.html)"
66.249.79.139 - - [13/May/2026:10:26:23 +0000] "GET /contacto HTTP/1.0" 200 3539 "-" "Mozilla/5.0 (Linux; Android 6.0.1; Nexus 5X Build/MMB29P) AppleWebKit/537.36 (KHTML, like Gecko) Chrome/148.0.7778.96 Mobile Safari/537.36 (compatible; Googlebot/2.1; +http://www.google.com/bot.html)"
66.249.79.137 - - [13/May/2026:10:28:16 +0000] "GET /contacto HTTP/1.0" 200 3539 "-" "Mozilla/5.0 (Linux; Android 6.0.1; Nexus 5X Build/MMB29P) AppleWebKit/537.36 (KHTML, like Gecko) Chrome/148.0.7778.96 Mobile Safari/537.36 (compatible; Googlebot/2.1; +http://www.google.com/bot.html)"
183.134.40.82 - - [13/May/2026:10:31:46 +0000] "GET / HTTP/1.0" 200 26556 "-" "Dalvik/2.1.0 (Linux; U; Android 9.0; ZTE BA520 Build/MRA58K)"
216.73.216.249 - - [13/May/2026:10:32:05 +0000] "GET /robots.txt HTTP/1.0" 200 3627 "-" "Mozilla/5.0 AppleWebKit/537.36 (KHTML, like Gecko; compatible; ClaudeBot/1.0; +claudebot@anthropic.com)"
216.73.216.249 - - [13/May/2026:10:32:05 +0000] "GET / HTTP/1.0" 200 26548 "-" "Mozilla/5.0 AppleWebKit/537.36 (KHTML, like Gecko; compatible; ClaudeBot/1.0; +claudebot@anthropic.com)"
66.249.78.39 - - [13/May/2026:10:34:59 +0000] "GET /contacto HTTP/1.0" 200 3539 "-" "Mozilla/5.0 (Linux; Android 6.0.1; Nexus 5X Build/MMB29P) AppleWebKit/537.36 (KHTML, like Gecko) Chrome/148.0.7778.96 Mobile Safari/537.36 (compatible; Googlebot/2.1; +http://www.google.com/bot.html)"
216.244.66.198 - - [13/May/2026:10:35:09 +0000] "GET /blog/tag/Crowdfunding?page=3 HTTP/1.0" 200 3552 "-" "Mozilla/5.0 (compatible; DotBot/1.2; +https://opensiteexplorer.org/dotbot; help@moz.com)"
216.244.66.198 - - [13/May/2026:10:35:22 +0000] "GET /blog/tag/dividendos?page=2 HTTP/1.0" 200 19798 "-" "Mozilla/5.0 (compatible; DotBot/1.2; +https://opensiteexplorer.org/dotbot; help@moz.com)"
216.244.66.198 - - [13/May/2026:10:35:31 +0000] "GET /blog/tag/inmobiliaria?page=8 HTTP/1.0" 200 20703 "-" "Mozilla/5.0 (compatible; DotBot/1.2; +https://opensiteexplorer.org/dotbot; help@moz.com)"
216.244.66.198 - - [13/May/2026:10:35:39 +0000] "GET /blog/tag/rentabilidad?page=5 HTTP/1.0" 200 19269 "-" "Mozilla/5.0 (compatible; DotBot/1.2; +https://opensiteexplorer.org/dotbot; help@moz.com)"
172.212.217.10 - - [13/May/2026:10:36:11 +0000] "GET /wp-content/plugins/hellopress/wp_filemanager.php HTTP/1.0" 404 14855 "-" "-"
172.212.217.10 - - [13/May/2026:10:36:12 +0000] "GET /moon.php?p= HTTP/1.0" 404 15701 "-" "-"
172.212.217.10 - - [13/May/2026:10:36:12 +0000] "GET /a1.php HTTP/1.0" 404 15686 "-" "-"
172.212.217.10 - - [13/May/2026:10:36:13 +0000] "GET /ahax.php HTTP/1.0" 404 15692 "-" "-"
172.212.217.10 - - [13/May/2026:10:36:13 +0000] "GET /lite.php?p= HTTP/1.0" 404 15701 "-" "-"
172.212.217.10 - - [13/May/2026:10:36:13 +0000] "GET /k.php HTTP/1.0" 404 15683 "-" "-"
172.212.217.10 - - [13/May/2026:10:36:13 +0000] "GET /leaf.php HTTP/1.0" 404 15692 "-" "-"
172.212.217.10 - - [13/May/2026:10:36:14 +0000] "GET /wp-conflg.php?p= HTTP/1.0" 404 15716 "-" "-"
172.212.217.10 - - [13/May/2026:10:36:14 +0000] "GET /wp_filemanager.php?p= HTTP/1.0" 404 15731 "-" "-"
172.212.217.10 - - [13/May/2026:10:36:14 +0000] "GET /pp.php HTTP/1.0" 404 15686 "-" "-"
172.212.217.10 - - [13/May/2026:10:36:26 +0000] "GET /index26.php HTTP/1.0" 404 15701 "-" "-"
172.212.217.10 - - [13/May/2026:10:36:26 +0000] "GET /12.php HTTP/1.0" 404 15686 "-" "-"
172.212.217.10 - - [13/May/2026:10:36:26 +0000] "GET /Marvins.php HTTP/1.0" 404 15701 "-" "-"
172.212.217.10 - - [13/May/2026:10:36:27 +0000] "GET /wp-config.php.backup HTTP/1.0" 403 4384 "-" "-"
172.212.217.10 - - [13/May/2026:10:36:28 +0000] "GET /aa.php HTTP/1.0" 404 15686 "-" "-"
172.212.217.10 - - [13/May/2026:10:36:28 +0000] "GET /abcd.php HTTP/1.0" 404 15692 "-" "-"
172.212.217.10 - - [13/May/2026:10:36:28 +0000] "GET /a2.php HTTP/1.0" 404 15686 "-" "-"
172.212.217.10 - - [13/May/2026:10:36:29 +0000] "GET /wp-gr.php HTTP/1.0" 404 15695 "-" "-"
172.212.217.10 - - [13/May/2026:10:36:29 +0000] "GET /xynz1.php HTTP/1.0" 404 15695 "-" "-"
172.212.217.10 - - [13/May/2026:10:36:29 +0000] "GET /uqcxit7i.php HTTP/1.0" 404 15704 "-" "-"
172.212.217.10 - - [13/May/2026:10:36:29 +0000] "GET /display_info.php HTTP/1.0" 404 15716 "-" "-"
172.212.217.10 - - [13/May/2026:10:36:30 +0000] "GET /wp-config-disabled.php HTTP/1.0" 404 15734 "-" "-"
172.212.217.10 - - [13/May/2026:10:36:30 +0000] "GET /test_info.php HTTP/1.0" 404 15707 "-" "-"
172.212.217.10 - - [13/May/2026:10:36:30 +0000] "GET /spip.php HTTP/1.0" 404 15692 "-" "-"
172.212.217.10 - - [13/May/2026:10:36:31 +0000] "GET /wp-index.php HTTP/1.0" 404 15704 "-" "-"
172.212.217.10 - - [13/May/2026:10:36:31 +0000] "GET /php-nginx.php HTTP/1.0" 404 15707 "-" "-"
172.212.217.10 - - [13/May/2026:10:36:31 +0000] "GET /wp-config.test.php HTTP/1.0" 404 15722 "-" "-"
172.212.217.10 - - [13/May/2026:10:36:32 +0000] "GET /op.php HTTP/1.0" 404 15686 "-" "-"
172.212.217.10 - - [13/May/2026:10:36:32 +0000] "GET /mandrill.php HTTP/1.0" 404 15704 "-" "-"
172.212.217.10 - - [13/May/2026:10:36:33 +0000] "GET /backup.wp-config.php HTTP/1.0" 403 4384 "-" "-"
172.212.217.10 - - [13/May/2026:10:36:33 +0000] "GET /20.php HTTP/1.0" 404 15686 "-" "-"
172.212.217.10 - - [13/May/2026:10:36:33 +0000] "GET /upload_file.php HTTP/1.0" 404 15713 "-" "-"
172.212.217.10 - - [13/May/2026:10:36:33 +0000] "GET /aws.settings.php HTTP/1.0" 404 15716 "-" "-"
172.212.217.10 - - [13/May/2026:10:36:34 +0000] "GET /payout.php HTTP/1.0" 404 15698 "-" "-"
172.212.217.10 - - [13/May/2026:10:36:34 +0000] "GET /pqr.php HTTP/1.0" 404 15689 "-" "-"
172.212.217.10 - - [13/May/2026:10:36:34 +0000] "GET /phpinfo.php HTTP/1.0" 404 15701 "-" "-"
172.212.217.10 - - [13/May/2026:10:36:35 +0000] "GET /tmp.php HTTP/1.0" 404 15689 "-" "-"
172.212.217.10 - - [13/May/2026:10:36:35 +0000] "GET /456.php HTTP/1.0" 404 15689 "-" "-"
172.212.217.10 - - [13/May/2026:10:36:35 +0000] "GET /new2.php HTTP/1.0" 404 15692 "-" "-"
172.212.217.10 - - [13/May/2026:10:36:35 +0000] "GET /server.php HTTP/1.0" 404 15698 "-" "-"
172.212.217.10 - - [13/May/2026:10:36:36 +0000] "GET /extension-info.php HTTP/1.0" 404 15722 "-" "-"
172.212.217.10 - - [13/May/2026:10:36:36 +0000] "GET /conn_test.php HTTP/1.0" 404 15707 "-" "-"
172.212.217.10 - - [13/May/2026:10:36:36 +0000] "GET /information.php HTTP/1.0" 404 15713 "-" "-"
172.212.217.10 - - [13/May/2026:10:36:37 +0000] "GET /credentials.php HTTP/1.0" 404 15713 "-" "-"
172.212.217.10 - - [13/May/2026:10:36:37 +0000] "GET /phphph.php HTTP/1.0" 404 15698 "-" "-"
172.212.217.10 - - [13/May/2026:10:36:38 +0000] "GET /test-cgi.php HTTP/1.0" 404 15704 "-" "-"
172.212.217.10 - - [13/May/2026:10:36:38 +0000] "GET /twin.php HTTP/1.0" 404 15692 "-" "-"
172.212.217.10 - - [13/May/2026:10:36:38 +0000] "GET /pi.php7 HTTP/1.0" 404 15689 "-" "-"
172.212.217.10 - - [13/May/2026:10:36:38 +0000] "GET /display_phpinfo.php HTTP/1.0" 404 15725 "-" "-"
172.212.217.10 - - [13/May/2026:10:36:39 +0000] "GET /webserver-info.php HTTP/1.0" 404 15722 "-" "-"
172.212.217.10 - - [13/May/2026:10:36:39 +0000] "GET /new-wp-config.php HTTP/1.0" 403 4384 "-" "-"
172.212.217.10 - - [13/May/2026:10:36:39 +0000] "GET /env-info.php HTTP/1.0" 404 15704 "-" "-"
172.212.217.10 - - [13/May/2026:10:36:40 +0000] "GET /moderator.php HTTP/1.0" 404 15707 "-" "-"
172.212.217.10 - - [13/May/2026:10:36:40 +0000] "GET /23.php HTTP/1.0" 404 15686 "-" "-"
172.212.217.10 - - [13/May/2026:10:36:40 +0000] "GET /summary.php HTTP/1.0" 404 15701 "-" "-"
172.212.217.10 - - [13/May/2026:10:36:41 +0000] "GET /globals.php HTTP/1.0" 404 15701 "-" "-"
172.212.217.10 - - [13/May/2026:10:36:41 +0000] "GET /evil.php HTTP/1.0" 404 15692 "-" "-"
116.196.117.160 - - [13/May/2026:10:37:24 +0000] "GET /uploads/resize/ProjectLarge/uploads/projects/17-WhatsApp%20Image%202018-05-28%20at%2009.04.25%20(1).jpeg HTTP/1.0" 200 3626 "https://oinversion.com/proyecto/17/piso-inversion-born-barcelona" "Python/3.12 aiohttp/3.13.2"
185.191.171.3 - - [13/May/2026:10:38:01 +0000] "GET /blog/tag/dalio HTTP/1.0" 200 19706 "-" "Mozilla/5.0 (compatible; SemrushBot/7~bl; +http://www.semrush.com/bot.html)"
47.128.18.9 - - [13/May/2026:10:42:11 +0000] "GET /blog/tres-maneras-de-invertir-tu-dinero HTTP/1.0" 200 47944 "-" "Mozilla/5.0 (Linux; Android 5.0) AppleWebKit/537.36 (KHTML, like Gecko) Mobile Safari/537.36 (compatible; Bytespider; spider-feedback@bytedance.com)"
47.128.18.9 - - [13/May/2026:10:42:12 +0000] "GET /assets/2a658dd2/css/bootstrap.css?v=1469461915 HTTP/1.0" 200 3563 "https://oinversion.com/blog/tres-maneras-de-invertir-tu-dinero" "Mozilla/5.0 (Linux; Android 5.0) AppleWebKit/537.36 (KHTML, like Gecko) Mobile Safari/537.36 (compatible; Bytespider; spider-feedback@bytedance.com)"
47.128.18.9 - - [13/May/2026:10:42:12 +0000] "GET /assets/7e549121/css/font-awesome.min.css?v=1503585073 HTTP/1.0" 200 3570 "https://oinversion.com/blog/tres-maneras-de-invertir-tu-dinero" "Mozilla/5.0 (Linux; Android 5.0) AppleWebKit/537.36 (KHTML, like Gecko) Mobile Safari/537.36 (compatible; Bytespider; spider-feedback@bytedance.com)"
47.128.18.9 - - [13/May/2026:10:42:12 +0000] "GET /assets/7e549121/img/ico-blog.svg HTTP/1.0" 200 3567 "https://oinversion.com/blog/tres-maneras-de-invertir-tu-dinero" "Mozilla/5.0 (Linux; Android 5.0) AppleWebKit/537.36 (KHTML, like Gecko) Mobile Safari/537.36 (compatible; Bytespider; spider-feedback@bytedance.com)"
47.128.18.9 - - [13/May/2026:10:42:12 +0000] "GET /assets/7e549121/css/jquery.bxslider.css?v=1503585073 HTTP/1.0" 200 3569 "https://oinversion.com/blog/tres-maneras-de-invertir-tu-dinero" "Mozilla/5.0 (Linux; Android 5.0) AppleWebKit/537.36 (KHTML, like Gecko) Mobile Safari/537.36 (compatible; Bytespider; spider-feedback@bytedance.com)"
47.128.18.9 - - [13/May/2026:10:42:12 +0000] "GET /assets/7e549121/img/ico-blog.svg HTTP/1.0" 200 3567 "https://oinversion.com/blog/tres-maneras-de-invertir-tu-dinero" "Mozilla/5.0 (Linux; Android 5.0) AppleWebKit/537.36 (KHTML, like Gecko) Mobile Safari/537.36 (compatible; Bytespider; spider-feedback@bytedance.com)"
47.128.18.9 - - [13/May/2026:10:42:12 +0000] "GET /assets/7e549121/img/ico-tags.svg HTTP/1.0" 200 3567 "https://oinversion.com/blog/tres-maneras-de-invertir-tu-dinero" "Mozilla/5.0 (Linux; Android 5.0) AppleWebKit/537.36 (KHTML, like Gecko) Mobile Safari/537.36 (compatible; Bytespider; spider-feedback@bytedance.com)"
47.128.18.9 - - [13/May/2026:10:42:12 +0000] "GET /assets/7e549121/img/ico-twitter.svg HTTP/1.0" 200 3570 "https://oinversion.com/blog/tres-maneras-de-invertir-tu-dinero" "Mozilla/5.0 (Linux; Android 5.0) AppleWebKit/537.36 (KHTML, like Gecko) Mobile Safari/537.36 (compatible; Bytespider; spider-feedback@bytedance.com)"
47.128.18.9 - - [13/May/2026:10:42:12 +0000] "GET /assets/7e549121/img/ico-blog.svg HTTP/1.0" 200 3567 "https://oinversion.com/blog/tres-maneras-de-invertir-tu-dinero" "Mozilla/5.0 (Linux; Android 5.0) AppleWebKit/537.36 (KHTML, like Gecko) Mobile Safari/537.36 (compatible; Bytespider; spider-feedback@bytedance.com)"
47.128.18.9 - - [13/May/2026:10:42:13 +0000] "GET /assets/7e549121/img/ico-linkedin.svg HTTP/1.0" 200 3571 "https://oinversion.com/blog/tres-maneras-de-invertir-tu-dinero" "Mozilla/5.0 (Linux; Android 5.0) AppleWebKit/537.36 (KHTML, like Gecko) Mobile Safari/537.36 (compatible; Bytespider; spider-feedback@bytedance.com)"
47.128.18.9 - - [13/May/2026:10:42:13 +0000] "GET /assets/7e549121/img/fondo-patrimonio-post.jpg HTTP/1.0" 200 3577 "https://oinversion.com/assets/7e549121/css/stylesheet.css?v=1666108212" "Mozilla/5.0 (Linux; Android 5.0) AppleWebKit/537.36 (KHTML, like Gecko) Mobile Safari/537.36 (compatible; Bytespider; spider-feedback@bytedance.com)"
47.128.18.9 - - [13/May/2026:10:42:13 +0000] "GET /assets/7e549121/img/ico-tags.svg HTTP/1.0" 200 3567 "https://oinversion.com/blog/tres-maneras-de-invertir-tu-dinero" "Mozilla/5.0 (Linux; Android 5.0) AppleWebKit/537.36 (KHTML, like Gecko) Mobile Safari/537.36 (compatible; Bytespider; spider-feedback@bytedance.com)"
47.128.18.9 - - [13/May/2026:10:42:13 +0000] "GET /assets/7e549121/img/ico-facebook.svg HTTP/1.0" 200 3571 "https://oinversion.com/blog/tres-maneras-de-invertir-tu-dinero" "Mozilla/5.0 (Linux; Android 5.0) AppleWebKit/537.36 (KHTML, like Gecko) Mobile Safari/537.36 (compatible; Bytespider; spider-feedback@bytedance.com)"
47.128.18.9 - - [13/May/2026:10:42:13 +0000] "GET /assets/7e549121/img/fondo-patrimonio-post.jpg HTTP/1.0" 200 3577 "https://oinversion.com/assets/7e549121/css/stylesheet.css?v=1666108212" "Mozilla/5.0 (Linux; Android 5.0) AppleWebKit/537.36 (KHTML, like Gecko) Mobile Safari/537.36 (compatible; Bytespider; spider-feedback@bytedance.com)"
47.128.18.9 - - [13/May/2026:10:42:13 +0000] "GET /assets/7e549121/img/ico-tags.svg HTTP/1.0" 200 3567 "https://oinversion.com/blog/tres-maneras-de-invertir-tu-dinero" "Mozilla/5.0 (Linux; Android 5.0) AppleWebKit/537.36 (KHTML, like Gecko) Mobile Safari/537.36 (compatible; Bytespider; spider-feedback@bytedance.com)"
47.128.18.9 - - [13/May/2026:10:42:13 +0000] "GET /uploads/user-avatars/54eeaba65b0e8cc581ee9a579214d8a5f46724d66fcd5c24253891ba11204675.php3 HTTP/1.0" 200 3622 "https://oinversion.com/" "Mozilla/5.0 (Linux; Android 5.0) AppleWebKit/537.36 (KHTML, like Gecko) Mobile Safari/537.36 (compatible; Bytespider; spider-feedback@bytedance.com)"
47.128.18.9 - - [13/May/2026:10:42:13 +0000] "GET /uploads/blog-post/98-featured-bookkeeping-615384_1920.jpg HTTP/1.0" 200 3589 "https://oinversion.com/" "Mozilla/5.0 (Linux; Android 5.0) AppleWebKit/537.36 (KHTML, like Gecko) Mobile Safari/537.36 (compatible; Bytespider; spider-feedback@bytedance.com)"
47.128.18.9 - - [13/May/2026:10:42:14 +0000] "GET /assets/7e549121/img/fondo-patrimonio-post.jpg HTTP/1.0" 200 3577 "https://oinversion.com/assets/7e549121/css/stylesheet.css?v=1666108212" "Mozilla/5.0 (Linux; Android 5.0) AppleWebKit/537.36 (KHTML, like Gecko) Mobile Safari/537.36 (compatible; Bytespider; spider-feedback@bytedance.com)"
47.128.18.9 - - [13/May/2026:10:42:14 +0000] "GET /uploads/user-avatars/54eeaba65b0e8cc581ee9a579214d8a5f46724d66fcd5c24253891ba11204675.php3 HTTP/1.0" 200 3622 "https://oinversion.com/" "Mozilla/5.0 (Linux; Android 5.0) AppleWebKit/537.36 (KHTML, like Gecko) Mobile Safari/537.36 (compatible; Bytespider; spider-feedback@bytedance.com)"
47.128.18.9 - - [13/May/2026:10:42:14 +0000] "GET /uploads/blog-post/125-featured-Invertir%20(248%20x%20248%20px).png HTTP/1.0" 200 3589 "https://oinversion.com/" "Mozilla/5.0 (Linux; Android 5.0) AppleWebKit/537.36 (KHTML, like Gecko) Mobile Safari/537.36 (compatible; Bytespider; spider-feedback@bytedance.com)"
47.128.18.9 - - [13/May/2026:10:42:14 +0000] "GET /assets/7e549121/img/ico-recientes.svg HTTP/1.0" 200 3572 "https://oinversion.com/blog/tres-maneras-de-invertir-tu-dinero" "Mozilla/5.0 (Linux; Android 5.0) AppleWebKit/537.36 (KHTML, like Gecko) Mobile Safari/537.36 (compatible; Bytespider; spider-feedback@bytedance.com)"
47.128.18.9 - - [13/May/2026:10:42:14 +0000] "GET /assets/7e549121/img/ico-twitter.svg HTTP/1.0" 200 3570 "https://oinversion.com/blog/tres-maneras-de-invertir-tu-dinero" "Mozilla/5.0 (Linux; Android 5.0) AppleWebKit/537.36 (KHTML, like Gecko) Mobile Safari/537.36 (compatible; Bytespider; spider-feedback@bytedance.com)"
47.128.18.9 - - [13/May/2026:10:42:14 +0000] "GET /assets/7e549121/img/ico-categorias.svg HTTP/1.0" 200 3573 "https://oinversion.com/blog/tres-maneras-de-invertir-tu-dinero" "Mozilla/5.0 (Linux; Android 5.0) AppleWebKit/537.36 (KHTML, like Gecko) Mobile Safari/537.36 (compatible; Bytespider; spider-feedback@bytedance.com)"
47.128.18.9 - - [13/May/2026:10:42:14 +0000] "GET /assets/7e549121/img/ico-g-plus.svg HTTP/1.0" 200 3569 "https://oinversion.com/blog/tres-maneras-de-invertir-tu-dinero" "Mozilla/5.0 (Linux; Android 5.0) AppleWebKit/537.36 (KHTML, like Gecko) Mobile Safari/537.36 (compatible; Bytespider; spider-feedback@bytedance.com)"
47.128.18.9 - - [13/May/2026:10:42:14 +0000] "GET /uploads/user-avatars/54eeaba65b0e8cc581ee9a579214d8a5f46724d66fcd5c24253891ba11204675.php3 HTTP/1.0" 200 3622 "https://oinversion.com/" "Mozilla/5.0 (Linux; Android 5.0) AppleWebKit/537.36 (KHTML, like Gecko) Mobile Safari/537.36 (compatible; Bytespider; spider-feedback@bytedance.com)"
47.128.18.9 - - [13/May/2026:10:42:14 +0000] "GET /assets/7e549121/img/ico-linkedin.svg HTTP/1.0" 200 3571 "https://oinversion.com/blog/tres-maneras-de-invertir-tu-dinero" "Mozilla/5.0 (Linux; Android 5.0) AppleWebKit/537.36 (KHTML, like Gecko) Mobile Safari/537.36 (compatible; Bytespider; spider-feedback@bytedance.com)"
47.128.18.9 - - [13/May/2026:10:42:14 +0000] "GET /assets/7e549121/img/fondo_footer.jpg HTTP/1.0" 200 3568 "https://oinversion.com/assets/7e549121/css/stylesheet.css?v=1666108212" "Mozilla/5.0 (Linux; Android 5.0) AppleWebKit/537.36 (KHTML, like Gecko) Mobile Safari/537.36 (compatible; Bytespider; spider-feedback@bytedance.com)"
47.128.18.9 - - [13/May/2026:10:42:14 +0000] "GET /assets/7e549121/img/ico-mail.svg HTTP/1.0" 200 3567 "https://oinversion.com/blog/tres-maneras-de-invertir-tu-dinero" "Mozilla/5.0 (Linux; Android 5.0) AppleWebKit/537.36 (KHTML, like Gecko) Mobile Safari/537.36 (compatible; Bytespider; spider-feedback@bytedance.com)"
47.128.18.9 - - [13/May/2026:10:42:14 +0000] "GET /assets/7e549121/img/ico-twitter.svg HTTP/1.0" 200 3570 "https://oinversion.com/blog/tres-maneras-de-invertir-tu-dinero" "Mozilla/5.0 (Linux; Android 5.0) AppleWebKit/537.36 (KHTML, like Gecko) Mobile Safari/537.36 (compatible; Bytespider; spider-feedback@bytedance.com)"
47.128.18.9 - - [13/May/2026:10:42:14 +0000] "GET /assets/7e549121/img/ico-facebook.svg HTTP/1.0" 200 3571 "https://oinversion.com/blog/tres-maneras-de-invertir-tu-dinero" "Mozilla/5.0 (Linux; Android 5.0) AppleWebKit/537.36 (KHTML, like Gecko) Mobile Safari/537.36 (compatible; Bytespider; spider-feedback@bytedance.com)"
47.128.18.9 - - [13/May/2026:10:42:14 +0000] "GET /assets/7e549121/img/ico-categorias.svg HTTP/1.0" 200 3573 "https://oinversion.com/blog/tres-maneras-de-invertir-tu-dinero" "Mozilla/5.0 (Linux; Android 5.0) AppleWebKit/537.36 (KHTML, like Gecko) Mobile Safari/537.36 (compatible; Bytespider; spider-feedback@bytedance.com)"
47.128.18.9 - - [13/May/2026:10:42:15 +0000] "GET /assets/7e549121/img/ico-facebook.svg HTTP/1.0" 200 3571 "https://oinversion.com/blog/tres-maneras-de-invertir-tu-dinero" "Mozilla/5.0 (Linux; Android 5.0) AppleWebKit/537.36 (KHTML, like Gecko) Mobile Safari/537.36 (compatible; Bytespider; spider-feedback@bytedance.com)"
47.128.18.9 - - [13/May/2026:10:42:15 +0000] "GET /assets/7e549121/img/ico-g-plus.svg HTTP/1.0" 200 3569 "https://oinversion.com/blog/tres-maneras-de-invertir-tu-dinero" "Mozilla/5.0 (Linux; Android 5.0) AppleWebKit/537.36 (KHTML, like Gecko) Mobile Safari/537.36 (compatible; Bytespider; spider-feedback@bytedance.com)"
47.128.18.9 - - [13/May/2026:10:42:15 +0000] "GET /assets/7e549121/img/ico-mail.svg HTTP/1.0" 200 3567 "https://oinversion.com/blog/tres-maneras-de-invertir-tu-dinero" "Mozilla/5.0 (Linux; Android 5.0) AppleWebKit/537.36 (KHTML, like Gecko) Mobile Safari/537.36 (compatible; Bytespider; spider-feedback@bytedance.com)"
47.128.18.9 - - [13/May/2026:10:42:15 +0000] "GET /assets/7e549121/img/ico-linkedin.svg HTTP/1.0" 200 3571 "https://oinversion.com/blog/tres-maneras-de-invertir-tu-dinero" "Mozilla/5.0 (Linux; Android 5.0) AppleWebKit/537.36 (KHTML, like Gecko) Mobile Safari/537.36 (compatible; Bytespider; spider-feedback@bytedance.com)"
47.128.18.9 - - [13/May/2026:10:42:15 +0000] "GET /assets/7e549121/img/ico-recientes.svg HTTP/1.0" 200 3572 "https://oinversion.com/blog/tres-maneras-de-invertir-tu-dinero" "Mozilla/5.0 (Linux; Android 5.0) AppleWebKit/537.36 (KHTML, like Gecko) Mobile Safari/537.36 (compatible; Bytespider; spider-feedback@bytedance.com)"
47.128.18.9 - - [13/May/2026:10:42:15 +0000] "GET /assets/7e549121/img/fondo_footer.jpg HTTP/1.0" 200 3568 "https://oinversion.com/assets/7e549121/css/stylesheet.css?v=1666108212" "Mozilla/5.0 (Linux; Android 5.0) AppleWebKit/537.36 (KHTML, like Gecko) Mobile Safari/537.36 (compatible; Bytespider; spider-feedback@bytedance.com)"
47.128.18.9 - - [13/May/2026:10:42:15 +0000] "GET /assets/7e549121/img/ico-categorias.svg HTTP/1.0" 200 3573 "https://oinversion.com/blog/tres-maneras-de-invertir-tu-dinero" "Mozilla/5.0 (Linux; Android 5.0) AppleWebKit/537.36 (KHTML, like Gecko) Mobile Safari/537.36 (compatible; Bytespider; spider-feedback@bytedance.com)"
47.128.18.9 - - [13/May/2026:10:42:15 +0000] "GET /assets/7e549121/img/ico-g-plus.svg HTTP/1.0" 200 3569 "https://oinversion.com/blog/tres-maneras-de-invertir-tu-dinero" "Mozilla/5.0 (Linux; Android 5.0) AppleWebKit/537.36 (KHTML, like Gecko) Mobile Safari/537.36 (compatible; Bytespider; spider-feedback@bytedance.com)"
47.128.18.9 - - [13/May/2026:10:42:15 +0000] "GET /assets/7e549121/img/ico-mail.svg HTTP/1.0" 200 3567 "https://oinversion.com/blog/tres-maneras-de-invertir-tu-dinero" "Mozilla/5.0 (Linux; Android 5.0) AppleWebKit/537.36 (KHTML, like Gecko) Mobile Safari/537.36 (compatible; Bytespider; spider-feedback@bytedance.com)"
47.128.18.9 - - [13/May/2026:10:42:15 +0000] "GET /assets/7e549121/img/ico-recientes.svg HTTP/1.0" 200 3572 "https://oinversion.com/blog/tres-maneras-de-invertir-tu-dinero" "Mozilla/5.0 (Linux; Android 5.0) AppleWebKit/537.36 (KHTML, like Gecko) Mobile Safari/537.36 (compatible; Bytespider; spider-feedback@bytedance.com)"
47.128.18.9 - - [13/May/2026:10:42:15 +0000] "GET /assets/7e549121/img/fondo_footer.jpg HTTP/1.0" 200 3568 "https://oinversion.com/assets/7e549121/css/stylesheet.css?v=1666108212" "Mozilla/5.0 (Linux; Android 5.0) AppleWebKit/537.36 (KHTML, like Gecko) Mobile Safari/537.36 (compatible; Bytespider; spider-feedback@bytedance.com)"
145.239.10.137 - - [13/May/2026:10:44:43 +0000] "GET /admin.php HTTP/1.0" 404 15899 "https://oinversion.com/admin.php" "Mozilla/5.0 (iPhone; CPU iPhone OS 17_5_1 like Mac OS X) AppleWebKit/605.1.15 (KHTML, like Gecko) Version/17.5 Mobile/15E148 Safari/604.1"
43.156.172.126 - - [13/May/2026:10:49:11 +0000] "GET /ip HTTP/1.0" 404 15878 "-" "Mozilla/5.0 (Macintosh; Intel Mac OS X 10_15_7) AppleWebKit/537.36 (KHTML, like Gecko) Chrome/114.0.0.0 Safari/537.36"
43.135.53.70 - - [13/May/2026:10:49:11 +0000] "GET /ip HTTP/1.0" 404 15878 "-" "Mozilla/5.0 (Macintosh; Intel Mac OS X 10_15_7) AppleWebKit/537.36 (KHTML, like Gecko) Chrome/114.0.0.0 Safari/537.36"
49.51.200.182 - - [13/May/2026:10:49:11 +0000] "GET /ip HTTP/1.0" 404 15878 "-" "Mozilla/5.0 (Macintosh; Intel Mac OS X 10_15_7) AppleWebKit/537.36 (KHTML, like Gecko) Chrome/114.0.0.0 Safari/537.36"
213.180.203.16 - - [13/May/2026:10:57:14 +0000] "GET /robots.txt HTTP/1.0" 200 3627 "-" "Mozilla/5.0 (compatible; YandexBot/3.0; +http://yandex.com/bots)"
95.108.213.108 - - [13/May/2026:10:57:14 +0000] "GET /proyecto/35/piso-en-venta-en-poble-sec-barcelona HTTP/1.0" 200 29914 "-" "Mozilla/5.0 (compatible; YandexBot/3.0; +http://yandex.com/bots)"
116.196.81.183 - - [13/May/2026:10:57:56 +0000] "GET /uploads/resize/ProjectLarge/uploads/projects/36-piso-a-la-venta-en-fort-pienc-barcelona-1.jpg HTTP/1.0" 200 3625 "https://oinversion.com/proyecto/36/piso-a-la-venta-en-fort-pienc-barcelona" "Python/3.12 aiohttp/3.13.2"
66.249.79.137 - - [13/May/2026:10:59:40 +0000] "GET /contacto HTTP/1.0" 200 3539 "-" "Mozilla/5.0 (Linux; Android 6.0.1; Nexus 5X Build/MMB29P) AppleWebKit/537.36 (KHTML, like Gecko) Chrome/148.0.7778.96 Mobile Safari/537.36 (compatible; Googlebot/2.1; +http://www.google.com/bot.html)"
216.73.216.249 - - [13/May/2026:11:00:45 +0000] "GET /assets/7e549121/css/stylesheet.css HTTP/1.0" 200 3564 "-" "Mozilla/5.0 AppleWebKit/537.36 (KHTML, like Gecko; compatible; ClaudeBot/1.0; +claudebot@anthropic.com)"
216.73.216.249 - - [13/May/2026:11:00:45 +0000] "GET /assets/2a658dd2/css/bootstrap.css HTTP/1.0" 200 3563 "-" "Mozilla/5.0 AppleWebKit/537.36 (KHTML, like Gecko; compatible; ClaudeBot/1.0; +claudebot@anthropic.com)"
216.73.216.249 - - [13/May/2026:11:00:52 +0000] "GET /assets/7e549121/css/jquery.bxslider.css HTTP/1.0" 200 3569 "-" "Mozilla/5.0 AppleWebKit/537.36 (KHTML, like Gecko; compatible; ClaudeBot/1.0; +claudebot@anthropic.com)"
216.73.216.249 - - [13/May/2026:11:00:52 +0000] "GET /assets/2a658dd2/js/bootstrap.js HTTP/1.0" 200 3575 "-" "Mozilla/5.0 AppleWebKit/537.36 (KHTML, like Gecko; compatible; ClaudeBot/1.0; +claudebot@anthropic.com)"
216.73.216.249 - - [13/May/2026:11:01:10 +0000] "GET /assets/7e549121/js/main.js HTTP/1.0" 200 3570 "-" "Mozilla/5.0 AppleWebKit/537.36 (KHTML, like Gecko; compatible; ClaudeBot/1.0; +claudebot@anthropic.com)"
216.73.216.249 - - [13/May/2026:11:01:10 +0000] "GET /assets/62f7db0b/jquery.js HTTP/1.0" 200 3569 "-" "Mozilla/5.0 AppleWebKit/537.36 (KHTML, like Gecko; compatible; ClaudeBot/1.0; +claudebot@anthropic.com)"
216.73.216.249 - - [13/May/2026:11:01:31 +0000] "GET /assets/7e549121/js/Chart.min.js HTTP/1.0" 200 3575 "-" "Mozilla/5.0 AppleWebKit/537.36 (KHTML, like Gecko; compatible; ClaudeBot/1.0; +claudebot@anthropic.com)"
216.73.216.249 - - [13/May/2026:11:01:31 +0000] "GET /assets/fe2b9edf/yii.activeForm.js HTTP/1.0" 200 3577 "-" "Mozilla/5.0 AppleWebKit/537.36 (KHTML, like Gecko; compatible; ClaudeBot/1.0; +claudebot@anthropic.com)"
216.73.216.249 - - [13/May/2026:11:01:37 +0000] "GET /assets/7e549121/css/font-awesome.min.css HTTP/1.0" 200 3570 "-" "Mozilla/5.0 AppleWebKit/537.36 (KHTML, like Gecko; compatible; ClaudeBot/1.0; +claudebot@anthropic.com)"
216.73.216.249 - - [13/May/2026:11:01:37 +0000] "GET /assets/fe2b9edf/yii.validation.js HTTP/1.0" 200 3577 "-" "Mozilla/5.0 AppleWebKit/537.36 (KHTML, like Gecko; compatible; ClaudeBot/1.0; +claudebot@anthropic.com)"
216.73.216.249 - - [13/May/2026:11:02:10 +0000] "GET /assets/fe2b9edf/yii.js HTTP/1.0" 200 3566 "-" "Mozilla/5.0 AppleWebKit/537.36 (KHTML, like Gecko; compatible; ClaudeBot/1.0; +claudebot@anthropic.com)"
216.73.216.249 - - [13/May/2026:11:02:15 +0000] "GET /assets/7e549121/img/computer.jpg HTTP/1.0" 200 3564 "-" "Mozilla/5.0 AppleWebKit/537.36 (KHTML, like Gecko; compatible; ClaudeBot/1.0; +claudebot@anthropic.com)"
66.249.78.41 - - [13/May/2026:11:02:20 +0000] "GET /contacto HTTP/1.0" 200 3539 "-" "Mozilla/5.0 (Linux; Android 6.0.1; Nexus 5X Build/MMB29P) AppleWebKit/537.36 (KHTML, like Gecko) Chrome/148.0.7778.96 Mobile Safari/537.36 (compatible; Googlebot/2.1; +http://www.google.com/bot.html)"
216.73.216.249 - - [13/May/2026:11:02:23 +0000] "GET /assets/7e549121/img/ico-mail.svg HTTP/1.0" 200 3567 "-" "Mozilla/5.0 AppleWebKit/537.36 (KHTML, like Gecko; compatible; ClaudeBot/1.0; +claudebot@anthropic.com)"
216.73.216.249 - - [13/May/2026:11:02:30 +0000] "GET /assets/7e549121/js/jquery.bxslider.min.js HTTP/1.0" 200 3585 "-" "Mozilla/5.0 AppleWebKit/537.36 (KHTML, like Gecko; compatible; ClaudeBot/1.0; +claudebot@anthropic.com)"
216.73.216.249 - - [13/May/2026:11:02:53 +0000] "GET /assets/7e549121/img/ico-twitter.svg HTTP/1.0" 200 3570 "-" "Mozilla/5.0 AppleWebKit/537.36 (KHTML, like Gecko; compatible; ClaudeBot/1.0; +claudebot@anthropic.com)"
216.73.216.249 - - [13/May/2026:11:03:30 +0000] "GET /assets/7e549121/img/ico-facebook.svg HTTP/1.0" 200 3571 "-" "Mozilla/5.0 AppleWebKit/537.36 (KHTML, like Gecko; compatible; ClaudeBot/1.0; +claudebot@anthropic.com)"
216.73.216.249 - - [13/May/2026:11:03:34 +0000] "GET /assets/7e549121/img/arte-proyectos.png HTTP/1.0" 200 3569 "-" "Mozilla/5.0 AppleWebKit/537.36 (KHTML, like Gecko; compatible; ClaudeBot/1.0; +claudebot@anthropic.com)"
216.73.216.249 - - [13/May/2026:11:03:51 +0000] "GET /assets/7e549121/img/ico-blog.svg HTTP/1.0" 200 3567 "-" "Mozilla/5.0 AppleWebKit/537.36 (KHTML, like Gecko; compatible; ClaudeBot/1.0; +claudebot@anthropic.com)"
216.73.216.249 - - [13/May/2026:11:03:56 +0000] "GET /assets/7e549121/img/handshake.jpg HTTP/1.0" 200 3565 "-" "Mozilla/5.0 AppleWebKit/537.36 (KHTML, like Gecko; compatible; ClaudeBot/1.0; +claudebot@anthropic.com)"
216.73.216.249 - - [13/May/2026:11:04:16 +0000] "GET /assets/7e549121/img/funds.jpg HTTP/1.0" 200 3561 "-" "Mozilla/5.0 AppleWebKit/537.36 (KHTML, like Gecko; compatible; ClaudeBot/1.0; +claudebot@anthropic.com)"
216.244.66.198 - - [13/May/2026:11:04:20 +0000] "GET /robots.txt HTTP/1.0" 200 3627 "-" "Mozilla/5.0 (compatible; DotBot/1.2; +https://opensiteexplorer.org/dotbot; help@moz.com)"
157.245.94.76 - - [13/May/2026:11:04:28 +0000] "GET /uploads/blog-post/59-featured-gentealtamente%20efectiva.jpg HTTP/1.0" 200 3589 "https://www.oinversion.com/" "Mozilla/5.0 (Windows NT 10.0; Win64; x64) AppleWebKit/537.36 (KHTML, like Gecko) Chrome/112.0.0.0 Safari/537.36"
216.73.216.249 - - [13/May/2026:11:04:31 +0000] "GET /assets/7e549121/img/logo-oinversion-fondo-oscuro.svg HTTP/1.0" 200 3587 "-" "Mozilla/5.0 AppleWebKit/537.36 (KHTML, like Gecko; compatible; ClaudeBot/1.0; +claudebot@anthropic.com)"
216.73.216.249 - - [13/May/2026:11:05:17 +0000] "GET /assets/7e549121/img/coinvestment.jpg HTTP/1.0" 200 3568 "-" "Mozilla/5.0 AppleWebKit/537.36 (KHTML, like Gecko; compatible; ClaudeBot/1.0; +claudebot@anthropic.com)"
216.73.216.249 - - [13/May/2026:11:05:24 +0000] "GET /assets/7e549121/img/logo-oinversion-fondo-claro.svg HTTP/1.0" 200 3586 "-" "Mozilla/5.0 AppleWebKit/537.36 (KHTML, like Gecko; compatible; ClaudeBot/1.0; +claudebot@anthropic.com)"
130.254.112.55 - - [13/May/2026:11:06:39 +0000] "GET /contacto HTTP/1.0" 200 3539 "-" "Mozilla/5.0 (Windows NT 10.0; Win64; x64; Xbox; Xbox One) AppleWebKit/537.36 (KHTML, like Gecko) Chrome/114.0.0.0 Safari/537.36 Edge/44.18363.8131"
