47.128.18.86 - - [13/May/2026:11:59:10 +0000] "GET /assets/7e549121/img/ico-blog.svg HTTP/1.0" 200 3567 "https://www.oinversion.com/users/sign_up?source=nav-account" "Mozilla/5.0 (Linux; Android 5.0) AppleWebKit/537.36 (KHTML, like Gecko) Mobile Safari/537.36 (compatible; Bytespider; spider-feedback@bytedance.com)"
47.128.18.86 - - [13/May/2026:11:59:10 +0000] "GET /assets/7e549121/img/logo-oinversion-fondo-claro.svg HTTP/1.0" 200 3586 "https://www.oinversion.com/users/sign_up?source=nav-account" "Mozilla/5.0 (Linux; Android 5.0) AppleWebKit/537.36 (KHTML, like Gecko) Mobile Safari/537.36 (compatible; Bytespider; spider-feedback@bytedance.com)"
150.40.167.92 - - [13/May/2026:11:59:10 +0000] "GET /blog/tag/Retiro HTTP/1.0" 200 21752 "-" "Mozilla/5.0 (Windows NT 10.0; Win64; x64) AppleWebKit/537.36 (KHTML, like Gecko) Chrome/143.0.0.0 Safari/537.36"
150.40.167.92 - - [13/May/2026:11:59:11 +0000] "GET /assets/2a658dd2/css/bootstrap.css?v=1469461915 HTTP/1.0" 200 3563 "https://www.oinversion.com/blog/tag/Retiro" "Mozilla/5.0 (Windows NT 10.0; Win64; x64) AppleWebKit/537.36 (KHTML, like Gecko) Chrome/143.0.0.0 Safari/537.36"
150.40.167.92 - - [13/May/2026:11:59:11 +0000] "GET /assets/7e549121/css/jquery.bxslider.css?v=1503585073 HTTP/1.0" 200 3569 "https://www.oinversion.com/blog/tag/Retiro" "Mozilla/5.0 (Windows NT 10.0; Win64; x64) AppleWebKit/537.36 (KHTML, like Gecko) Chrome/143.0.0.0 Safari/537.36"
150.40.167.92 - - [13/May/2026:11:59:11 +0000] "GET /assets/7e549121/css/font-awesome.min.css?v=1503585073 HTTP/1.0" 200 3570 "https://www.oinversion.com/blog/tag/Retiro" "Mozilla/5.0 (Windows NT 10.0; Win64; x64) AppleWebKit/537.36 (KHTML, like Gecko) Chrome/143.0.0.0 Safari/537.36"
150.40.167.92 - - [13/May/2026:11:59:11 +0000] "GET /assets/7e549121/js/main.js?v=1503585073 HTTP/1.0" 200 3570 "https://www.oinversion.com/blog/tag/Retiro" "Mozilla/5.0 (Windows NT 10.0; Win64; x64) AppleWebKit/537.36 (KHTML, like Gecko) Chrome/143.0.0.0 Safari/537.36"
150.40.167.92 - - [13/May/2026:11:59:11 +0000] "GET /assets/fe2b9edf/yii.js?v=1468244202 HTTP/1.0" 200 3566 "https://www.oinversion.com/blog/tag/Retiro" "Mozilla/5.0 (Windows NT 10.0; Win64; x64) AppleWebKit/537.36 (KHTML, like Gecko) Chrome/143.0.0.0 Safari/537.36"
150.40.167.92 - - [13/May/2026:11:59:11 +0000] "GET /assets/62f7db0b/jquery.js?v=1463765083 HTTP/1.0" 200 3569 "https://www.oinversion.com/blog/tag/Retiro" "Mozilla/5.0 (Windows NT 10.0; Win64; x64) AppleWebKit/537.36 (KHTML, like Gecko) Chrome/143.0.0.0 Safari/537.36"
150.40.167.92 - - [13/May/2026:11:59:11 +0000] "GET /assets/7e549121/css/stylesheet.css?v=1666108212 HTTP/1.0" 200 3564 "https://www.oinversion.com/blog/tag/Retiro" "Mozilla/5.0 (Windows NT 10.0; Win64; x64) AppleWebKit/537.36 (KHTML, like Gecko) Chrome/143.0.0.0 Safari/537.36"
150.40.167.92 - - [13/May/2026:11:59:11 +0000] "GET /assets/7e549121/js/Chart.min.js?v=1503585073 HTTP/1.0" 200 3575 "https://www.oinversion.com/blog/tag/Retiro" "Mozilla/5.0 (Windows NT 10.0; Win64; x64) AppleWebKit/537.36 (KHTML, like Gecko) Chrome/143.0.0.0 Safari/537.36"
150.40.167.92 - - [13/May/2026:11:59:11 +0000] "GET /assets/7e549121/js/jquery.bxslider.min.js?v=1503585073 HTTP/1.0" 200 3585 "https://www.oinversion.com/blog/tag/Retiro" "Mozilla/5.0 (Windows NT 10.0; Win64; x64) AppleWebKit/537.36 (KHTML, like Gecko) Chrome/143.0.0.0 Safari/537.36"
150.40.167.92 - - [13/May/2026:11:59:11 +0000] "GET /assets/2a658dd2/js/bootstrap.js?v=1469461915 HTTP/1.0" 200 3575 "https://www.oinversion.com/blog/tag/Retiro" "Mozilla/5.0 (Windows NT 10.0; Win64; x64) AppleWebKit/537.36 (KHTML, like Gecko) Chrome/143.0.0.0 Safari/537.36"
150.40.167.92 - - [13/May/2026:11:59:11 +0000] "GET /assets/fe2b9edf/yii.validation.js?v=1468244202 HTTP/1.0" 200 3577 "https://www.oinversion.com/blog/tag/Retiro" "Mozilla/5.0 (Windows NT 10.0; Win64; x64) AppleWebKit/537.36 (KHTML, like Gecko) Chrome/143.0.0.0 Safari/537.36"
150.40.167.92 - - [13/May/2026:11:59:11 +0000] "GET /assets/fe2b9edf/yii.activeForm.js?v=1468244202 HTTP/1.0" 200 3577 "https://www.oinversion.com/blog/tag/Retiro" "Mozilla/5.0 (Windows NT 10.0; Win64; x64) AppleWebKit/537.36 (KHTML, like Gecko) Chrome/143.0.0.0 Safari/537.36"
188.213.202.48 - - [13/May/2026:11:59:51 +0000] "GET //contacto HTTP/1.0" 200 3539 "http://oinversion.com//contacto" "Mozilla/5.0 (X11; Linux aarch64) AppleWebKit/537.36 (KHTML, like Gecko) Chrome/139.0.0.0 Safari/537.36"
188.213.202.14 - - [13/May/2026:11:59:52 +0000] "GET /contactoen-us/articles/29890745668631-General-Product-Safety-Regulation-GSPR HTTP/1.0" 404 14950 "http://oinversion.com//contacto" "Mozilla/5.0 (X11; Linux aarch64) AppleWebKit/537.36 (KHTML, like Gecko) Chrome/139.0.0.0 Safari/537.36"
188.213.202.28 - - [13/May/2026:11:59:52 +0000] "GET /contact HTTP/1.0" 200 18818 "http://oinversion.com//contacto" "Mozilla/5.0 (X11; Linux aarch64) AppleWebKit/537.36 (KHTML, like Gecko) Chrome/139.0.0.0 Safari/537.36"
188.213.202.24 - - [13/May/2026:11:59:53 +0000] "GET /contacto HTTP/1.0" 200 3539 "http://oinversion.com//contacto" "Mozilla/5.0 (X11; Linux aarch64) AppleWebKit/537.36 (KHTML, like Gecko) Chrome/139.0.0.0 Safari/537.36"
66.249.79.138 - - [13/May/2026:12:00:06 +0000] "GET /contacto HTTP/1.0" 200 3539 "-" "Mozilla/5.0 (Linux; Android 6.0.1; Nexus 5X Build/MMB29P) AppleWebKit/537.36 (KHTML, like Gecko) Chrome/148.0.7778.96 Mobile Safari/537.36 (compatible; Googlebot/2.1; +http://www.google.com/bot.html)"
47.128.18.63 - - [13/May/2026:12:00:43 +0000] "GET /phone-case HTTP/1.0" 404 15910 "-" "Mozilla/5.0 (Linux; Android 5.0) AppleWebKit/537.36 (KHTML, like Gecko) Mobile Safari/537.36 (compatible; Bytespider; spider-feedback@bytedance.com)"
47.128.18.63 - - [13/May/2026:12:00:50 +0000] "GET /assets/7e549121/css/stylesheet.css?v=1666108212 HTTP/1.0" 200 3564 "https://www.oinversion.com/phone-case" "Mozilla/5.0 (Linux; Android 5.0) AppleWebKit/537.36 (KHTML, like Gecko) Mobile Safari/537.36 (compatible; Bytespider; spider-feedback@bytedance.com)"
47.128.18.63 - - [13/May/2026:12:01:18 +0000] "GET /assets/7e549121/img/fondo_footer.jpg HTTP/1.0" 200 3568 "https://www.oinversion.com/assets/7e549121/css/stylesheet.css?v=1666108212" "Mozilla/5.0 (Linux; Android 5.0) AppleWebKit/537.36 (KHTML, like Gecko) Mobile Safari/537.36 (compatible; Bytespider; spider-feedback@bytedance.com)"
47.128.18.63 - - [13/May/2026:12:01:22 +0000] "GET /assets/7e549121/img/fondo_footer.jpg HTTP/1.0" 200 3568 "https://www.oinversion.com/assets/7e549121/css/stylesheet.css?v=1666108212" "Mozilla/5.0 (Linux; Android 5.0) AppleWebKit/537.36 (KHTML, like Gecko) Mobile Safari/537.36 (compatible; Bytespider; spider-feedback@bytedance.com)"
47.128.18.63 - - [13/May/2026:12:01:22 +0000] "GET /assets/7e549121/img/fondo_footer.jpg HTTP/1.0" 200 3568 "https://www.oinversion.com/assets/7e549121/css/stylesheet.css?v=1666108212" "Mozilla/5.0 (Linux; Android 5.0) AppleWebKit/537.36 (KHTML, like Gecko) Mobile Safari/537.36 (compatible; Bytespider; spider-feedback@bytedance.com)"
66.249.79.139 - - [13/May/2026:12:01:59 +0000] "GET /contacto HTTP/1.0" 200 3539 "-" "Mozilla/5.0 (Linux; Android 6.0.1; Nexus 5X Build/MMB29P) AppleWebKit/537.36 (KHTML, like Gecko) Chrome/148.0.7778.96 Mobile Safari/537.36 (compatible; Googlebot/2.1; +http://www.google.com/bot.html)"
47.128.18.97 - - [13/May/2026:12:02:04 +0000] "GET /hats HTTP/1.0" 404 15892 "-" "Mozilla/5.0 (Linux; Android 5.0) AppleWebKit/537.36 (KHTML, like Gecko) Mobile Safari/537.36 (compatible; Bytespider; spider-feedback@bytedance.com)"
47.128.18.97 - - [13/May/2026:12:02:10 +0000] "GET /assets/7e549121/img/ico-mail.svg HTTP/1.0" 200 3567 "https://www.oinversion.com/hats" "Mozilla/5.0 (Linux; Android 5.0) AppleWebKit/537.36 (KHTML, like Gecko) Mobile Safari/537.36 (compatible; Bytespider; spider-feedback@bytedance.com)"
47.128.18.97 - - [13/May/2026:12:02:12 +0000] "GET /assets/7e549121/img/ico-mail.svg HTTP/1.0" 200 3567 "https://www.oinversion.com/hats" "Mozilla/5.0 (Linux; Android 5.0) AppleWebKit/537.36 (KHTML, like Gecko) Mobile Safari/537.36 (compatible; Bytespider; spider-feedback@bytedance.com)"
47.128.18.97 - - [13/May/2026:12:02:12 +0000] "GET /assets/7e549121/img/ico-mail.svg HTTP/1.0" 200 3567 "https://www.oinversion.com/hats" "Mozilla/5.0 (Linux; Android 5.0) AppleWebKit/537.36 (KHTML, like Gecko) Mobile Safari/537.36 (compatible; Bytespider; spider-feedback@bytedance.com)"
20.199.211.164 - - [13/May/2026:12:02:49 +0000] "GET /blog/antifragil-el-libro-de-nassim-taleb-que-aconseja-a-los-inversores-como-pararse-frente-a-la-adversidad HTTP/1.0" 200 58069 "-" "Mozilla/5.0 AppleWebKit/537.36 (KHTML, like Gecko); compatible; ChatGPT-User/1.0; +https://openai.com/bot"
140.213.15.157 - - [13/May/2026:12:05:15 +0000] "GET /blog/tag/socimis HTTP/1.0" 200 3547 "https://www.google.com/" "Mozilla/5.0 (Linux; Android 10; K) AppleWebKit/537.36 (KHTML, like Gecko) Chrome/147.0.0.0 Mobile Safari/537.36"
216.244.66.198 - - [13/May/2026:12:05:16 +0000] "GET /blog/tag/pisos+en+alquiler HTTP/1.0" 200 19215 "-" "Mozilla/5.0 (compatible; DotBot/1.2; +https://opensiteexplorer.org/dotbot; help@moz.com)"
140.213.15.157 - - [13/May/2026:12:05:21 +0000] "GET /designs/74165272/canvas/1/product_images HTTP/1.0" 404 16000 "https://www.oinversion.com/blog/tag/socimis" "Mozilla/5.0 (Linux; Android 10; K) AppleWebKit/537.36 (KHTML, like Gecko) Chrome/147.0.0.0 Mobile Safari/537.36"
216.244.66.198 - - [13/May/2026:12:05:21 +0000] "GET /blog/tag/tendencia+alcista HTTP/1.0" 200 19458 "-" "Mozilla/5.0 (compatible; DotBot/1.2; +https://opensiteexplorer.org/dotbot; help@moz.com)"
140.213.15.157 - - [13/May/2026:12:05:23 +0000] "POST /cdn-cgi/rum? HTTP/1.0" 404 14541 "https://www.oinversion.com/blog/tag/socimis" "Mozilla/5.0 (Linux; Android 10; K) AppleWebKit/537.36 (KHTML, like Gecko) Chrome/147.0.0.0 Mobile Safari/537.36"
66.249.79.139 - - [13/May/2026:12:06:39 +0000] "GET /contacto HTTP/1.0" 200 3539 "-" "Mozilla/5.0 (Linux; Android 6.0.1; Nexus 5X Build/MMB29P) AppleWebKit/537.36 (KHTML, like Gecko) Chrome/148.0.7778.96 Mobile Safari/537.36 (compatible; Googlebot/2.1; +http://www.google.com/bot.html)"
44.218.6.93 - - [13/May/2026:12:07:37 +0000] "GET /blog/tag/2021?page=8 HTTP/1.0" 200 22781 "-" "Mozilla/5.0 AppleWebKit/537.36 (KHTML, like Gecko; compatible; Amazonbot/0.1; +https://developer.amazon.com/support/amazonbot) Chrome/119.0.6045.214 Safari/537.36"
18.205.91.101 - - [13/May/2026:12:07:41 +0000] "GET /blog/tag/Espa%C3%B1a?page=8 HTTP/1.0" 200 22479 "-" "Mozilla/5.0 AppleWebKit/537.36 (KHTML, like Gecko; compatible; Amazonbot/0.1; +https://developer.amazon.com/support/amazonbot) Chrome/119.0.6045.214 Safari/537.36"
66.249.79.138 - - [13/May/2026:12:08:13 +0000] "GET /proyectos HTTP/1.0" 200 3540 "-" "Mozilla/5.0 (Linux; Android 6.0.1; Nexus 5X Build/MMB29P) AppleWebKit/537.36 (KHTML, like Gecko) Chrome/148.0.7778.96 Mobile Safari/537.36 (compatible; Googlebot/2.1; +http://www.google.com/bot.html)"
66.249.78.41 - - [13/May/2026:12:09:42 +0000] "GET /contacto HTTP/1.0" 200 3539 "-" "Mozilla/5.0 (Linux; Android 6.0.1; Nexus 5X Build/MMB29P) AppleWebKit/537.36 (KHTML, like Gecko) Chrome/148.0.7778.96 Mobile Safari/537.36 (compatible; Googlebot/2.1; +http://www.google.com/bot.html)"
66.249.79.138 - - [13/May/2026:12:12:45 +0000] "GET /contacto HTTP/1.0" 200 3539 "-" "Mozilla/5.0 (Linux; Android 6.0.1; Nexus 5X Build/MMB29P) AppleWebKit/537.36 (KHTML, like Gecko) Chrome/148.0.7778.96 Mobile Safari/537.36 (compatible; Googlebot/2.1; +http://www.google.com/bot.html)"
186.189.103.197 - - [13/May/2026:12:13:31 +0000] "GET /uploads/blog-post/109-featured-71fGCDe++wL.jpg HTTP/1.0" 200 3578 "https://www.google.com/" "Mozilla/5.0 (Linux; Android 14; SM-A135M Build/UP1A.231005.007; wv) AppleWebKit/537.36 (KHTML, like Gecko) Version/4.0 Chrome/147.0.7727.137 Mobile Safari/537.36 GoogleApp/17.20.27.ve.arm"
47.242.193.254 - - [13/May/2026:12:14:36 +0000] "GET /uploads/blog-post/84-featured-euro-3613908_1920.jpg HTTP/1.0" 200 3583 "https://www.oinversion.com" "Mozilla/5.0 (Windows NT 10.0; Win64; x64) AppleWebKit/537.36 (KHTML, like Gecko) Chrome/122.0.0.0 Safari/537.36"
47.242.193.254 - - [13/May/2026:12:14:57 +0000] "GET /uploads/blog-post/84-featured-euro-3613908_1920.jpg HTTP/1.0" 200 3583 "https://www.oinversion.com" "Mozilla/5.0 (Windows NT 10.0; Win64; x64) AppleWebKit/537.36 (KHTML, like Gecko) Chrome/122.0.0.0 Safari/537.36"
114.122.232.193 - - [13/May/2026:12:15:45 +0000] "GET /contacto HTTP/1.0" 200 3539 "https://www.google.com/" "Mozilla/5.0 (Linux; Android 10; K) AppleWebKit/537.36 (KHTML, like Gecko) Chrome/148.0.0.0 Mobile Safari/537.36"
192.178.11.98 - - [13/May/2026:12:16:04 +0000] "GET / HTTP/1.0" 200 26556 "-" "Mozilla/5.0 (Linux; U; Android 4.3; en-us; SM-N900T Build/JSS15J) AppleWebKit/534.30 (KHTML, like Gecko) Version/4.0 Mobile Safari/534.30"
66.249.78.41 - - [13/May/2026:12:16:04 +0000] "GET /contacto HTTP/1.0" 200 3539 "-" "Mozilla/5.0 (Linux; Android 6.0.1; Nexus 5X Build/MMB29P) AppleWebKit/537.36 (KHTML, like Gecko) Chrome/148.0.7778.96 Mobile Safari/537.36 (compatible; Googlebot/2.1; +http://www.google.com/bot.html)"
192.178.11.99 - - [13/May/2026:12:16:04 +0000] "GET /assets/7e549121/css/jquery.bxslider.css?v=1503585073 HTTP/1.0" 200 3569 "https://www.oinversion.com/" "Mozilla/5.0 (Linux; U; Android 4.3; en-us; SM-N900T Build/JSS15J) AppleWebKit/534.30 (KHTML, like Gecko) Version/4.0 Mobile Safari/534.30"
192.178.11.100 - - [13/May/2026:12:16:04 +0000] "GET /assets/7e549121/img/ico-blog.svg HTTP/1.0" 200 3567 "https://www.oinversion.com/" "Mozilla/5.0 (Linux; U; Android 4.3; en-us; SM-N900T Build/JSS15J) AppleWebKit/534.30 (KHTML, like Gecko) Version/4.0 Mobile Safari/534.30"
192.178.11.99 - - [13/May/2026:12:16:04 +0000] "GET /blog/inversion-en-madrid-como-capitalizar-airbnb HTTP/1.0" 200 3579 "-" "Mozilla/5.0 (X11; Linux x86_64) AppleWebKit/537.36 (KHTML, like Gecko) Chrome/121.0.0.0 Safari/537.36"
192.178.11.100 - - [13/May/2026:12:16:04 +0000] "GET /assets/2a658dd2/css/bootstrap.css?v=1469461915 HTTP/1.0" 200 3563 "https://www.oinversion.com/" "Mozilla/5.0 (Linux; U; Android 4.3; en-us; SM-N900T Build/JSS15J) AppleWebKit/534.30 (KHTML, like Gecko) Version/4.0 Mobile Safari/534.30"
192.178.11.98 - - [13/May/2026:12:16:04 +0000] "GET /assets/7e549121/css/stylesheet.css?v=1666108212 HTTP/1.0" 200 3564 "https://www.oinversion.com/" "Mozilla/5.0 (Linux; U; Android 4.3; en-us; SM-N900T Build/JSS15J) AppleWebKit/534.30 (KHTML, like Gecko) Version/4.0 Mobile Safari/534.30"
66.102.6.162 - - [13/May/2026:12:16:04 +0000] "GET /blog/tag/Papel+de+oficinas HTTP/1.0" 200 3557 "-" "Mozilla/5.0 (X11; Linux x86_64) AppleWebKit/537.36 (KHTML, like Gecko) Chrome/121.0.0.0 Safari/537.36"
66.102.6.164 - - [13/May/2026:12:16:04 +0000] "GET /blog/tag/oficinas HTTP/1.0" 200 3548 "-" "Mozilla/5.0 (X11; Linux x86_64) AppleWebKit/537.36 (KHTML, like Gecko) Chrome/121.0.0.0 Safari/537.36"
192.178.11.100 - - [13/May/2026:12:16:04 +0000] "GET /assets/7e549121/css/font-awesome.min.css?v=1503585073 HTTP/1.0" 200 3570 "https://www.oinversion.com/" "Mozilla/5.0 (Linux; U; Android 4.3; en-us; SM-N900T Build/JSS15J) AppleWebKit/534.30 (KHTML, like Gecko) Version/4.0 Mobile Safari/534.30"
192.178.11.100 - - [13/May/2026:12:16:04 +0000] "GET /assets/7e549121/img/logo-oinversion-fondo-claro.svg HTTP/1.0" 200 3586 "https://www.oinversion.com/" "Mozilla/5.0 (Linux; U; Android 4.3; en-us; SM-N900T Build/JSS15J) AppleWebKit/534.30 (KHTML, like Gecko) Version/4.0 Mobile Safari/534.30"
192.178.11.99 - - [13/May/2026:12:16:04 +0000] "GET /assets/7e549121/img/handshake.jpg HTTP/1.0" 200 3565 "https://www.oinversion.com/" "Mozilla/5.0 (Linux; U; Android 4.3; en-us; SM-N900T Build/JSS15J) AppleWebKit/534.30 (KHTML, like Gecko) Version/4.0 Mobile Safari/534.30"
74.125.213.44 - - [13/May/2026:12:16:04 +0000] "GET /fondos-de-inversion HTTP/1.0" 200 3550 "-" "Mozilla/5.0 (Linux; U; Android 4.3; en-us; SM-N900T Build/JSS15J) AppleWebKit/534.30 (KHTML, like Gecko) Version/4.0 Mobile Safari/534.30"
66.102.6.162 - - [13/May/2026:12:16:05 +0000] "GET /proyectos HTTP/1.0" 200 3540 "-" "Mozilla/5.0 (Linux; U; Android 4.3; en-us; SM-N900T Build/JSS15J) AppleWebKit/534.30 (KHTML, like Gecko) Version/4.0 Mobile Safari/534.30"
66.102.6.162 - - [13/May/2026:12:16:05 +0000] "GET /blog/ HTTP/1.0" 200 256725 "-" "Mozilla/5.0 (Linux; U; Android 4.3; en-us; SM-N900T Build/JSS15J) AppleWebKit/534.30 (KHTML, like Gecko) Version/4.0 Mobile Safari/534.30"
66.102.6.162 - - [13/May/2026:12:16:05 +0000] "GET /blog/tag/inmobiliario?page=2 HTTP/1.0" 200 3552 "-" "Mozilla/5.0 (X11; Linux x86_64) AppleWebKit/537.36 (KHTML, like Gecko) Chrome/121.0.0.0 Safari/537.36"
192.178.11.98 - - [13/May/2026:12:16:05 +0000] "GET /assets/7e549121/img/computer.jpg HTTP/1.0" 200 3564 "https://www.oinversion.com/" "Mozilla/5.0 (Linux; U; Android 4.3; en-us; SM-N900T Build/JSS15J) AppleWebKit/534.30 (KHTML, like Gecko) Version/4.0 Mobile Safari/534.30"
192.178.11.99 - - [13/May/2026:12:16:05 +0000] "GET /assets/62f7db0b/jquery.js?v=1463765083 HTTP/1.0" 200 3569 "https://www.oinversion.com/" "Mozilla/5.0 (Linux; U; Android 4.3; en-us; SM-N900T Build/JSS15J) AppleWebKit/534.30 (KHTML, like Gecko) Version/4.0 Mobile Safari/534.30"
192.178.11.100 - - [13/May/2026:12:16:05 +0000] "GET /assets/fe2b9edf/yii.js?v=1468244202 HTTP/1.0" 200 3566 "https://www.oinversion.com/" "Mozilla/5.0 (Linux; U; Android 4.3; en-us; SM-N900T Build/JSS15J) AppleWebKit/534.30 (KHTML, like Gecko) Version/4.0 Mobile Safari/534.30"
66.249.84.194 - - [13/May/2026:12:16:05 +0000] "GET /contacto HTTP/1.0" 200 3539 "-" "Mozilla/5.0 (X11; Linux x86_64) AppleWebKit/537.36 (KHTML, like Gecko) Chrome/121.0.0.0 Safari/537.36"
66.102.6.163 - - [13/May/2026:12:16:05 +0000] "GET /blog/ HTTP/1.0" 200 256754 "-" "Mozilla/5.0 (Linux; U; Android 4.3; en-us; SM-N900T Build/JSS15J) AppleWebKit/534.30 (KHTML, like Gecko) Version/4.0 Mobile Safari/534.30"
74.125.213.46 - - [13/May/2026:12:16:05 +0000] "GET /fondos-de-inversion HTTP/1.0" 200 3550 "-" "Mozilla/5.0 (Linux; U; Android 4.3; en-us; SM-N900T Build/JSS15J) AppleWebKit/534.30 (KHTML, like Gecko) Version/4.0 Mobile Safari/534.30"
66.249.84.193 - - [13/May/2026:12:16:05 +0000] "GET /blog/como-invertir-en-hoteles HTTP/1.0" 200 3560 "-" "Mozilla/5.0 (X11; Linux x86_64) AppleWebKit/537.36 (KHTML, like Gecko) Chrome/121.0.0.0 Safari/537.36"
74.125.213.45 - - [13/May/2026:12:16:05 +0000] "GET /blog/tag/socimis HTTP/1.0" 200 3547 "-" "Mozilla/5.0 (X11; Linux x86_64) AppleWebKit/537.36 (KHTML, like Gecko) Chrome/121.0.0.0 Safari/537.36"
74.125.213.44 - - [13/May/2026:12:16:05 +0000] "GET /proyectos HTTP/1.0" 200 3540 "-" "Mozilla/5.0 (X11; Linux x86_64) AppleWebKit/537.36 (KHTML, like Gecko) Chrome/121.0.0.0 Safari/537.36"
192.178.11.98 - - [13/May/2026:12:16:05 +0000] "GET /assets/7e549121/img/coinvestment.jpg HTTP/1.0" 200 3568 "https://www.oinversion.com/" "Mozilla/5.0 (Linux; U; Android 4.3; en-us; SM-N900T Build/JSS15J) AppleWebKit/534.30 (KHTML, like Gecko) Version/4.0 Mobile Safari/534.30"
192.178.11.99 - - [13/May/2026:12:16:05 +0000] "GET /assets/fe2b9edf/yii.activeForm.js?v=1468244202 HTTP/1.0" 200 3577 "https://www.oinversion.com/" "Mozilla/5.0 (Linux; U; Android 4.3; en-us; SM-N900T Build/JSS15J) AppleWebKit/534.30 (KHTML, like Gecko) Version/4.0 Mobile Safari/534.30"
192.178.11.98 - - [13/May/2026:12:16:05 +0000] "GET /blog/ HTTP/1.0" 200 256725 "-" "Mozilla/5.0 (Linux; U; Android 4.3; en-us; SM-N900T Build/JSS15J) AppleWebKit/534.30 (KHTML, like Gecko) Version/4.0 Mobile Safari/534.30"
192.178.11.100 - - [13/May/2026:12:16:05 +0000] "GET /assets/7e549121/fonts/Avenir%20Next%20Regular.otf HTTP/1.0" 200 3618 "https://www.oinversion.com/assets/7e549121/css/stylesheet.css?v=1666108212" "Mozilla/5.0 (Linux; U; Android 4.3; en-us; SM-N900T Build/JSS15J) AppleWebKit/534.30 (KHTML, like Gecko) Version/4.0 Mobile Safari/534.30"
192.178.11.100 - - [13/May/2026:12:16:05 +0000] "GET /assets/7e549121/fonts/fontawesome-webfont.woff2?v=4.4.0 HTTP/1.0" 200 3553 "https://www.oinversion.com/assets/7e549121/css/font-awesome.min.css?v=1503585073" "Mozilla/5.0 (Linux; U; Android 4.3; en-us; SM-N900T Build/JSS15J) AppleWebKit/534.30 (KHTML, like Gecko) Version/4.0 Mobile Safari/534.30"
192.178.11.98 - - [13/May/2026:12:16:05 +0000] "GET /assets/7e549121/fonts/OpenSans%20Regular.ttf HTTP/1.0" 200 3585 "https://www.oinversion.com/assets/7e549121/css/stylesheet.css?v=1666108212" "Mozilla/5.0 (Linux; U; Android 4.3; en-us; SM-N900T Build/JSS15J) AppleWebKit/534.30 (KHTML, like Gecko) Version/4.0 Mobile Safari/534.30"
74.125.213.46 - - [13/May/2026:12:16:05 +0000] "GET /blog/ HTTP/1.0" 200 256725 "-" "Mozilla/5.0 (Linux; U; Android 4.3; en-us; SM-N900T Build/JSS15J) AppleWebKit/534.30 (KHTML, like Gecko) Version/4.0 Mobile Safari/534.30"
192.178.11.98 - - [13/May/2026:12:16:05 +0000] "GET /assets/7e549121/fonts/OpenSans%20Light.ttf HTTP/1.0" 200 3583 "https://www.oinversion.com/assets/7e549121/css/stylesheet.css?v=1666108212" "Mozilla/5.0 (Linux; U; Android 4.3; en-us; SM-N900T Build/JSS15J) AppleWebKit/534.30 (KHTML, like Gecko) Version/4.0 Mobile Safari/534.30"
192.178.11.100 - - [13/May/2026:12:16:05 +0000] "GET /assets/7e549121/img/header-home.jpg HTTP/1.0" 200 3567 "https://www.oinversion.com/assets/7e549121/css/stylesheet.css?v=1666108212" "Mozilla/5.0 (Linux; U; Android 4.3; en-us; SM-N900T Build/JSS15J) AppleWebKit/534.30 (KHTML, like Gecko) Version/4.0 Mobile Safari/534.30"
192.178.11.99 - - [13/May/2026:12:16:05 +0000] "GET /assets/2a658dd2/js/bootstrap.js?v=1469461915 HTTP/1.0" 200 3575 "https://www.oinversion.com/" "Mozilla/5.0 (Linux; U; Android 4.3; en-us; SM-N900T Build/JSS15J) AppleWebKit/534.30 (KHTML, like Gecko) Version/4.0 Mobile Safari/534.30"
74.125.213.46 - - [13/May/2026:12:16:05 +0000] "GET / HTTP/1.0" 200 26556 "-" "Mozilla/5.0 (Linux; U; Android 4.3; en-us; SM-N900T Build/JSS15J) AppleWebKit/534.30 (KHTML, like Gecko) Version/4.0 Mobile Safari/534.30"
192.178.11.99 - - [13/May/2026:12:16:05 +0000] "GET /assets/7e549121/fonts/OpenSans%20Bold.ttf HTTP/1.0" 200 3582 "https://www.oinversion.com/assets/7e549121/css/stylesheet.css?v=1666108212" "Mozilla/5.0 (Linux; U; Android 4.3; en-us; SM-N900T Build/JSS15J) AppleWebKit/534.30 (KHTML, like Gecko) Version/4.0 Mobile Safari/534.30"
66.102.6.163 - - [13/May/2026:12:16:05 +0000] "GET /blog/tag/oficinas HTTP/1.0" 200 3548 "-" "Mozilla/5.0 (X11; Linux x86_64) AppleWebKit/537.36 (KHTML, like Gecko) Chrome/121.0.0.0 Safari/537.36"
66.249.84.194 - - [13/May/2026:12:16:05 +0000] "GET /blog/ HTTP/1.0" 200 256725 "-" "Mozilla/5.0 (X11; Linux x86_64) AppleWebKit/537.36 (KHTML, like Gecko) Chrome/121.0.0.0 Safari/537.36"
192.178.11.100 - - [13/May/2026:12:16:05 +0000] "GET /assets/7e549121/js/Chart.min.js?v=1503585073 HTTP/1.0" 200 3575 "https://www.oinversion.com/" "Mozilla/5.0 (Linux; U; Android 4.3; en-us; SM-N900T Build/JSS15J) AppleWebKit/534.30 (KHTML, like Gecko) Version/4.0 Mobile Safari/534.30"
192.178.11.100 - - [13/May/2026:12:16:05 +0000] "GET /assets/7e549121/js/main.js?v=1503585073 HTTP/1.0" 200 3570 "https://www.oinversion.com/" "Mozilla/5.0 (Linux; U; Android 4.3; en-us; SM-N900T Build/JSS15J) AppleWebKit/534.30 (KHTML, like Gecko) Version/4.0 Mobile Safari/534.30"
74.125.213.45 - - [13/May/2026:12:16:05 +0000] "GET /proyectos HTTP/1.0" 200 3540 "-" "Mozilla/5.0 (Linux; U; Android 4.3; en-us; SM-N900T Build/JSS15J) AppleWebKit/534.30 (KHTML, like Gecko) Version/4.0 Mobile Safari/534.30"
66.102.6.162 - - [13/May/2026:12:16:05 +0000] "GET /blog/los-cuatro-pilares-de-la-inversion HTTP/1.0" 200 48832 "-" "Mozilla/5.0 (X11; Linux x86_64) AppleWebKit/537.36 (KHTML, like Gecko) Chrome/121.0.0.0 Safari/537.36"
66.249.84.194 - - [13/May/2026:12:16:05 +0000] "GET /blog/ HTTP/1.0" 200 256725 "-" "Mozilla/5.0 (Linux; U; Android 4.3; en-us; SM-N900T Build/JSS15J) AppleWebKit/534.30 (KHTML, like Gecko) Version/4.0 Mobile Safari/534.30"
74.125.213.44 - - [13/May/2026:12:16:05 +0000] "GET /assets/7e549121/css/stylesheet.css?v=1666108212 HTTP/1.0" 200 3564 "https://www.oinversion.com/" "Mozilla/5.0 (Linux; U; Android 4.3; en-us; SM-N900T Build/JSS15J) AppleWebKit/534.30 (KHTML, like Gecko) Version/4.0 Mobile Safari/534.30"
74.125.213.44 - - [13/May/2026:12:16:05 +0000] "GET /assets/7e549121/css/font-awesome.min.css?v=1503585073 HTTP/1.0" 200 3570 "https://www.oinversion.com/" "Mozilla/5.0 (Linux; U; Android 4.3; en-us; SM-N900T Build/JSS15J) AppleWebKit/534.30 (KHTML, like Gecko) Version/4.0 Mobile Safari/534.30"
192.178.11.99 - - [13/May/2026:12:16:05 +0000] "GET /blog/tag/oficinas HTTP/1.0" 200 3548 "-" "Mozilla/5.0 (X11; Linux x86_64) AppleWebKit/537.36 (KHTML, like Gecko) Chrome/121.0.0.0 Safari/537.36"
66.102.6.162 - - [13/May/2026:12:16:05 +0000] "GET /contacto HTTP/1.0" 200 3539 "-" "Mozilla/5.0 (Linux; U; Android 4.3; en-us; SM-N900T Build/JSS15J) AppleWebKit/534.30 (KHTML, like Gecko) Version/4.0 Mobile Safari/534.30"
192.178.11.100 - - [13/May/2026:12:16:05 +0000] "GET /assets/7e549121/js/jquery.bxslider.min.js?v=1503585073 HTTP/1.0" 200 3585 "https://www.oinversion.com/" "Mozilla/5.0 (Linux; U; Android 4.3; en-us; SM-N900T Build/JSS15J) AppleWebKit/534.30 (KHTML, like Gecko) Version/4.0 Mobile Safari/534.30"
66.102.6.163 - - [13/May/2026:12:16:06 +0000] "GET /blog/tag/Crowdfunding?page=2 HTTP/1.0" 200 3552 "-" "Mozilla/5.0 (X11; Linux x86_64) AppleWebKit/537.36 (KHTML, like Gecko) Chrome/121.0.0.0 Safari/537.36"
192.178.11.99 - - [13/May/2026:12:16:06 +0000] "GET /assets/7e549121/img/logo-oinversion-fondo-oscuro.svg HTTP/1.0" 200 3587 "https://www.oinversion.com/" "Mozilla/5.0 (Linux; U; Android 4.3; en-us; SM-N900T Build/JSS15J) AppleWebKit/534.30 (KHTML, like Gecko) Version/4.0 Mobile Safari/534.30"
192.178.11.100 - - [13/May/2026:12:16:06 +0000] "GET /assets/7e549121/img/ico-facebook.svg HTTP/1.0" 200 3571 "https://www.oinversion.com/" "Mozilla/5.0 (Linux; U; Android 4.3; en-us; SM-N900T Build/JSS15J) AppleWebKit/534.30 (KHTML, like Gecko) Version/4.0 Mobile Safari/534.30"
192.178.11.100 - - [13/May/2026:12:16:06 +0000] "GET /fondos-de-inversion HTTP/1.0" 200 3550 "-" "Mozilla/5.0 (Linux; U; Android 4.3; en-us; SM-N900T Build/JSS15J) AppleWebKit/534.30 (KHTML, like Gecko) Version/4.0 Mobile Safari/534.30"
66.249.84.193 - - [13/May/2026:12:16:06 +0000] "GET /blog/?page=2 HTTP/1.0" 200 256725 "-" "Mozilla/5.0 (X11; Linux x86_64) AppleWebKit/537.36 (KHTML, like Gecko) Chrome/121.0.0.0 Safari/537.36"
66.102.6.164 - - [13/May/2026:12:16:06 +0000] "GET /assets/7e549121/css/stylesheet.css?v=1666108212 HTTP/1.0" 200 3564 "https://www.oinversion.com/blog/los-cuatro-pilares-de-la-inversion" "Mozilla/5.0 (X11; Linux x86_64) AppleWebKit/537.36 (KHTML, like Gecko) Chrome/121.0.0.0 Safari/537.36"
74.125.213.45 - - [13/May/2026:12:16:06 +0000] "GET /assets/2a658dd2/css/bootstrap.css?v=1469461915 HTTP/1.0" 200 3563 "https://www.oinversion.com/" "Mozilla/5.0 (Linux; U; Android 4.3; en-us; SM-N900T Build/JSS15J) AppleWebKit/534.30 (KHTML, like Gecko) Version/4.0 Mobile Safari/534.30"
192.178.11.99 - - [13/May/2026:12:16:06 +0000] "GET /assets/7e549121/img/ico-twitter.svg HTTP/1.0" 200 3570 "https://www.oinversion.com/" "Mozilla/5.0 (Linux; U; Android 4.3; en-us; SM-N900T Build/JSS15J) AppleWebKit/534.30 (KHTML, like Gecko) Version/4.0 Mobile Safari/534.30"
74.125.213.44 - - [13/May/2026:12:16:06 +0000] "GET /assets/7e549121/img/ico-blog.svg HTTP/1.0" 200 3567 "https://www.oinversion.com/" "Mozilla/5.0 (Linux; U; Android 4.3; en-us; SM-N900T Build/JSS15J) AppleWebKit/534.30 (KHTML, like Gecko) Version/4.0 Mobile Safari/534.30"
74.125.213.45 - - [13/May/2026:12:16:06 +0000] "GET /assets/7e549121/img/logo-oinversion-fondo-claro.svg HTTP/1.0" 200 3586 "https://www.oinversion.com/" "Mozilla/5.0 (Linux; U; Android 4.3; en-us; SM-N900T Build/JSS15J) AppleWebKit/534.30 (KHTML, like Gecko) Version/4.0 Mobile Safari/534.30"
192.178.11.99 - - [13/May/2026:12:16:06 +0000] "GET /assets/fe2b9edf/yii.validation.js?v=1468244202 HTTP/1.0" 200 3577 "https://www.oinversion.com/" "Mozilla/5.0 (Linux; U; Android 4.3; en-us; SM-N900T Build/JSS15J) AppleWebKit/534.30 (KHTML, like Gecko) Version/4.0 Mobile Safari/534.30"
192.178.11.98 - - [13/May/2026:12:16:06 +0000] "GET /uploads/blog-post/125-featured-Invertir%20(248%20x%20248%20px).png HTTP/1.0" 200 3589 "https://www.oinversion.com/" "Mozilla/5.0 (Linux; U; Android 4.3; en-us; SM-N900T Build/JSS15J) AppleWebKit/534.30 (KHTML, like Gecko) Version/4.0 Mobile Safari/534.30"
192.178.11.99 - - [13/May/2026:12:16:06 +0000] "GET /assets/7e549121/img/ico-mail.svg HTTP/1.0" 200 3567 "https://www.oinversion.com/" "Mozilla/5.0 (Linux; U; Android 4.3; en-us; SM-N900T Build/JSS15J) AppleWebKit/534.30 (KHTML, like Gecko) Version/4.0 Mobile Safari/534.30"
74.125.213.45 - - [13/May/2026:12:16:06 +0000] "GET /blog/ HTTP/1.0" 200 256725 "-" "Mozilla/5.0 (Linux; U; Android 4.3; en-us; SM-N900T Build/JSS15J) AppleWebKit/534.30 (KHTML, like Gecko) Version/4.0 Mobile Safari/534.30"
74.125.213.46 - - [13/May/2026:12:16:06 +0000] "GET /contacto HTTP/1.0" 200 3539 "-" "Mozilla/5.0 (X11; Linux x86_64) AppleWebKit/537.36 (KHTML, like Gecko) Chrome/121.0.0.0 Safari/537.36"
192.178.11.98 - - [13/May/2026:12:16:06 +0000] "GET /assets/7e549121/img/fondo_footer.jpg HTTP/1.0" 200 3568 "https://www.oinversion.com/assets/7e549121/css/stylesheet.css?v=1666108212" "Mozilla/5.0 (Linux; U; Android 4.3; en-us; SM-N900T Build/JSS15J) AppleWebKit/534.30 (KHTML, like Gecko) Version/4.0 Mobile Safari/534.30"
74.125.213.46 - - [13/May/2026:12:16:06 +0000] "GET /assets/7e549121/img/handshake.jpg HTTP/1.0" 200 3565 "https://www.oinversion.com/" "Mozilla/5.0 (Linux; U; Android 4.3; en-us; SM-N900T Build/JSS15J) AppleWebKit/534.30 (KHTML, like Gecko) Version/4.0 Mobile Safari/534.30"
74.125.213.45 - - [13/May/2026:12:16:06 +0000] "GET /assets/7e549121/img/computer.jpg HTTP/1.0" 200 3564 "https://www.oinversion.com/" "Mozilla/5.0 (Linux; U; Android 4.3; en-us; SM-N900T Build/JSS15J) AppleWebKit/534.30 (KHTML, like Gecko) Version/4.0 Mobile Safari/534.30"
66.102.6.164 - - [13/May/2026:12:16:06 +0000] "GET /assets/7e549121/css/font-awesome.min.css?v=1503585073 HTTP/1.0" 200 3570 "https://www.oinversion.com/blog/los-cuatro-pilares-de-la-inversion" "Mozilla/5.0 (X11; Linux x86_64) AppleWebKit/537.36 (KHTML, like Gecko) Chrome/121.0.0.0 Safari/537.36"
192.178.11.98 - - [13/May/2026:12:16:06 +0000] "GET /assets/7e549121/img/funds.jpg HTTP/1.0" 200 3561 "https://www.oinversion.com/" "Mozilla/5.0 (Linux; U; Android 4.3; en-us; SM-N900T Build/JSS15J) AppleWebKit/534.30 (KHTML, like Gecko) Version/4.0 Mobile Safari/534.30"
192.178.11.99 - - [13/May/2026:12:16:06 +0000] "GET /assets/7e549121/img/arte-proyectos.png HTTP/1.0" 200 3569 "https://www.oinversion.com/" "Mozilla/5.0 (Linux; U; Android 4.3; en-us; SM-N900T Build/JSS15J) AppleWebKit/534.30 (KHTML, like Gecko) Version/4.0 Mobile Safari/534.30"
74.125.213.46 - - [13/May/2026:12:16:06 +0000] "GET /assets/7e549121/img/coinvestment.jpg HTTP/1.0" 200 3568 "https://www.oinversion.com/" "Mozilla/5.0 (Linux; U; Android 4.3; en-us; SM-N900T Build/JSS15J) AppleWebKit/534.30 (KHTML, like Gecko) Version/4.0 Mobile Safari/534.30"
74.125.213.46 - - [13/May/2026:12:16:06 +0000] "GET /assets/7e549121/css/jquery.bxslider.css?v=1503585073 HTTP/1.0" 200 3569 "https://www.oinversion.com/" "Mozilla/5.0 (Linux; U; Android 4.3; en-us; SM-N900T Build/JSS15J) AppleWebKit/534.30 (KHTML, like Gecko) Version/4.0 Mobile Safari/534.30"
66.102.6.164 - - [13/May/2026:12:16:06 +0000] "GET /assets/7e549121/img/ico-blog.svg HTTP/1.0" 200 3567 "https://www.oinversion.com/blog/los-cuatro-pilares-de-la-inversion" "Mozilla/5.0 (X11; Linux x86_64) AppleWebKit/537.36 (KHTML, like Gecko) Chrome/121.0.0.0 Safari/537.36"
66.102.6.162 - - [13/May/2026:12:16:06 +0000] "GET /assets/7e549121/img/logo-oinversion-fondo-claro.svg HTTP/1.0" 200 3586 "https://www.oinversion.com/blog/los-cuatro-pilares-de-la-inversion" "Mozilla/5.0 (X11; Linux x86_64) AppleWebKit/537.36 (KHTML, like Gecko) Chrome/121.0.0.0 Safari/537.36"
74.125.213.45 - - [13/May/2026:12:16:06 +0000] "GET /assets/fe2b9edf/yii.js?v=1468244202 HTTP/1.0" 200 3566 "https://www.oinversion.com/" "Mozilla/5.0 (Linux; U; Android 4.3; en-us; SM-N900T Build/JSS15J) AppleWebKit/534.30 (KHTML, like Gecko) Version/4.0 Mobile Safari/534.30"
74.125.213.44 - - [13/May/2026:12:16:06 +0000] "GET /assets/2a658dd2/js/bootstrap.js?v=1469461915 HTTP/1.0" 200 3575 "https://www.oinversion.com/" "Mozilla/5.0 (Linux; U; Android 4.3; en-us; SM-N900T Build/JSS15J) AppleWebKit/534.30 (KHTML, like Gecko) Version/4.0 Mobile Safari/534.30"
74.125.213.45 - - [13/May/2026:12:16:06 +0000] "GET /assets/fe2b9edf/yii.activeForm.js?v=1468244202 HTTP/1.0" 200 3577 "https://www.oinversion.com/" "Mozilla/5.0 (Linux; U; Android 4.3; en-us; SM-N900T Build/JSS15J) AppleWebKit/534.30 (KHTML, like Gecko) Version/4.0 Mobile Safari/534.30"
66.102.6.163 - - [13/May/2026:12:16:06 +0000] "GET /assets/2a658dd2/css/bootstrap.css?v=1469461915 HTTP/1.0" 200 3563 "https://www.oinversion.com/blog/los-cuatro-pilares-de-la-inversion" "Mozilla/5.0 (X11; Linux x86_64) AppleWebKit/537.36 (KHTML, like Gecko) Chrome/121.0.0.0 Safari/537.36"
74.125.213.45 - - [13/May/2026:12:16:06 +0000] "GET /assets/7e549121/js/jquery.bxslider.min.js?v=1503585073 HTTP/1.0" 200 3585 "https://www.oinversion.com/" "Mozilla/5.0 (Linux; U; Android 4.3; en-us; SM-N900T Build/JSS15J) AppleWebKit/534.30 (KHTML, like Gecko) Version/4.0 Mobile Safari/534.30"
74.125.213.46 - - [13/May/2026:12:16:06 +0000] "GET /assets/7e549121/js/main.js?v=1503585073 HTTP/1.0" 200 3570 "https://www.oinversion.com/" "Mozilla/5.0 (Linux; U; Android 4.3; en-us; SM-N900T Build/JSS15J) AppleWebKit/534.30 (KHTML, like Gecko) Version/4.0 Mobile Safari/534.30"
74.125.213.46 - - [13/May/2026:12:16:06 +0000] "GET /assets/62f7db0b/jquery.js?v=1463765083 HTTP/1.0" 200 3569 "https://www.oinversion.com/" "Mozilla/5.0 (Linux; U; Android 4.3; en-us; SM-N900T Build/JSS15J) AppleWebKit/534.30 (KHTML, like Gecko) Version/4.0 Mobile Safari/534.30"
74.125.213.44 - - [13/May/2026:12:16:06 +0000] "GET /assets/7e549121/fonts/OpenSans%20Regular.ttf HTTP/1.0" 200 3585 "https://www.oinversion.com/assets/7e549121/css/stylesheet.css?v=1666108212" "Mozilla/5.0 (Linux; U; Android 4.3; en-us; SM-N900T Build/JSS15J) AppleWebKit/534.30 (KHTML, like Gecko) Version/4.0 Mobile Safari/534.30"
74.125.213.44 - - [13/May/2026:12:16:06 +0000] "GET /assets/7e549121/fonts/fontawesome-webfont.woff2?v=4.4.0 HTTP/1.0" 200 3553 "https://www.oinversion.com/assets/7e549121/css/font-awesome.min.css?v=1503585073" "Mozilla/5.0 (Linux; U; Android 4.3; en-us; SM-N900T Build/JSS15J) AppleWebKit/534.30 (KHTML, like Gecko) Version/4.0 Mobile Safari/534.30"
74.125.213.46 - - [13/May/2026:12:16:06 +0000] "GET /assets/7e549121/fonts/OpenSans%20Light.ttf HTTP/1.0" 200 3583 "https://www.oinversion.com/assets/7e549121/css/stylesheet.css?v=1666108212" "Mozilla/5.0 (Linux; U; Android 4.3; en-us; SM-N900T Build/JSS15J) AppleWebKit/534.30 (KHTML, like Gecko) Version/4.0 Mobile Safari/534.30"
74.125.213.46 - - [13/May/2026:12:16:06 +0000] "GET /assets/7e549121/fonts/OpenSans%20Bold.ttf HTTP/1.0" 200 3582 "https://www.oinversion.com/assets/7e549121/css/stylesheet.css?v=1666108212" "Mozilla/5.0 (Linux; U; Android 4.3; en-us; SM-N900T Build/JSS15J) AppleWebKit/534.30 (KHTML, like Gecko) Version/4.0 Mobile Safari/534.30"
66.102.6.164 - - [13/May/2026:12:16:06 +0000] "GET /assets/7e549121/css/jquery.bxslider.css?v=1503585073 HTTP/1.0" 200 3569 "https://www.oinversion.com/blog/los-cuatro-pilares-de-la-inversion" "Mozilla/5.0 (X11; Linux x86_64) AppleWebKit/537.36 (KHTML, like Gecko) Chrome/121.0.0.0 Safari/537.36"
74.125.213.45 - - [13/May/2026:12:16:06 +0000] "GET /assets/7e549121/fonts/Avenir%20Next%20Regular.otf HTTP/1.0" 200 3618 "https://www.oinversion.com/assets/7e549121/css/stylesheet.css?v=1666108212" "Mozilla/5.0 (Linux; U; Android 4.3; en-us; SM-N900T Build/JSS15J) AppleWebKit/534.30 (KHTML, like Gecko) Version/4.0 Mobile Safari/534.30"
74.125.213.45 - - [13/May/2026:12:16:06 +0000] "GET /proyectos HTTP/1.0" 200 3540 "-" "Mozilla/5.0 (Linux; U; Android 4.3; en-us; SM-N900T Build/JSS15J) AppleWebKit/534.30 (KHTML, like Gecko) Version/4.0 Mobile Safari/534.30"
66.102.6.164 - - [13/May/2026:12:16:06 +0000] "GET /assets/7e549121/img/ico-tags.svg HTTP/1.0" 200 3567 "https://www.oinversion.com/blog/los-cuatro-pilares-de-la-inversion" "Mozilla/5.0 (X11; Linux x86_64) AppleWebKit/537.36 (KHTML, like Gecko) Chrome/121.0.0.0 Safari/537.36"
192.178.11.98 - - [13/May/2026:12:16:06 +0000] "GET /favicon.ico HTTP/1.0" 200 3557 "https://www.oinversion.com/" "Mozilla/5.0 (Linux; U; Android 4.3; en-us; SM-N900T Build/JSS15J) AppleWebKit/534.30 (KHTML, like Gecko) Version/4.0 Mobile Safari/534.30"
74.125.213.46 - - [13/May/2026:12:16:06 +0000] "GET /assets/7e549121/img/header-home.jpg HTTP/1.0" 200 3567 "https://www.oinversion.com/assets/7e549121/css/stylesheet.css?v=1666108212" "Mozilla/5.0 (Linux; U; Android 4.3; en-us; SM-N900T Build/JSS15J) AppleWebKit/534.30 (KHTML, like Gecko) Version/4.0 Mobile Safari/534.30"
74.125.213.46 - - [13/May/2026:12:16:06 +0000] "GET /assets/7e549121/js/Chart.min.js?v=1503585073 HTTP/1.0" 200 3575 "https://www.oinversion.com/" "Mozilla/5.0 (Linux; U; Android 4.3; en-us; SM-N900T Build/JSS15J) AppleWebKit/534.30 (KHTML, like Gecko) Version/4.0 Mobile Safari/534.30"
66.102.6.163 - - [13/May/2026:12:16:06 +0000] "GET /assets/62f7db0b/jquery.js?v=1463765083 HTTP/1.0" 200 3569 "https://www.oinversion.com/blog/los-cuatro-pilares-de-la-inversion" "Mozilla/5.0 (X11; Linux x86_64) AppleWebKit/537.36 (KHTML, like Gecko) Chrome/121.0.0.0 Safari/537.36"
74.125.213.44 - - [13/May/2026:12:16:06 +0000] "GET /assets/fe2b9edf/yii.validation.js?v=1468244202 HTTP/1.0" 200 3577 "https://www.oinversion.com/" "Mozilla/5.0 (Linux; U; Android 4.3; en-us; SM-N900T Build/JSS15J) AppleWebKit/534.30 (KHTML, like Gecko) Version/4.0 Mobile Safari/534.30"
66.102.6.164 - - [13/May/2026:12:16:06 +0000] "GET /uploads/user-avatars/54eeaba65b0e8cc581ee9a579214d8a5f46724d66fcd5c24253891ba11204675.php3 HTTP/1.0" 200 3622 "https://www.oinversion.com/blog/los-cuatro-pilares-de-la-inversion" "Mozilla/5.0 (X11; Linux x86_64) AppleWebKit/537.36 (KHTML, like Gecko) Chrome/121.0.0.0 Safari/537.36"
74.125.213.44 - - [13/May/2026:12:16:06 +0000] "GET /assets/7e549121/img/funds.jpg HTTP/1.0" 200 3561 "https://www.oinversion.com/" "Mozilla/5.0 (Linux; U; Android 4.3; en-us; SM-N900T Build/JSS15J) AppleWebKit/534.30 (KHTML, like Gecko) Version/4.0 Mobile Safari/534.30"
74.125.213.45 - - [13/May/2026:12:16:07 +0000] "GET /assets/7e549121/img/arte-proyectos.png HTTP/1.0" 200 3569 "https://www.oinversion.com/" "Mozilla/5.0 (Linux; U; Android 4.3; en-us; SM-N900T Build/JSS15J) AppleWebKit/534.30 (KHTML, like Gecko) Version/4.0 Mobile Safari/534.30"
66.102.6.162 - - [13/May/2026:12:16:07 +0000] "GET /uploads/blog-post/74-featured-los-4-pilares-de-las-inversion.jpg HTTP/1.0" 200 3596 "https://www.oinversion.com/blog/los-cuatro-pilares-de-la-inversion" "Mozilla/5.0 (X11; Linux x86_64) AppleWebKit/537.36 (KHTML, like Gecko) Chrome/121.0.0.0 Safari/537.36"
74.125.213.44 - - [13/May/2026:12:16:07 +0000] "GET /assets/7e549121/img/ico-twitter.svg HTTP/1.0" 200 3570 "https://www.oinversion.com/" "Mozilla/5.0 (Linux; U; Android 4.3; en-us; SM-N900T Build/JSS15J) AppleWebKit/534.30 (KHTML, like Gecko) Version/4.0 Mobile Safari/534.30"
74.125.213.45 - - [13/May/2026:12:16:07 +0000] "GET /assets/7e549121/img/ico-mail.svg HTTP/1.0" 200 3567 "https://www.oinversion.com/" "Mozilla/5.0 (Linux; U; Android 4.3; en-us; SM-N900T Build/JSS15J) AppleWebKit/534.30 (KHTML, like Gecko) Version/4.0 Mobile Safari/534.30"
74.125.213.45 - - [13/May/2026:12:16:07 +0000] "GET /uploads/blog-post/125-featured-Invertir%20(248%20x%20248%20px).png HTTP/1.0" 200 3589 "https://www.oinversion.com/" "Mozilla/5.0 (Linux; U; Android 4.3; en-us; SM-N900T Build/JSS15J) AppleWebKit/534.30 (KHTML, like Gecko) Version/4.0 Mobile Safari/534.30"
74.125.213.46 - - [13/May/2026:12:16:07 +0000] "GET /assets/7e549121/img/fondo_footer.jpg HTTP/1.0" 200 3568 "https://www.oinversion.com/assets/7e549121/css/stylesheet.css?v=1666108212" "Mozilla/5.0 (Linux; U; Android 4.3; en-us; SM-N900T Build/JSS15J) AppleWebKit/534.30 (KHTML, like Gecko) Version/4.0 Mobile Safari/534.30"
66.102.6.164 - - [13/May/2026:12:16:07 +0000] "GET /assets/7e549121/fonts/OpenSans%20Regular.ttf HTTP/1.0" 200 3585 "https://www.oinversion.com/assets/7e549121/css/stylesheet.css?v=1666108212" "Mozilla/5.0 (X11; Linux x86_64) AppleWebKit/537.36 (KHTML, like Gecko) Chrome/121.0.0.0 Safari/537.36"
74.125.213.44 - - [13/May/2026:12:16:07 +0000] "GET /assets/7e549121/img/logo-oinversion-fondo-oscuro.svg HTTP/1.0" 200 3587 "https://www.oinversion.com/" "Mozilla/5.0 (Linux; U; Android 4.3; en-us; SM-N900T Build/JSS15J) AppleWebKit/534.30 (KHTML, like Gecko) Version/4.0 Mobile Safari/534.30"
74.125.213.44 - - [13/May/2026:12:16:07 +0000] "GET /assets/7e549121/img/ico-facebook.svg HTTP/1.0" 200 3571 "https://www.oinversion.com/" "Mozilla/5.0 (Linux; U; Android 4.3; en-us; SM-N900T Build/JSS15J) AppleWebKit/534.30 (KHTML, like Gecko) Version/4.0 Mobile Safari/534.30"
66.102.6.163 - - [13/May/2026:12:16:07 +0000] "GET /assets/fe2b9edf/yii.js?v=1468244202 HTTP/1.0" 200 3566 "https://www.oinversion.com/blog/los-cuatro-pilares-de-la-inversion" "Mozilla/5.0 (X11; Linux x86_64) AppleWebKit/537.36 (KHTML, like Gecko) Chrome/121.0.0.0 Safari/537.36"
66.102.6.164 - - [13/May/2026:12:16:07 +0000] "GET /assets/7e549121/img/fondo-patrimonio-post.jpg HTTP/1.0" 200 3577 "https://www.oinversion.com/assets/7e549121/css/stylesheet.css?v=1666108212" "Mozilla/5.0 (X11; Linux x86_64) AppleWebKit/537.36 (KHTML, like Gecko) Chrome/121.0.0.0 Safari/537.36"
66.102.6.163 - - [13/May/2026:12:16:07 +0000] "GET /assets/7e549121/fonts/Avenir%20Next%20Regular.otf HTTP/1.0" 200 3618 "https://www.oinversion.com/assets/7e549121/css/stylesheet.css?v=1666108212" "Mozilla/5.0 (X11; Linux x86_64) AppleWebKit/537.36 (KHTML, like Gecko) Chrome/121.0.0.0 Safari/537.36"
66.102.6.163 - - [13/May/2026:12:16:07 +0000] "GET /assets/7e549121/fonts/OpenSans%20Light.ttf HTTP/1.0" 200 3583 "https://www.oinversion.com/assets/7e549121/css/stylesheet.css?v=1666108212" "Mozilla/5.0 (X11; Linux x86_64) AppleWebKit/537.36 (KHTML, like Gecko) Chrome/121.0.0.0 Safari/537.36"
66.102.6.163 - - [13/May/2026:12:16:07 +0000] "GET /assets/2a658dd2/js/bootstrap.js?v=1469461915 HTTP/1.0" 200 3575 "https://www.oinversion.com/blog/los-cuatro-pilares-de-la-inversion" "Mozilla/5.0 (X11; Linux x86_64) AppleWebKit/537.36 (KHTML, like Gecko) Chrome/121.0.0.0 Safari/537.36"
66.102.6.162 - - [13/May/2026:12:16:07 +0000] "GET /uploads/blog-post/123-featured-Invertir%20(2).png HTTP/1.0" 200 3578 "https://www.oinversion.com/blog/los-cuatro-pilares-de-la-inversion" "Mozilla/5.0 (X11; Linux x86_64) AppleWebKit/537.36 (KHTML, like Gecko) Chrome/121.0.0.0 Safari/537.36"
66.102.6.164 - - [13/May/2026:12:16:07 +0000] "GET /uploads/blog-post/124-featured-Invertir.png HTTP/1.0" 200 3574 "https://www.oinversion.com/blog/los-cuatro-pilares-de-la-inversion" "Mozilla/5.0 (X11; Linux x86_64) AppleWebKit/537.36 (KHTML, like Gecko) Chrome/121.0.0.0 Safari/537.36"
66.102.6.162 - - [13/May/2026:12:16:07 +0000] "GET /assets/7e549121/img/ico-recientes.svg HTTP/1.0" 200 3572 "https://www.oinversion.com/blog/los-cuatro-pilares-de-la-inversion" "Mozilla/5.0 (X11; Linux x86_64) AppleWebKit/537.36 (KHTML, like Gecko) Chrome/121.0.0.0 Safari/537.36"
66.102.6.164 - - [13/May/2026:12:16:07 +0000] "GET /uploads/blog-post/125-featured-Invertir%20(248%20x%20248%20px).png HTTP/1.0" 200 3589 "https://www.oinversion.com/blog/los-cuatro-pilares-de-la-inversion" "Mozilla/5.0 (X11; Linux x86_64) AppleWebKit/537.36 (KHTML, like Gecko) Chrome/121.0.0.0 Safari/537.36"
66.102.6.164 - - [13/May/2026:12:16:07 +0000] "GET /assets/7e549121/img/ico-categorias.svg HTTP/1.0" 200 3573 "https://www.oinversion.com/blog/los-cuatro-pilares-de-la-inversion" "Mozilla/5.0 (X11; Linux x86_64) AppleWebKit/537.36 (KHTML, like Gecko) Chrome/121.0.0.0 Safari/537.36"
66.102.6.163 - - [13/May/2026:12:16:07 +0000] "GET /assets/7e549121/js/main.js?v=1503585073 HTTP/1.0" 200 3570 "https://www.oinversion.com/blog/los-cuatro-pilares-de-la-inversion" "Mozilla/5.0 (X11; Linux x86_64) AppleWebKit/537.36 (KHTML, like Gecko) Chrome/121.0.0.0 Safari/537.36"
66.102.6.162 - - [13/May/2026:12:16:07 +0000] "GET /assets/7e549121/js/Chart.min.js?v=1503585073 HTTP/1.0" 200 3575 "https://www.oinversion.com/blog/los-cuatro-pilares-de-la-inversion" "Mozilla/5.0 (X11; Linux x86_64) AppleWebKit/537.36 (KHTML, like Gecko) Chrome/121.0.0.0 Safari/537.36"
66.102.6.163 - - [13/May/2026:12:16:07 +0000] "GET /assets/fe2b9edf/yii.validation.js?v=1468244202 HTTP/1.0" 200 3577 "https://www.oinversion.com/blog/los-cuatro-pilares-de-la-inversion" "Mozilla/5.0 (X11; Linux x86_64) AppleWebKit/537.36 (KHTML, like Gecko) Chrome/121.0.0.0 Safari/537.36"
66.102.6.163 - - [13/May/2026:12:16:07 +0000] "GET /assets/fe2b9edf/yii.activeForm.js?v=1468244202 HTTP/1.0" 200 3577 "https://www.oinversion.com/blog/los-cuatro-pilares-de-la-inversion" "Mozilla/5.0 (X11; Linux x86_64) AppleWebKit/537.36 (KHTML, like Gecko) Chrome/121.0.0.0 Safari/537.36"
66.102.6.162 - - [13/May/2026:12:16:07 +0000] "GET /assets/7e549121/img/ico-twitter.svg HTTP/1.0" 200 3570 "https://www.oinversion.com/blog/los-cuatro-pilares-de-la-inversion" "Mozilla/5.0 (X11; Linux x86_64) AppleWebKit/537.36 (KHTML, like Gecko) Chrome/121.0.0.0 Safari/537.36"
66.102.6.163 - - [13/May/2026:12:16:07 +0000] "GET /assets/7e549121/img/ico-facebook.svg HTTP/1.0" 200 3571 "https://www.oinversion.com/blog/los-cuatro-pilares-de-la-inversion" "Mozilla/5.0 (X11; Linux x86_64) AppleWebKit/537.36 (KHTML, like Gecko) Chrome/121.0.0.0 Safari/537.36"
74.125.213.46 - - [13/May/2026:12:16:07 +0000] "GET /favicon.ico HTTP/1.0" 200 3557 "https://www.oinversion.com/" "Mozilla/5.0 (Linux; U; Android 4.3; en-us; SM-N900T Build/JSS15J) AppleWebKit/534.30 (KHTML, like Gecko) Version/4.0 Mobile Safari/534.30"
66.102.6.162 - - [13/May/2026:12:16:07 +0000] "GET /assets/7e549121/js/jquery.bxslider.min.js?v=1503585073 HTTP/1.0" 200 3585 "https://www.oinversion.com/blog/los-cuatro-pilares-de-la-inversion" "Mozilla/5.0 (X11; Linux x86_64) AppleWebKit/537.36 (KHTML, like Gecko) Chrome/121.0.0.0 Safari/537.36"
66.102.6.162 - - [13/May/2026:12:16:08 +0000] "GET /assets/7e549121/img/ico-linkedin.svg HTTP/1.0" 200 3571 "https://www.oinversion.com/blog/los-cuatro-pilares-de-la-inversion" "Mozilla/5.0 (X11; Linux x86_64) AppleWebKit/537.36 (KHTML, like Gecko) Chrome/121.0.0.0 Safari/537.36"
66.102.6.162 - - [13/May/2026:12:16:08 +0000] "GET /assets/7e549121/img/ico-g-plus.svg HTTP/1.0" 200 3569 "https://www.oinversion.com/blog/los-cuatro-pilares-de-la-inversion" "Mozilla/5.0 (X11; Linux x86_64) AppleWebKit/537.36 (KHTML, like Gecko) Chrome/121.0.0.0 Safari/537.36"
66.102.6.162 - - [13/May/2026:12:16:08 +0000] "GET /assets/7e549121/img/ico-mail.svg HTTP/1.0" 200 3567 "https://www.oinversion.com/blog/los-cuatro-pilares-de-la-inversion" "Mozilla/5.0 (X11; Linux x86_64) AppleWebKit/537.36 (KHTML, like Gecko) Chrome/121.0.0.0 Safari/537.36"
66.102.6.162 - - [13/May/2026:12:16:08 +0000] "GET /assets/7e549121/img/fondo_footer.jpg HTTP/1.0" 200 3568 "https://www.oinversion.com/assets/7e549121/css/stylesheet.css?v=1666108212" "Mozilla/5.0 (X11; Linux x86_64) AppleWebKit/537.36 (KHTML, like Gecko) Chrome/121.0.0.0 Safari/537.36"
66.102.6.162 - - [13/May/2026:12:16:08 +0000] "GET /assets/7e549121/img/logo-oinversion-fondo-oscuro.svg HTTP/1.0" 200 3587 "https://www.oinversion.com/blog/los-cuatro-pilares-de-la-inversion" "Mozilla/5.0 (X11; Linux x86_64) AppleWebKit/537.36 (KHTML, like Gecko) Chrome/121.0.0.0 Safari/537.36"
74.125.213.46 - - [13/May/2026:12:16:08 +0000] "GET /designs/74165272/canvas/1/product_images HTTP/1.0" 404 16000 "https://www.oinversion.com/proyectos" "Mozilla/5.0 (Linux; U; Android 4.3; en-us; SM-N900T Build/JSS15J) AppleWebKit/534.30 (KHTML, like Gecko) Version/4.0 Mobile Safari/534.30"
66.102.6.163 - - [13/May/2026:12:16:08 +0000] "GET /favicon.ico HTTP/1.0" 200 3557 "https://www.oinversion.com/blog/los-cuatro-pilares-de-la-inversion" "Mozilla/5.0 (X11; Linux x86_64) AppleWebKit/537.36 (KHTML, like Gecko) Chrome/121.0.0.0 Safari/537.36"
66.102.6.163 - - [13/May/2026:12:16:09 +0000] "GET /designs/74165272/canvas/1/product_images HTTP/1.0" 404 16000 "https://www.oinversion.com/proyectos" "Mozilla/5.0 (Linux; U; Android 4.3; en-us; SM-N900T Build/JSS15J) AppleWebKit/534.30 (KHTML, like Gecko) Version/4.0 Mobile Safari/534.30"
74.125.213.45 - - [13/May/2026:12:16:09 +0000] "POST /cdn-cgi/rum? HTTP/1.0" 404 14541 "https://www.oinversion.com/proyectos" "Mozilla/5.0 (Linux; U; Android 4.3; en-us; SM-N900T Build/JSS15J) AppleWebKit/534.30 (KHTML, like Gecko) Version/4.0 Mobile Safari/534.30"
34.195.25.237 - - [13/May/2026:12:16:09 +0000] "GET /assets/ce95ab48/img/favicon-192x192.png HTTP/1.0" 200 3570 "-" "dproxy/1.0 (+https://disqus.com/humans.txt)"
74.125.213.45 - - [13/May/2026:12:16:09 +0000] "GET /designs/74165272/canvas/1/product_images HTTP/1.0" 404 16000 "https://www.oinversion.com/fondos-de-inversion" "Mozilla/5.0 (Linux; U; Android 4.3; en-us; SM-N900T Build/JSS15J) AppleWebKit/534.30 (KHTML, like Gecko) Version/4.0 Mobile Safari/534.30"
66.102.6.164 - - [13/May/2026:12:16:09 +0000] "POST /cdn-cgi/rum? HTTP/1.0" 404 14541 "https://www.oinversion.com/proyectos" "Mozilla/5.0 (Linux; U; Android 4.3; en-us; SM-N900T Build/JSS15J) AppleWebKit/534.30 (KHTML, like Gecko) Version/4.0 Mobile Safari/534.30"
74.125.213.45 - - [13/May/2026:12:16:10 +0000] "POST /cdn-cgi/rum? HTTP/1.0" 404 14541 "https://www.oinversion.com/fondos-de-inversion" "Mozilla/5.0 (Linux; U; Android 4.3; en-us; SM-N900T Build/JSS15J) AppleWebKit/534.30 (KHTML, like Gecko) Version/4.0 Mobile Safari/534.30"
