66.102.6.164 - - [13/May/2026:12:16:13 +0000] "POST /clientlog HTTP/1.0" 404 3554 "https://www.oinversion.com/blog/" "Mozilla/5.0 (Linux; U; Android 4.3; en-us; SM-N900T Build/JSS15J) AppleWebKit/534.30 (KHTML, like Gecko) Version/4.0 Mobile Safari/534.30"
66.102.6.163 - - [13/May/2026:12:16:13 +0000] "POST /clientlog HTTP/1.0" 404 3554 "https://www.oinversion.com/blog/" "Mozilla/5.0 (Linux; U; Android 4.3; en-us; SM-N900T Build/JSS15J) AppleWebKit/534.30 (KHTML, like Gecko) Version/4.0 Mobile Safari/534.30"
66.102.6.163 - - [13/May/2026:12:16:13 +0000] "GET /api/v3/ajax/member/users/listings-favorites-collections-map?listing_ids%5B%5D=1790774795 HTTP/1.0" 404 16144 "https://www.oinversion.com/blog/" "Mozilla/5.0 (Linux; U; Android 4.3; en-us; SM-N900T Build/JSS15J) AppleWebKit/534.30 (KHTML, like Gecko) Version/4.0 Mobile Safari/534.30"
66.102.6.164 - - [13/May/2026:12:16:13 +0000] "GET /images/1x1.gif?ch=2&rn=6.677208423614502 HTTP/1.0" 404 14832 "https://www.oinversion.com/blog/" "Mozilla/5.0 (Linux; U; Android 4.3; en-us; SM-N900T Build/JSS15J) AppleWebKit/534.30 (KHTML, like Gecko) Version/4.0 Mobile Safari/534.30"
66.102.6.164 - - [13/May/2026:12:16:13 +0000] "GET /images/1x1.gif?ch=1&rn=6.677208423614502 HTTP/1.0" 404 14832 "https://www.oinversion.com/blog/" "Mozilla/5.0 (Linux; U; Android 4.3; en-us; SM-N900T Build/JSS15J) AppleWebKit/534.30 (KHTML, like Gecko) Version/4.0 Mobile Safari/534.30"
66.102.6.163 - - [13/May/2026:12:16:13 +0000] "POST /clientlog HTTP/1.0" 404 3554 "https://www.oinversion.com/blog/" "Mozilla/5.0 (Linux; U; Android 4.3; en-us; SM-N900T Build/JSS15J) AppleWebKit/534.30 (KHTML, like Gecko) Version/4.0 Mobile Safari/534.30"
66.102.6.163 - - [13/May/2026:12:16:13 +0000] "GET /api/v3/ajax/bespoke/public/neu/specs/catnav-mobile?log_performance_metrics=false&specs%5Bcatnav-mobile%5D%5B%5D=CategoryNav_V2_Mobile_ApiSpec_CategoryNav&specs%5Bcatnav-mobile%5D%5B1%5D%5Bmott_version%5D=761dfd2&specs%5Bcatnav-mobile%5D%5B1%5D%5Bshow_sales%5D=false&specs%5Bcatnav-mobile%5D%5B1%5D%5Bcatnav_gift_guide%5D=off&specs%5Bcatnav-mobile%5D%5B1%5D%5Bgifting_catnav_flyout_js%5D=false&specs%5Bcatnav-mobile%5D%5B1%5D%5Bshould_show_registry_on_nav%5D=false&specs%5Bcatnav-mobile%5D%5B1%5D%5Bshould_use_gifting_taxos_in_nav_flyout%5D=false&specs%5Bcatnav-mobile%5D%5B1%5D%5Blocale%5D=IDR%7Cen-GB%7CID&specs%5Bcatnav-mobile%5D%5B1%5D%5Bshould_use_buyer_taxo%5D=false&runtime_analysis=false HTTP/1.0" 404 3554 "https://www.oinversion.com/blog/" "Mozilla/5.0 (Linux; U; Android 4.3; en-us; SM-N900T Build/JSS15J) AppleWebKit/534.30 (KHTML, like Gecko) Version/4.0 Mobile Safari/534.30"
66.102.6.162 - - [13/May/2026:12:16:13 +0000] "POST /clientlog HTTP/1.0" 404 3554 "https://www.oinversion.com/blog/" "Mozilla/5.0 (Linux; U; Android 4.3; en-us; SM-N900T Build/JSS15J) AppleWebKit/534.30 (KHTML, like Gecko) Version/4.0 Mobile Safari/534.30"
66.102.6.162 - - [13/May/2026:12:16:13 +0000] "POST /cdn-cgi/rum? HTTP/1.0" 404 14541 "https://www.oinversion.com/blog/" "Mozilla/5.0 (Linux; U; Android 4.3; en-us; SM-N900T Build/JSS15J) AppleWebKit/534.30 (KHTML, like Gecko) Version/4.0 Mobile Safari/534.30"
66.102.6.163 - - [13/May/2026:12:16:16 +0000] "POST /clientlog HTTP/1.0" 404 3554 "https://www.oinversion.com/blog/tag/Papel+de+oficinas" "Mozilla/5.0 (X11; Linux x86_64) AppleWebKit/537.36 (KHTML, like Gecko) Chrome/121.0.0.0 Safari/537.36"
66.102.6.162 - - [13/May/2026:12:16:17 +0000] "POST /clientlog HTTP/1.0" 404 3554 "https://www.oinversion.com/blog/tag/Papel+de+oficinas" "Mozilla/5.0 (X11; Linux x86_64) AppleWebKit/537.36 (KHTML, like Gecko) Chrome/121.0.0.0 Safari/537.36"
66.102.6.162 - - [13/May/2026:12:16:17 +0000] "POST /clientlog HTTP/1.0" 404 3554 "https://www.oinversion.com/blog/tag/Papel+de+oficinas" "Mozilla/5.0 (X11; Linux x86_64) AppleWebKit/537.36 (KHTML, like Gecko) Chrome/121.0.0.0 Safari/537.36"
66.102.6.162 - - [13/May/2026:12:16:17 +0000] "GET /images/1x1.gif?ch=1&rn=1.5254745483398438 HTTP/1.0" 404 14835 "https://www.oinversion.com/blog/tag/Papel+de+oficinas" "Mozilla/5.0 (X11; Linux x86_64) AppleWebKit/537.36 (KHTML, like Gecko) Chrome/121.0.0.0 Safari/537.36"
66.102.6.162 - - [13/May/2026:12:16:17 +0000] "GET /api/v3/ajax/member/users/listings-favorites-collections-map?listing_ids%5B%5D=1790774795 HTTP/1.0" 404 16144 "https://www.oinversion.com/blog/tag/Papel+de+oficinas" "Mozilla/5.0 (X11; Linux x86_64) AppleWebKit/537.36 (KHTML, like Gecko) Chrome/121.0.0.0 Safari/537.36"
66.102.6.163 - - [13/May/2026:12:16:17 +0000] "GET /images/1x1.gif?ch=2&rn=1.5254745483398438 HTTP/1.0" 404 14835 "https://www.oinversion.com/blog/tag/Papel+de+oficinas" "Mozilla/5.0 (X11; Linux x86_64) AppleWebKit/537.36 (KHTML, like Gecko) Chrome/121.0.0.0 Safari/537.36"
66.102.6.163 - - [13/May/2026:12:16:17 +0000] "POST /clientlog HTTP/1.0" 404 3554 "https://www.oinversion.com/blog/tag/Papel+de+oficinas" "Mozilla/5.0 (X11; Linux x86_64) AppleWebKit/537.36 (KHTML, like Gecko) Chrome/121.0.0.0 Safari/537.36"
66.102.6.164 - - [13/May/2026:12:16:17 +0000] "GET /api/v3/ajax/bespoke/public/neu/specs/submenu?log_performance_metrics=false&specs%5Bsubmenu%5D%5B%5D=Etsy%5CModules%5CCategoryNav%5CSpecs%5CDropdownCatNav%5CDropdownSubmenu&runtime_analysis=false HTTP/1.0" 404 3554 "https://www.oinversion.com/blog/tag/Papel+de+oficinas" "Mozilla/5.0 (X11; Linux x86_64) AppleWebKit/537.36 (KHTML, like Gecko) Chrome/121.0.0.0 Safari/537.36"
192.178.11.99 - - [13/May/2026:12:16:17 +0000] "GET /assets/7e549121/css/stylesheet.css?v=1666108212 HTTP/1.0" 200 3564 "https://www.oinversion.com/" "Mozilla/5.0 (Linux; U; Android 4.3; en-us; SM-N900T Build/JSS15J) AppleWebKit/534.30 (KHTML, like Gecko) Version/4.0 Mobile Safari/534.30"
192.178.11.99 - - [13/May/2026:12:16:17 +0000] "GET /assets/7e549121/css/font-awesome.min.css?v=1503585073 HTTP/1.0" 200 3570 "https://www.oinversion.com/" "Mozilla/5.0 (Linux; U; Android 4.3; en-us; SM-N900T Build/JSS15J) AppleWebKit/534.30 (KHTML, like Gecko) Version/4.0 Mobile Safari/534.30"
192.178.11.98 - - [13/May/2026:12:16:17 +0000] "GET /assets/2a658dd2/css/bootstrap.css?v=1469461915 HTTP/1.0" 200 3563 "https://www.oinversion.com/" "Mozilla/5.0 (Linux; U; Android 4.3; en-us; SM-N900T Build/JSS15J) AppleWebKit/534.30 (KHTML, like Gecko) Version/4.0 Mobile Safari/534.30"
192.178.11.98 - - [13/May/2026:12:16:17 +0000] "GET /assets/7e549121/css/jquery.bxslider.css?v=1503585073 HTTP/1.0" 200 3569 "https://www.oinversion.com/" "Mozilla/5.0 (Linux; U; Android 4.3; en-us; SM-N900T Build/JSS15J) AppleWebKit/534.30 (KHTML, like Gecko) Version/4.0 Mobile Safari/534.30"
66.102.6.163 - - [13/May/2026:12:16:17 +0000] "POST /cdn-cgi/rum? HTTP/1.0" 404 14541 "https://www.oinversion.com/blog/tag/Papel+de+oficinas" "Mozilla/5.0 (X11; Linux x86_64) AppleWebKit/537.36 (KHTML, like Gecko) Chrome/121.0.0.0 Safari/537.36"
74.125.213.44 - - [13/May/2026:12:16:18 +0000] "GET /assets/7e549121/css/font-awesome.min.css?v=1503585073 HTTP/1.0" 200 3570 "https://www.oinversion.com/" "Mozilla/5.0 (Linux; U; Android 4.3; en-us; SM-N900T Build/JSS15J) AppleWebKit/534.30 (KHTML, like Gecko) Version/4.0 Mobile Safari/534.30"
74.125.213.44 - - [13/May/2026:12:16:18 +0000] "GET /assets/2a658dd2/css/bootstrap.css?v=1469461915 HTTP/1.0" 200 3563 "https://www.oinversion.com/" "Mozilla/5.0 (Linux; U; Android 4.3; en-us; SM-N900T Build/JSS15J) AppleWebKit/534.30 (KHTML, like Gecko) Version/4.0 Mobile Safari/534.30"
74.125.213.46 - - [13/May/2026:12:16:18 +0000] "GET /assets/7e549121/css/jquery.bxslider.css?v=1503585073 HTTP/1.0" 200 3569 "https://www.oinversion.com/" "Mozilla/5.0 (Linux; U; Android 4.3; en-us; SM-N900T Build/JSS15J) AppleWebKit/534.30 (KHTML, like Gecko) Version/4.0 Mobile Safari/534.30"
74.125.213.45 - - [13/May/2026:12:16:18 +0000] "GET /assets/7e549121/css/stylesheet.css?v=1666108212 HTTP/1.0" 200 3564 "https://www.oinversion.com/" "Mozilla/5.0 (Linux; U; Android 4.3; en-us; SM-N900T Build/JSS15J) AppleWebKit/534.30 (KHTML, like Gecko) Version/4.0 Mobile Safari/534.30"
66.102.6.162 - - [13/May/2026:12:16:19 +0000] "GET /assets/7e549121/css/jquery.bxslider.css?v=1503585073 HTTP/1.0" 200 3569 "https://www.oinversion.com/blog/los-cuatro-pilares-de-la-inversion" "Mozilla/5.0 (X11; Linux x86_64) AppleWebKit/537.36 (KHTML, like Gecko) Chrome/121.0.0.0 Safari/537.36"
66.102.6.162 - - [13/May/2026:12:16:19 +0000] "GET /assets/2a658dd2/css/bootstrap.css?v=1469461915 HTTP/1.0" 200 3563 "https://www.oinversion.com/blog/los-cuatro-pilares-de-la-inversion" "Mozilla/5.0 (X11; Linux x86_64) AppleWebKit/537.36 (KHTML, like Gecko) Chrome/121.0.0.0 Safari/537.36"
66.102.6.163 - - [13/May/2026:12:16:19 +0000] "GET /assets/7e549121/css/font-awesome.min.css?v=1503585073 HTTP/1.0" 200 3570 "https://www.oinversion.com/blog/los-cuatro-pilares-de-la-inversion" "Mozilla/5.0 (X11; Linux x86_64) AppleWebKit/537.36 (KHTML, like Gecko) Chrome/121.0.0.0 Safari/537.36"
66.102.6.162 - - [13/May/2026:12:16:19 +0000] "GET /assets/7e549121/css/stylesheet.css?v=1666108212 HTTP/1.0" 200 3564 "https://www.oinversion.com/blog/los-cuatro-pilares-de-la-inversion" "Mozilla/5.0 (X11; Linux x86_64) AppleWebKit/537.36 (KHTML, like Gecko) Chrome/121.0.0.0 Safari/537.36"
66.102.6.163 - - [13/May/2026:12:16:19 +0000] "POST /api/v3/ajax/bespoke/member/neu/specs/listing_async_bottom HTTP/1.0" 404 3554 "https://www.oinversion.com/blog/" "Mozilla/5.0 (Linux; U; Android 4.3; en-us; SM-N900T Build/JSS15J) AppleWebKit/534.30 (KHTML, like Gecko) Version/4.0 Mobile Safari/534.30"
66.102.6.164 - - [13/May/2026:12:16:19 +0000] "POST /api/v3/ajax/bespoke/member/neu/specs/listing_async_bottom_collections HTTP/1.0" 404 3554 "https://www.oinversion.com/blog/" "Mozilla/5.0 (Linux; U; Android 4.3; en-us; SM-N900T Build/JSS15J) AppleWebKit/534.30 (KHTML, like Gecko) Version/4.0 Mobile Safari/534.30"
66.102.6.164 - - [13/May/2026:12:16:19 +0000] "POST /api/v3/ajax/public/statsd HTTP/1.0" 404 15751 "https://www.oinversion.com/blog/" "Mozilla/5.0 (Linux; U; Android 4.3; en-us; SM-N900T Build/JSS15J) AppleWebKit/534.30 (KHTML, like Gecko) Version/4.0 Mobile Safari/534.30"
66.102.6.164 - - [13/May/2026:12:16:20 +0000] "POST /api/v3/ajax/public/statsd HTTP/1.0" 404 15751 "https://www.oinversion.com/blog/" "Mozilla/5.0 (Linux; U; Android 4.3; en-us; SM-N900T Build/JSS15J) AppleWebKit/534.30 (KHTML, like Gecko) Version/4.0 Mobile Safari/534.30"
66.102.6.163 - - [13/May/2026:12:16:20 +0000] "POST /clientlog HTTP/1.0" 404 3554 "https://www.oinversion.com/blog/tag/inmobiliario?page=2" "Mozilla/5.0 (X11; Linux x86_64) AppleWebKit/537.36 (KHTML, like Gecko) Chrome/121.0.0.0 Safari/537.36"
66.102.6.164 - - [13/May/2026:12:16:21 +0000] "GET /images/1x1.gif?ch=2&rn=3.9617717266082764 HTTP/1.0" 404 14835 "https://www.oinversion.com/blog/tag/oficinas" "Mozilla/5.0 (X11; Linux x86_64) AppleWebKit/537.36 (KHTML, like Gecko) Chrome/121.0.0.0 Safari/537.36"
66.102.6.164 - - [13/May/2026:12:16:21 +0000] "POST /clientlog HTTP/1.0" 404 3554 "https://www.oinversion.com/blog/tag/oficinas" "Mozilla/5.0 (X11; Linux x86_64) AppleWebKit/537.36 (KHTML, like Gecko) Chrome/121.0.0.0 Safari/537.36"
66.102.6.162 - - [13/May/2026:12:16:21 +0000] "POST /clientlog HTTP/1.0" 404 3554 "https://www.oinversion.com/blog/tag/inmobiliario?page=2" "Mozilla/5.0 (X11; Linux x86_64) AppleWebKit/537.36 (KHTML, like Gecko) Chrome/121.0.0.0 Safari/537.36"
66.102.6.163 - - [13/May/2026:12:16:21 +0000] "GET /images/1x1.gif?ch=1&rn=3.9617717266082764 HTTP/1.0" 404 14835 "https://www.oinversion.com/blog/tag/oficinas" "Mozilla/5.0 (X11; Linux x86_64) AppleWebKit/537.36 (KHTML, like Gecko) Chrome/121.0.0.0 Safari/537.36"
74.125.213.44 - - [13/May/2026:12:16:21 +0000] "GET /designs/74165272/canvas/1/product_images HTTP/1.0" 404 16000 "https://www.oinversion.com/fondos-de-inversion" "Mozilla/5.0 (Linux; U; Android 4.3; en-us; SM-N900T Build/JSS15J) AppleWebKit/534.30 (KHTML, like Gecko) Version/4.0 Mobile Safari/534.30"
66.102.6.163 - - [13/May/2026:12:16:21 +0000] "GET /api/v3/ajax/member/users/listings-favorites-collections-map?listing_ids%5B%5D=1790774795 HTTP/1.0" 404 16144 "https://www.oinversion.com/blog/tag/inmobiliario?page=2" "Mozilla/5.0 (X11; Linux x86_64) AppleWebKit/537.36 (KHTML, like Gecko) Chrome/121.0.0.0 Safari/537.36"
66.102.6.162 - - [13/May/2026:12:16:21 +0000] "GET /images/1x1.gif?ch=2&rn=3.2256237268447876 HTTP/1.0" 404 14835 "https://www.oinversion.com/blog/tag/inmobiliario?page=2" "Mozilla/5.0 (X11; Linux x86_64) AppleWebKit/537.36 (KHTML, like Gecko) Chrome/121.0.0.0 Safari/537.36"
192.178.11.98 - - [13/May/2026:12:16:21 +0000] "GET /images/1x1.gif?ch=2&rn=3.5060722529888153 HTTP/1.0" 404 14835 "https://www.oinversion.com/blog/inversion-en-madrid-como-capitalizar-airbnb" "Mozilla/5.0 (X11; Linux x86_64) AppleWebKit/537.36 (KHTML, like Gecko) Chrome/121.0.0.0 Safari/537.36"
192.178.11.100 - - [13/May/2026:12:16:21 +0000] "GET /images/1x1.gif?ch=1&rn=3.5060722529888153 HTTP/1.0" 404 14835 "https://www.oinversion.com/blog/inversion-en-madrid-como-capitalizar-airbnb" "Mozilla/5.0 (X11; Linux x86_64) AppleWebKit/537.36 (KHTML, like Gecko) Chrome/121.0.0.0 Safari/537.36"
66.102.6.163 - - [13/May/2026:12:16:21 +0000] "POST /api/v3/ajax/public/bacon HTTP/1.0" 404 15952 "https://www.oinversion.com/blog/tag/oficinas" "Mozilla/5.0 (X11; Linux x86_64) AppleWebKit/537.36 (KHTML, like Gecko) Chrome/121.0.0.0 Safari/537.36"
192.178.11.100 - - [13/May/2026:12:16:21 +0000] "GET /api/v3/ajax/member/users/listings-favorites-collections-map?listing_ids%5B%5D=1790774795 HTTP/1.0" 404 16144 "https://www.oinversion.com/blog/inversion-en-madrid-como-capitalizar-airbnb" "Mozilla/5.0 (X11; Linux x86_64) AppleWebKit/537.36 (KHTML, like Gecko) Chrome/121.0.0.0 Safari/537.36"
74.125.213.44 - - [13/May/2026:12:16:21 +0000] "GET /designs/74165272/canvas/1/product_images HTTP/1.0" 404 16000 "https://www.oinversion.com/blog/tag/socimis" "Mozilla/5.0 (X11; Linux x86_64) AppleWebKit/537.36 (KHTML, like Gecko) Chrome/121.0.0.0 Safari/537.36"
66.102.6.163 - - [13/May/2026:12:16:21 +0000] "POST /clientlog HTTP/1.0" 404 3554 "https://www.oinversion.com/blog/" "Mozilla/5.0 (Linux; U; Android 4.3; en-us; SM-N900T Build/JSS15J) AppleWebKit/534.30 (KHTML, like Gecko) Version/4.0 Mobile Safari/534.30"
66.102.6.164 - - [13/May/2026:12:16:21 +0000] "GET /api/v3/ajax/bespoke/public/neu/specs/submenu?log_performance_metrics=false&specs%5Bsubmenu%5D%5B%5D=Etsy%5CModules%5CCategoryNav%5CSpecs%5CDropdownCatNav%5CDropdownSubmenu&runtime_analysis=false HTTP/1.0" 404 3554 "https://www.oinversion.com/blog/tag/oficinas" "Mozilla/5.0 (X11; Linux x86_64) AppleWebKit/537.36 (KHTML, like Gecko) Chrome/121.0.0.0 Safari/537.36"
66.102.6.163 - - [13/May/2026:12:16:21 +0000] "POST /clientlog HTTP/1.0" 404 3554 "https://www.oinversion.com/blog/tag/oficinas" "Mozilla/5.0 (X11; Linux x86_64) AppleWebKit/537.36 (KHTML, like Gecko) Chrome/121.0.0.0 Safari/537.36"
66.102.6.162 - - [13/May/2026:12:16:21 +0000] "POST /cdn-cgi/rum? HTTP/1.0" 404 14541 "https://www.oinversion.com/blog/tag/oficinas" "Mozilla/5.0 (X11; Linux x86_64) AppleWebKit/537.36 (KHTML, like Gecko) Chrome/121.0.0.0 Safari/537.36"
74.125.213.45 - - [13/May/2026:12:16:21 +0000] "GET /designs/74165272/canvas/1/product_images HTTP/1.0" 404 16000 "https://www.oinversion.com/proyectos" "Mozilla/5.0 (X11; Linux x86_64) AppleWebKit/537.36 (KHTML, like Gecko) Chrome/121.0.0.0 Safari/537.36"
66.102.6.162 - - [13/May/2026:12:16:21 +0000] "GET /api/v3/ajax/member/users/listings-favorites-collections-map?listing_ids%5B%5D=1790774795 HTTP/1.0" 404 16144 "https://www.oinversion.com/blog/tag/oficinas" "Mozilla/5.0 (X11; Linux x86_64) AppleWebKit/537.36 (KHTML, like Gecko) Chrome/121.0.0.0 Safari/537.36"
66.102.6.163 - - [13/May/2026:12:16:21 +0000] "POST /clientlog HTTP/1.0" 404 3554 "https://www.oinversion.com/blog/tag/inmobiliario?page=2" "Mozilla/5.0 (X11; Linux x86_64) AppleWebKit/537.36 (KHTML, like Gecko) Chrome/121.0.0.0 Safari/537.36"
66.102.6.163 - - [13/May/2026:12:16:21 +0000] "POST /clientlog HTTP/1.0" 404 3554 "https://www.oinversion.com/blog/tag/oficinas" "Mozilla/5.0 (X11; Linux x86_64) AppleWebKit/537.36 (KHTML, like Gecko) Chrome/121.0.0.0 Safari/537.36"
192.178.11.98 - - [13/May/2026:12:16:21 +0000] "POST /clientlog HTTP/1.0" 404 3554 "https://www.oinversion.com/blog/" "Mozilla/5.0 (Linux; U; Android 4.3; en-us; SM-N900T Build/JSS15J) AppleWebKit/534.30 (KHTML, like Gecko) Version/4.0 Mobile Safari/534.30"
192.178.11.99 - - [13/May/2026:12:16:21 +0000] "POST /clientlog HTTP/1.0" 404 3554 "https://www.oinversion.com/blog/inversion-en-madrid-como-capitalizar-airbnb" "Mozilla/5.0 (X11; Linux x86_64) AppleWebKit/537.36 (KHTML, like Gecko) Chrome/121.0.0.0 Safari/537.36"
192.178.11.99 - - [13/May/2026:12:16:21 +0000] "POST /api/v3/ajax/public/statsd HTTP/1.0" 404 15751 "https://www.oinversion.com/blog/inversion-en-madrid-como-capitalizar-airbnb" "Mozilla/5.0 (X11; Linux x86_64) AppleWebKit/537.36 (KHTML, like Gecko) Chrome/121.0.0.0 Safari/537.36"
192.178.11.98 - - [13/May/2026:12:16:21 +0000] "POST /clientlog HTTP/1.0" 404 3554 "https://www.oinversion.com/blog/inversion-en-madrid-como-capitalizar-airbnb" "Mozilla/5.0 (X11; Linux x86_64) AppleWebKit/537.36 (KHTML, like Gecko) Chrome/121.0.0.0 Safari/537.36"
192.178.11.99 - - [13/May/2026:12:16:21 +0000] "POST /clientlog HTTP/1.0" 404 3554 "https://www.oinversion.com/blog/inversion-en-madrid-como-capitalizar-airbnb" "Mozilla/5.0 (X11; Linux x86_64) AppleWebKit/537.36 (KHTML, like Gecko) Chrome/121.0.0.0 Safari/537.36"
66.102.6.162 - - [13/May/2026:12:16:21 +0000] "GET /api/v3/ajax/bespoke/public/neu/specs/submenu?log_performance_metrics=false&specs%5Bsubmenu%5D%5B%5D=Etsy%5CModules%5CCategoryNav%5CSpecs%5CDropdownCatNav%5CDropdownSubmenu&runtime_analysis=false HTTP/1.0" 404 3554 "https://www.oinversion.com/blog/tag/inmobiliario?page=2" "Mozilla/5.0 (X11; Linux x86_64) AppleWebKit/537.36 (KHTML, like Gecko) Chrome/121.0.0.0 Safari/537.36"
192.178.11.98 - - [13/May/2026:12:16:21 +0000] "POST /clientlog HTTP/1.0" 404 3554 "https://www.oinversion.com/blog/inversion-en-madrid-como-capitalizar-airbnb" "Mozilla/5.0 (X11; Linux x86_64) AppleWebKit/537.36 (KHTML, like Gecko) Chrome/121.0.0.0 Safari/537.36"
66.102.6.162 - - [13/May/2026:12:16:21 +0000] "POST /clientlog HTTP/1.0" 404 3554 "https://www.oinversion.com/blog/tag/inmobiliario?page=2" "Mozilla/5.0 (X11; Linux x86_64) AppleWebKit/537.36 (KHTML, like Gecko) Chrome/121.0.0.0 Safari/537.36"
66.102.6.163 - - [13/May/2026:12:16:21 +0000] "POST /clientlog HTTP/1.0" 404 3554 "https://www.oinversion.com/blog/tag/oficinas" "Mozilla/5.0 (X11; Linux x86_64) AppleWebKit/537.36 (KHTML, like Gecko) Chrome/121.0.0.0 Safari/537.36"
66.249.84.192 - - [13/May/2026:12:16:21 +0000] "GET /designs/74165272/canvas/1/product_images HTTP/1.0" 404 16000 "https://www.oinversion.com/blog/como-invertir-en-hoteles" "Mozilla/5.0 (X11; Linux x86_64) AppleWebKit/537.36 (KHTML, like Gecko) Chrome/121.0.0.0 Safari/537.36"
66.249.84.193 - - [13/May/2026:12:16:21 +0000] "GET /designs/74165272/canvas/1/product_images HTTP/1.0" 404 16000 "https://www.oinversion.com/contacto" "Mozilla/5.0 (X11; Linux x86_64) AppleWebKit/537.36 (KHTML, like Gecko) Chrome/121.0.0.0 Safari/537.36"
192.178.11.98 - - [13/May/2026:12:16:21 +0000] "POST /cdn-cgi/rum? HTTP/1.0" 404 14541 "https://www.oinversion.com/blog/inversion-en-madrid-como-capitalizar-airbnb" "Mozilla/5.0 (X11; Linux x86_64) AppleWebKit/537.36 (KHTML, like Gecko) Chrome/121.0.0.0 Safari/537.36"
66.102.6.164 - - [13/May/2026:12:16:21 +0000] "GET /images/1x1.gif?ch=1&rn=3.2256237268447876 HTTP/1.0" 404 14835 "https://www.oinversion.com/blog/tag/inmobiliario?page=2" "Mozilla/5.0 (X11; Linux x86_64) AppleWebKit/537.36 (KHTML, like Gecko) Chrome/121.0.0.0 Safari/537.36"
74.125.213.45 - - [13/May/2026:12:16:21 +0000] "POST /clientlog HTTP/1.0" 404 3554 "https://www.oinversion.com/blog/" "Mozilla/5.0 (Linux; U; Android 4.3; en-us; SM-N900T Build/JSS15J) AppleWebKit/534.30 (KHTML, like Gecko) Version/4.0 Mobile Safari/534.30"
74.125.213.45 - - [13/May/2026:12:16:21 +0000] "POST /cdn-cgi/rum? HTTP/1.0" 404 14541 "https://www.oinversion.com/blog/tag/socimis" "Mozilla/5.0 (X11; Linux x86_64) AppleWebKit/537.36 (KHTML, like Gecko) Chrome/121.0.0.0 Safari/537.36"
192.178.11.100 - - [13/May/2026:12:16:21 +0000] "POST /clientlog HTTP/1.0" 404 3554 "https://www.oinversion.com/blog/" "Mozilla/5.0 (Linux; U; Android 4.3; en-us; SM-N900T Build/JSS15J) AppleWebKit/534.30 (KHTML, like Gecko) Version/4.0 Mobile Safari/534.30"
192.178.11.98 - - [13/May/2026:12:16:21 +0000] "GET /api/v3/ajax/bespoke/public/neu/specs/submenu?log_performance_metrics=false&specs%5Bsubmenu%5D%5B%5D=Etsy%5CModules%5CCategoryNav%5CSpecs%5CDropdownCatNav%5CDropdownSubmenu&runtime_analysis=false HTTP/1.0" 404 3554 "https://www.oinversion.com/blog/inversion-en-madrid-como-capitalizar-airbnb" "Mozilla/5.0 (X11; Linux x86_64) AppleWebKit/537.36 (KHTML, like Gecko) Chrome/121.0.0.0 Safari/537.36"
66.249.84.192 - - [13/May/2026:12:16:21 +0000] "POST /cdn-cgi/rum? HTTP/1.0" 404 14745 "https://www.oinversion.com/contacto" "Mozilla/5.0 (X11; Linux x86_64) AppleWebKit/537.36 (KHTML, like Gecko) Chrome/121.0.0.0 Safari/537.36"
66.102.6.162 - - [13/May/2026:12:16:21 +0000] "POST /clientlog HTTP/1.0" 404 3554 "https://www.oinversion.com/blog/" "Mozilla/5.0 (Linux; U; Android 4.3; en-us; SM-N900T Build/JSS15J) AppleWebKit/534.30 (KHTML, like Gecko) Version/4.0 Mobile Safari/534.30"
74.125.213.46 - - [13/May/2026:12:16:21 +0000] "POST /cdn-cgi/rum? HTTP/1.0" 404 14541 "https://www.oinversion.com/fondos-de-inversion" "Mozilla/5.0 (Linux; U; Android 4.3; en-us; SM-N900T Build/JSS15J) AppleWebKit/534.30 (KHTML, like Gecko) Version/4.0 Mobile Safari/534.30"
74.125.213.46 - - [13/May/2026:12:16:21 +0000] "POST /cdn-cgi/rum? HTTP/1.0" 404 14541 "https://www.oinversion.com/proyectos" "Mozilla/5.0 (X11; Linux x86_64) AppleWebKit/537.36 (KHTML, like Gecko) Chrome/121.0.0.0 Safari/537.36"
66.102.6.164 - - [13/May/2026:12:16:21 +0000] "POST /clientlog HTTP/1.0" 404 3554 "https://www.oinversion.com/blog/tag/Crowdfunding?page=2" "Mozilla/5.0 (X11; Linux x86_64) AppleWebKit/537.36 (KHTML, like Gecko) Chrome/121.0.0.0 Safari/537.36"
192.178.11.99 - - [13/May/2026:12:16:21 +0000] "GET /api/v3/ajax/member/users/listings-favorites-collections-map?listing_ids%5B%5D=1790774795 HTTP/1.0" 404 16144 "https://www.oinversion.com/blog/" "Mozilla/5.0 (Linux; U; Android 4.3; en-us; SM-N900T Build/JSS15J) AppleWebKit/534.30 (KHTML, like Gecko) Version/4.0 Mobile Safari/534.30"
66.102.6.164 - - [13/May/2026:12:16:21 +0000] "POST /clientlog HTTP/1.0" 404 3554 "https://www.oinversion.com/blog/tag/Crowdfunding?page=2" "Mozilla/5.0 (X11; Linux x86_64) AppleWebKit/537.36 (KHTML, like Gecko) Chrome/121.0.0.0 Safari/537.36"
192.178.11.99 - - [13/May/2026:12:16:21 +0000] "GET /images/1x1.gif?ch=1&rn=10.684882283210754 HTTP/1.0" 404 14835 "https://www.oinversion.com/blog/" "Mozilla/5.0 (Linux; U; Android 4.3; en-us; SM-N900T Build/JSS15J) AppleWebKit/534.30 (KHTML, like Gecko) Version/4.0 Mobile Safari/534.30"
192.178.11.99 - - [13/May/2026:12:16:21 +0000] "GET /images/1x1.gif?ch=2&rn=10.684882283210754 HTTP/1.0" 404 14835 "https://www.oinversion.com/blog/" "Mozilla/5.0 (Linux; U; Android 4.3; en-us; SM-N900T Build/JSS15J) AppleWebKit/534.30 (KHTML, like Gecko) Version/4.0 Mobile Safari/534.30"
192.178.11.98 - - [13/May/2026:12:16:22 +0000] "POST /clientlog HTTP/1.0" 404 3554 "https://www.oinversion.com/blog/" "Mozilla/5.0 (Linux; U; Android 4.3; en-us; SM-N900T Build/JSS15J) AppleWebKit/534.30 (KHTML, like Gecko) Version/4.0 Mobile Safari/534.30"
66.102.6.164 - - [13/May/2026:12:16:22 +0000] "POST /clientlog HTTP/1.0" 404 3554 "https://www.oinversion.com/blog/tag/Crowdfunding?page=2" "Mozilla/5.0 (X11; Linux x86_64) AppleWebKit/537.36 (KHTML, like Gecko) Chrome/121.0.0.0 Safari/537.36"
66.102.6.162 - - [13/May/2026:12:16:22 +0000] "GET /designs/74165272/canvas/1/product_images HTTP/1.0" 404 16000 "https://www.oinversion.com/contacto" "Mozilla/5.0 (Linux; U; Android 4.3; en-us; SM-N900T Build/JSS15J) AppleWebKit/534.30 (KHTML, like Gecko) Version/4.0 Mobile Safari/534.30"
66.102.6.163 - - [13/May/2026:12:16:22 +0000] "GET /api/v3/ajax/member/users/listings-favorites-collections-map?listing_ids%5B%5D=1790774795 HTTP/1.0" 404 16144 "https://www.oinversion.com/blog/" "Mozilla/5.0 (Linux; U; Android 4.3; en-us; SM-N900T Build/JSS15J) AppleWebKit/534.30 (KHTML, like Gecko) Version/4.0 Mobile Safari/534.30"
66.102.6.163 - - [13/May/2026:12:16:22 +0000] "GET /images/1x1.gif?ch=1&rn=0.4316495358943939 HTTP/1.0" 404 14835 "https://www.oinversion.com/blog/" "Mozilla/5.0 (Linux; U; Android 4.3; en-us; SM-N900T Build/JSS15J) AppleWebKit/534.30 (KHTML, like Gecko) Version/4.0 Mobile Safari/534.30"
66.102.6.162 - - [13/May/2026:12:16:22 +0000] "GET /images/1x1.gif?ch=2&rn=2.8727864027023315 HTTP/1.0" 404 14835 "https://www.oinversion.com/blog/tag/Crowdfunding?page=2" "Mozilla/5.0 (X11; Linux x86_64) AppleWebKit/537.36 (KHTML, like Gecko) Chrome/121.0.0.0 Safari/537.36"
192.178.11.98 - - [13/May/2026:12:16:22 +0000] "POST /api/v3/ajax/public/statsd HTTP/1.0" 404 15955 "https://www.oinversion.com/blog/" "Mozilla/5.0 (Linux; U; Android 4.3; en-us; SM-N900T Build/JSS15J) AppleWebKit/534.30 (KHTML, like Gecko) Version/4.0 Mobile Safari/534.30"
66.102.6.164 - - [13/May/2026:12:16:22 +0000] "POST /clientlog HTTP/1.0" 404 3554 "https://www.oinversion.com/blog/" "Mozilla/5.0 (Linux; U; Android 4.3; en-us; SM-N900T Build/JSS15J) AppleWebKit/534.30 (KHTML, like Gecko) Version/4.0 Mobile Safari/534.30"
66.249.84.192 - - [13/May/2026:12:16:22 +0000] "POST /clientlog HTTP/1.0" 404 3554 "https://www.oinversion.com/blog/" "Mozilla/5.0 (Linux; U; Android 4.3; en-us; SM-N900T Build/JSS15J) AppleWebKit/534.30 (KHTML, like Gecko) Version/4.0 Mobile Safari/534.30"
192.178.11.99 - - [13/May/2026:12:16:22 +0000] "POST /clientlog HTTP/1.0" 404 3554 "https://www.oinversion.com/blog/" "Mozilla/5.0 (Linux; U; Android 4.3; en-us; SM-N900T Build/JSS15J) AppleWebKit/534.30 (KHTML, like Gecko) Version/4.0 Mobile Safari/534.30"
192.178.11.99 - - [13/May/2026:12:16:22 +0000] "GET /designs/74165272/canvas/1/product_images HTTP/1.0" 404 16000 "https://www.oinversion.com/fondos-de-inversion" "Mozilla/5.0 (Linux; U; Android 4.3; en-us; SM-N900T Build/JSS15J) AppleWebKit/534.30 (KHTML, like Gecko) Version/4.0 Mobile Safari/534.30"
66.102.6.164 - - [13/May/2026:12:16:22 +0000] "POST /clientlog HTTP/1.0" 404 3554 "https://www.oinversion.com/blog/tag/oficinas" "Mozilla/5.0 (X11; Linux x86_64) AppleWebKit/537.36 (KHTML, like Gecko) Chrome/121.0.0.0 Safari/537.36"
74.125.213.45 - - [13/May/2026:12:16:22 +0000] "POST /clientlog HTTP/1.0" 404 3554 "https://www.oinversion.com/blog/" "Mozilla/5.0 (Linux; U; Android 4.3; en-us; SM-N900T Build/JSS15J) AppleWebKit/534.30 (KHTML, like Gecko) Version/4.0 Mobile Safari/534.30"
192.178.11.98 - - [13/May/2026:12:16:22 +0000] "POST /cdn-cgi/rum? HTTP/1.0" 404 14541 "https://www.oinversion.com/blog/" "Mozilla/5.0 (Linux; U; Android 4.3; en-us; SM-N900T Build/JSS15J) AppleWebKit/534.30 (KHTML, like Gecko) Version/4.0 Mobile Safari/534.30"
66.102.6.164 - - [13/May/2026:12:16:22 +0000] "GET /api/v3/ajax/bespoke/public/neu/specs/submenu?log_performance_metrics=false&specs%5Bsubmenu%5D%5B%5D=Etsy%5CModules%5CCategoryNav%5CSpecs%5CDropdownCatNav%5CDropdownSubmenu&runtime_analysis=false HTTP/1.0" 404 3554 "https://www.oinversion.com/blog/tag/Crowdfunding?page=2" "Mozilla/5.0 (X11; Linux x86_64) AppleWebKit/537.36 (KHTML, like Gecko) Chrome/121.0.0.0 Safari/537.36"
66.102.6.163 - - [13/May/2026:12:16:22 +0000] "POST /api/v3/ajax/public/bacon HTTP/1.0" 404 15952 "https://www.oinversion.com/blog/tag/Crowdfunding?page=2" "Mozilla/5.0 (X11; Linux x86_64) AppleWebKit/537.36 (KHTML, like Gecko) Chrome/121.0.0.0 Safari/537.36"
66.249.84.193 - - [13/May/2026:12:16:22 +0000] "POST /clientlog HTTP/1.0" 404 3554 "https://www.oinversion.com/blog/" "Mozilla/5.0 (X11; Linux x86_64) AppleWebKit/537.36 (KHTML, like Gecko) Chrome/121.0.0.0 Safari/537.36"
66.102.6.162 - - [13/May/2026:12:16:22 +0000] "GET /api/v3/ajax/bespoke/public/neu/specs/catnav-mobile?log_performance_metrics=false&specs%5Bcatnav-mobile%5D%5B%5D=CategoryNav_V2_Mobile_ApiSpec_CategoryNav&specs%5Bcatnav-mobile%5D%5B1%5D%5Bmott_version%5D=761dfd2&specs%5Bcatnav-mobile%5D%5B1%5D%5Bshow_sales%5D=false&specs%5Bcatnav-mobile%5D%5B1%5D%5Bcatnav_gift_guide%5D=off&specs%5Bcatnav-mobile%5D%5B1%5D%5Bgifting_catnav_flyout_js%5D=false&specs%5Bcatnav-mobile%5D%5B1%5D%5Bshould_show_registry_on_nav%5D=false&specs%5Bcatnav-mobile%5D%5B1%5D%5Bshould_use_gifting_taxos_in_nav_flyout%5D=false&specs%5Bcatnav-mobile%5D%5B1%5D%5Blocale%5D=IDR%7Cen-GB%7CID&specs%5Bcatnav-mobile%5D%5B1%5D%5Bshould_use_buyer_taxo%5D=false&runtime_analysis=false HTTP/1.0" 404 3554 "https://www.oinversion.com/blog/" "Mozilla/5.0 (Linux; U; Android 4.3; en-us; SM-N900T Build/JSS15J) AppleWebKit/534.30 (KHTML, like Gecko) Version/4.0 Mobile Safari/534.30"
66.102.6.162 - - [13/May/2026:12:16:22 +0000] "POST /api/v3/ajax/public/bacon HTTP/1.0" 404 15952 "https://www.oinversion.com/blog/" "Mozilla/5.0 (Linux; U; Android 4.3; en-us; SM-N900T Build/JSS15J) AppleWebKit/534.30 (KHTML, like Gecko) Version/4.0 Mobile Safari/534.30"
192.178.11.100 - - [13/May/2026:12:16:22 +0000] "POST /clientlog HTTP/1.0" 404 3554 "https://www.oinversion.com/blog/tag/oficinas" "Mozilla/5.0 (X11; Linux x86_64) AppleWebKit/537.36 (KHTML, like Gecko) Chrome/121.0.0.0 Safari/537.36"
66.102.6.163 - - [13/May/2026:12:16:22 +0000] "POST /cdn-cgi/rum? HTTP/1.0" 404 14541 "https://www.oinversion.com/blog/tag/inmobiliario?page=2" "Mozilla/5.0 (X11; Linux x86_64) AppleWebKit/537.36 (KHTML, like Gecko) Chrome/121.0.0.0 Safari/537.36"
192.178.11.99 - - [13/May/2026:12:16:22 +0000] "GET /api/v3/ajax/bespoke/public/neu/specs/catnav-mobile?log_performance_metrics=false&specs%5Bcatnav-mobile%5D%5B%5D=CategoryNav_V2_Mobile_ApiSpec_CategoryNav&specs%5Bcatnav-mobile%5D%5B1%5D%5Bmott_version%5D=761dfd2&specs%5Bcatnav-mobile%5D%5B1%5D%5Bshow_sales%5D=false&specs%5Bcatnav-mobile%5D%5B1%5D%5Bcatnav_gift_guide%5D=off&specs%5Bcatnav-mobile%5D%5B1%5D%5Bgifting_catnav_flyout_js%5D=false&specs%5Bcatnav-mobile%5D%5B1%5D%5Bshould_show_registry_on_nav%5D=false&specs%5Bcatnav-mobile%5D%5B1%5D%5Bshould_use_gifting_taxos_in_nav_flyout%5D=false&specs%5Bcatnav-mobile%5D%5B1%5D%5Blocale%5D=IDR%7Cen-GB%7CID&specs%5Bcatnav-mobile%5D%5B1%5D%5Bshould_use_buyer_taxo%5D=false&runtime_analysis=false HTTP/1.0" 404 3554 "https://www.oinversion.com/blog/" "Mozilla/5.0 (Linux; U; Android 4.3; en-us; SM-N900T Build/JSS15J) AppleWebKit/534.30 (KHTML, like Gecko) Version/4.0 Mobile Safari/534.30"
66.102.6.162 - - [13/May/2026:12:16:22 +0000] "POST /clientlog HTTP/1.0" 404 3554 "https://www.oinversion.com/blog/tag/oficinas" "Mozilla/5.0 (X11; Linux x86_64) AppleWebKit/537.36 (KHTML, like Gecko) Chrome/121.0.0.0 Safari/537.36"
66.102.6.164 - - [13/May/2026:12:16:22 +0000] "GET /api/v3/ajax/member/users/listings-favorites-collections-map?listing_ids%5B%5D=1790774795 HTTP/1.0" 404 16144 "https://www.oinversion.com/blog/tag/Crowdfunding?page=2" "Mozilla/5.0 (X11; Linux x86_64) AppleWebKit/537.36 (KHTML, like Gecko) Chrome/121.0.0.0 Safari/537.36"
66.102.6.162 - - [13/May/2026:12:16:22 +0000] "POST /clientlog HTTP/1.0" 404 3554 "https://www.oinversion.com/blog/" "Mozilla/5.0 (Linux; U; Android 4.3; en-us; SM-N900T Build/JSS15J) AppleWebKit/534.30 (KHTML, like Gecko) Version/4.0 Mobile Safari/534.30"
66.102.6.164 - - [13/May/2026:12:16:22 +0000] "GET /images/1x1.gif?ch=2&rn=0.4316495358943939 HTTP/1.0" 404 14835 "https://www.oinversion.com/blog/" "Mozilla/5.0 (Linux; U; Android 4.3; en-us; SM-N900T Build/JSS15J) AppleWebKit/534.30 (KHTML, like Gecko) Version/4.0 Mobile Safari/534.30"
66.102.6.164 - - [13/May/2026:12:16:22 +0000] "GET /images/1x1.gif?ch=1&rn=2.8727864027023315 HTTP/1.0" 404 14835 "https://www.oinversion.com/blog/tag/Crowdfunding?page=2" "Mozilla/5.0 (X11; Linux x86_64) AppleWebKit/537.36 (KHTML, like Gecko) Chrome/121.0.0.0 Safari/537.36"
74.125.213.45 - - [13/May/2026:12:16:22 +0000] "GET /api/v3/ajax/member/users/listings-favorites-collections-map?listing_ids%5B%5D=1790774795 HTTP/1.0" 404 16144 "https://www.oinversion.com/blog/" "Mozilla/5.0 (Linux; U; Android 4.3; en-us; SM-N900T Build/JSS15J) AppleWebKit/534.30 (KHTML, like Gecko) Version/4.0 Mobile Safari/534.30"
66.249.84.192 - - [13/May/2026:12:16:22 +0000] "GET /api/v3/ajax/member/users/listings-favorites-collections-map?listing_ids%5B%5D=1790774795 HTTP/1.0" 404 16144 "https://www.oinversion.com/blog/" "Mozilla/5.0 (X11; Linux x86_64) AppleWebKit/537.36 (KHTML, like Gecko) Chrome/121.0.0.0 Safari/537.36"
74.125.213.44 - - [13/May/2026:12:16:22 +0000] "GET /images/1x1.gif?ch=1&rn=0.16873213648796082 HTTP/1.0" 404 14838 "https://www.oinversion.com/blog/" "Mozilla/5.0 (Linux; U; Android 4.3; en-us; SM-N900T Build/JSS15J) AppleWebKit/534.30 (KHTML, like Gecko) Version/4.0 Mobile Safari/534.30"
74.125.213.45 - - [13/May/2026:12:16:22 +0000] "GET /images/1x1.gif?ch=2&rn=0.16873213648796082 HTTP/1.0" 404 14838 "https://www.oinversion.com/blog/" "Mozilla/5.0 (Linux; U; Android 4.3; en-us; SM-N900T Build/JSS15J) AppleWebKit/534.30 (KHTML, like Gecko) Version/4.0 Mobile Safari/534.30"
66.249.84.194 - - [13/May/2026:12:16:22 +0000] "POST /cdn-cgi/rum? HTTP/1.0" 404 14541 "https://www.oinversion.com/blog/como-invertir-en-hoteles" "Mozilla/5.0 (X11; Linux x86_64) AppleWebKit/537.36 (KHTML, like Gecko) Chrome/121.0.0.0 Safari/537.36"
192.178.11.100 - - [13/May/2026:12:16:22 +0000] "POST /clientlog HTTP/1.0" 404 3554 "https://www.oinversion.com/blog/tag/oficinas" "Mozilla/5.0 (X11; Linux x86_64) AppleWebKit/537.36 (KHTML, like Gecko) Chrome/121.0.0.0 Safari/537.36"
74.125.213.45 - - [13/May/2026:12:16:22 +0000] "POST /clientlog HTTP/1.0" 404 3554 "https://www.oinversion.com/blog/" "Mozilla/5.0 (Linux; U; Android 4.3; en-us; SM-N900T Build/JSS15J) AppleWebKit/534.30 (KHTML, like Gecko) Version/4.0 Mobile Safari/534.30"
66.102.6.163 - - [13/May/2026:12:16:22 +0000] "GET /images/1x1.gif?ch=1&rn=3.0755884647369385 HTTP/1.0" 404 14835 "https://www.oinversion.com/blog/tag/oficinas" "Mozilla/5.0 (X11; Linux x86_64) AppleWebKit/537.36 (KHTML, like Gecko) Chrome/121.0.0.0 Safari/537.36"
66.102.6.162 - - [13/May/2026:12:16:22 +0000] "GET /images/1x1.gif?ch=2&rn=3.0755884647369385 HTTP/1.0" 404 14835 "https://www.oinversion.com/blog/tag/oficinas" "Mozilla/5.0 (X11; Linux x86_64) AppleWebKit/537.36 (KHTML, like Gecko) Chrome/121.0.0.0 Safari/537.36"
74.125.213.45 - - [13/May/2026:12:16:22 +0000] "GET /api/v3/ajax/bespoke/public/neu/specs/catnav-mobile?log_performance_metrics=false&specs%5Bcatnav-mobile%5D%5B%5D=CategoryNav_V2_Mobile_ApiSpec_CategoryNav&specs%5Bcatnav-mobile%5D%5B1%5D%5Bmott_version%5D=761dfd2&specs%5Bcatnav-mobile%5D%5B1%5D%5Bshow_sales%5D=false&specs%5Bcatnav-mobile%5D%5B1%5D%5Bcatnav_gift_guide%5D=off&specs%5Bcatnav-mobile%5D%5B1%5D%5Bgifting_catnav_flyout_js%5D=false&specs%5Bcatnav-mobile%5D%5B1%5D%5Bshould_show_registry_on_nav%5D=false&specs%5Bcatnav-mobile%5D%5B1%5D%5Bshould_use_gifting_taxos_in_nav_flyout%5D=false&specs%5Bcatnav-mobile%5D%5B1%5D%5Blocale%5D=IDR%7Cen-GB%7CID&specs%5Bcatnav-mobile%5D%5B1%5D%5Bshould_use_buyer_taxo%5D=false&runtime_analysis=false HTTP/1.0" 404 3554 "https://www.oinversion.com/blog/" "Mozilla/5.0 (Linux; U; Android 4.3; en-us; SM-N900T Build/JSS15J) AppleWebKit/534.30 (KHTML, like Gecko) Version/4.0 Mobile Safari/534.30"
66.102.6.164 - - [13/May/2026:12:16:22 +0000] "POST /clientlog HTTP/1.0" 404 3554 "https://www.oinversion.com/blog/tag/oficinas" "Mozilla/5.0 (X11; Linux x86_64) AppleWebKit/537.36 (KHTML, like Gecko) Chrome/121.0.0.0 Safari/537.36"
74.125.213.46 - - [13/May/2026:12:16:22 +0000] "POST /clientlog HTTP/1.0" 404 3554 "https://www.oinversion.com/blog/" "Mozilla/5.0 (Linux; U; Android 4.3; en-us; SM-N900T Build/JSS15J) AppleWebKit/534.30 (KHTML, like Gecko) Version/4.0 Mobile Safari/534.30"
192.178.11.100 - - [13/May/2026:12:16:22 +0000] "POST /clientlog HTTP/1.0" 404 3554 "https://www.oinversion.com/blog/tag/oficinas" "Mozilla/5.0 (X11; Linux x86_64) AppleWebKit/537.36 (KHTML, like Gecko) Chrome/121.0.0.0 Safari/537.36"
66.249.84.193 - - [13/May/2026:12:16:22 +0000] "GET /api/v3/ajax/bespoke/public/neu/specs/submenu?log_performance_metrics=false&specs%5Bsubmenu%5D%5B%5D=Etsy%5CModules%5CCategoryNav%5CSpecs%5CDropdownCatNav%5CDropdownSubmenu&runtime_analysis=false HTTP/1.0" 404 3554 "https://www.oinversion.com/blog/" "Mozilla/5.0 (X11; Linux x86_64) AppleWebKit/537.36 (KHTML, like Gecko) Chrome/121.0.0.0 Safari/537.36"
66.102.6.163 - - [13/May/2026:12:16:22 +0000] "POST /clientlog HTTP/1.0" 404 3554 "https://www.oinversion.com/blog/tag/Crowdfunding?page=2" "Mozilla/5.0 (X11; Linux x86_64) AppleWebKit/537.36 (KHTML, like Gecko) Chrome/121.0.0.0 Safari/537.36"
66.249.84.194 - - [13/May/2026:12:16:22 +0000] "POST /clientlog HTTP/1.0" 404 3554 "https://www.oinversion.com/blog/?page=2" "Mozilla/5.0 (X11; Linux x86_64) AppleWebKit/537.36 (KHTML, like Gecko) Chrome/121.0.0.0 Safari/537.36"
192.178.11.98 - - [13/May/2026:12:16:22 +0000] "GET /api/v3/ajax/member/users/listings-favorites-collections-map?listing_ids%5B%5D=1790774795 HTTP/1.0" 404 16144 "https://www.oinversion.com/blog/tag/oficinas" "Mozilla/5.0 (X11; Linux x86_64) AppleWebKit/537.36 (KHTML, like Gecko) Chrome/121.0.0.0 Safari/537.36"
66.102.6.164 - - [13/May/2026:12:16:22 +0000] "POST /api/v3/ajax/bespoke/member/neu/specs/listing_async_bottom_collections HTTP/1.0" 404 3554 "https://www.oinversion.com/blog/tag/Papel+de+oficinas" "Mozilla/5.0 (X11; Linux x86_64) AppleWebKit/537.36 (KHTML, like Gecko) Chrome/121.0.0.0 Safari/537.36"
192.178.11.100 - - [13/May/2026:12:16:22 +0000] "GET /images/1x1.gif?ch=2&rn=8.609682608395815 HTTP/1.0" 404 14832 "https://www.oinversion.com/blog/tag/oficinas" "Mozilla/5.0 (X11; Linux x86_64) AppleWebKit/537.36 (KHTML, like Gecko) Chrome/121.0.0.0 Safari/537.36"
192.178.11.98 - - [13/May/2026:12:16:22 +0000] "GET /images/1x1.gif?ch=1&rn=8.609682608395815 HTTP/1.0" 404 14832 "https://www.oinversion.com/blog/tag/oficinas" "Mozilla/5.0 (X11; Linux x86_64) AppleWebKit/537.36 (KHTML, like Gecko) Chrome/121.0.0.0 Safari/537.36"
66.102.6.164 - - [13/May/2026:12:16:22 +0000] "POST /cdn-cgi/rum? HTTP/1.0" 404 14541 "https://www.oinversion.com/blog/" "Mozilla/5.0 (Linux; U; Android 4.3; en-us; SM-N900T Build/JSS15J) AppleWebKit/534.30 (KHTML, like Gecko) Version/4.0 Mobile Safari/534.30"
66.102.6.163 - - [13/May/2026:12:16:22 +0000] "POST /cdn-cgi/rum? HTTP/1.0" 404 14541 "https://www.oinversion.com/blog/tag/Crowdfunding?page=2" "Mozilla/5.0 (X11; Linux x86_64) AppleWebKit/537.36 (KHTML, like Gecko) Chrome/121.0.0.0 Safari/537.36"
74.125.213.46 - - [13/May/2026:12:16:22 +0000] "POST /clientlog HTTP/1.0" 404 3554 "https://www.oinversion.com/blog/" "Mozilla/5.0 (Linux; U; Android 4.3; en-us; SM-N900T Build/JSS15J) AppleWebKit/534.30 (KHTML, like Gecko) Version/4.0 Mobile Safari/534.30"
66.249.84.193 - - [13/May/2026:12:16:22 +0000] "POST /clientlog HTTP/1.0" 404 3554 "https://www.oinversion.com/blog/" "Mozilla/5.0 (X11; Linux x86_64) AppleWebKit/537.36 (KHTML, like Gecko) Chrome/121.0.0.0 Safari/537.36"
74.125.213.46 - - [13/May/2026:12:16:22 +0000] "POST /cdn-cgi/rum? HTTP/1.0" 404 14541 "https://www.oinversion.com/blog/" "Mozilla/5.0 (Linux; U; Android 4.3; en-us; SM-N900T Build/JSS15J) AppleWebKit/534.30 (KHTML, like Gecko) Version/4.0 Mobile Safari/534.30"
66.249.84.194 - - [13/May/2026:12:16:22 +0000] "GET /images/1x1.gif?ch=2&rn=7.039376974105835 HTTP/1.0" 404 14832 "https://www.oinversion.com/blog/?page=2" "Mozilla/5.0 (X11; Linux x86_64) AppleWebKit/537.36 (KHTML, like Gecko) Chrome/121.0.0.0 Safari/537.36"
66.102.6.164 - - [13/May/2026:12:16:22 +0000] "GET /api/v3/ajax/bespoke/public/neu/specs/submenu?log_performance_metrics=false&specs%5Bsubmenu%5D%5B%5D=Etsy%5CModules%5CCategoryNav%5CSpecs%5CDropdownCatNav%5CDropdownSubmenu&runtime_analysis=false HTTP/1.0" 404 3554 "https://www.oinversion.com/blog/tag/oficinas" "Mozilla/5.0 (X11; Linux x86_64) AppleWebKit/537.36 (KHTML, like Gecko) Chrome/121.0.0.0 Safari/537.36"
66.102.6.164 - - [13/May/2026:12:16:22 +0000] "POST /cdn-cgi/rum? HTTP/1.0" 404 14541 "https://www.oinversion.com/contacto" "Mozilla/5.0 (Linux; U; Android 4.3; en-us; SM-N900T Build/JSS15J) AppleWebKit/534.30 (KHTML, like Gecko) Version/4.0 Mobile Safari/534.30"
66.102.6.163 - - [13/May/2026:12:16:22 +0000] "POST /api/v3/ajax/public/statsd HTTP/1.0" 404 15751 "https://www.oinversion.com/blog/tag/oficinas" "Mozilla/5.0 (X11; Linux x86_64) AppleWebKit/537.36 (KHTML, like Gecko) Chrome/121.0.0.0 Safari/537.36"
192.178.11.99 - - [13/May/2026:12:16:22 +0000] "GET /api/v3/ajax/bespoke/public/neu/specs/submenu?log_performance_metrics=false&specs%5Bsubmenu%5D%5B%5D=Etsy%5CModules%5CCategoryNav%5CSpecs%5CDropdownCatNav%5CDropdownSubmenu&runtime_analysis=false HTTP/1.0" 404 3554 "https://www.oinversion.com/blog/tag/oficinas" "Mozilla/5.0 (X11; Linux x86_64) AppleWebKit/537.36 (KHTML, like Gecko) Chrome/121.0.0.0 Safari/537.36"
66.102.6.163 - - [13/May/2026:12:16:22 +0000] "POST /cdn-cgi/rum? HTTP/1.0" 404 14541 "https://www.oinversion.com/blog/tag/oficinas" "Mozilla/5.0 (X11; Linux x86_64) AppleWebKit/537.36 (KHTML, like Gecko) Chrome/121.0.0.0 Safari/537.36"
192.178.11.99 - - [13/May/2026:12:16:22 +0000] "POST /clientlog HTTP/1.0" 404 3554 "https://www.oinversion.com/blog/tag/oficinas" "Mozilla/5.0 (X11; Linux x86_64) AppleWebKit/537.36 (KHTML, like Gecko) Chrome/121.0.0.0 Safari/537.36"
66.249.84.193 - - [13/May/2026:12:16:22 +0000] "POST /clientlog HTTP/1.0" 404 3554 "https://www.oinversion.com/blog/" "Mozilla/5.0 (Linux; U; Android 4.3; en-us; SM-N900T Build/JSS15J) AppleWebKit/534.30 (KHTML, like Gecko) Version/4.0 Mobile Safari/534.30"
66.102.6.164 - - [13/May/2026:12:16:22 +0000] "GET /api/v3/ajax/member/users/listings-favorites-collections-map?listing_ids%5B%5D=1790774795 HTTP/1.0" 404 16144 "https://www.oinversion.com/blog/tag/oficinas" "Mozilla/5.0 (X11; Linux x86_64) AppleWebKit/537.36 (KHTML, like Gecko) Chrome/121.0.0.0 Safari/537.36"
66.249.84.193 - - [13/May/2026:12:16:22 +0000] "GET /images/1x1.gif?ch=2&rn=1.3723996877670288 HTTP/1.0" 404 14835 "https://www.oinversion.com/blog/" "Mozilla/5.0 (X11; Linux x86_64) AppleWebKit/537.36 (KHTML, like Gecko) Chrome/121.0.0.0 Safari/537.36"
192.178.11.99 - - [13/May/2026:12:16:22 +0000] "POST /cdn-cgi/rum? HTTP/1.0" 404 14541 "https://www.oinversion.com/blog/tag/oficinas" "Mozilla/5.0 (X11; Linux x86_64) AppleWebKit/537.36 (KHTML, like Gecko) Chrome/121.0.0.0 Safari/537.36"
66.249.84.194 - - [13/May/2026:12:16:22 +0000] "GET /api/v3/ajax/bespoke/public/neu/specs/submenu?log_performance_metrics=false&specs%5Bsubmenu%5D%5B%5D=Etsy%5CModules%5CCategoryNav%5CSpecs%5CDropdownCatNav%5CDropdownSubmenu&runtime_analysis=false HTTP/1.0" 404 3554 "https://www.oinversion.com/blog/?page=2" "Mozilla/5.0 (X11; Linux x86_64) AppleWebKit/537.36 (KHTML, like Gecko) Chrome/121.0.0.0 Safari/537.36"
74.125.213.45 - - [13/May/2026:12:16:22 +0000] "POST /clientlog HTTP/1.0" 404 3554 "https://www.oinversion.com/blog/" "Mozilla/5.0 (Linux; U; Android 4.3; en-us; SM-N900T Build/JSS15J) AppleWebKit/534.30 (KHTML, like Gecko) Version/4.0 Mobile Safari/534.30"
66.249.84.193 - - [13/May/2026:12:16:22 +0000] "POST /clientlog HTTP/1.0" 404 3554 "https://www.oinversion.com/blog/?page=2" "Mozilla/5.0 (X11; Linux x86_64) AppleWebKit/537.36 (KHTML, like Gecko) Chrome/121.0.0.0 Safari/537.36"
66.249.84.194 - - [13/May/2026:12:16:22 +0000] "POST /clientlog HTTP/1.0" 404 3554 "https://www.oinversion.com/blog/" "Mozilla/5.0 (X11; Linux x86_64) AppleWebKit/537.36 (KHTML, like Gecko) Chrome/121.0.0.0 Safari/537.36"
66.249.84.194 - - [13/May/2026:12:16:22 +0000] "GET /images/1x1.gif?ch=1&rn=1.3723996877670288 HTTP/1.0" 404 14835 "https://www.oinversion.com/blog/" "Mozilla/5.0 (X11; Linux x86_64) AppleWebKit/537.36 (KHTML, like Gecko) Chrome/121.0.0.0 Safari/537.36"
66.249.84.194 - - [13/May/2026:12:16:22 +0000] "GET /images/1x1.gif?ch=1&rn=10.953058004379272 HTTP/1.0" 404 14835 "https://www.oinversion.com/blog/" "Mozilla/5.0 (Linux; U; Android 4.3; en-us; SM-N900T Build/JSS15J) AppleWebKit/534.30 (KHTML, like Gecko) Version/4.0 Mobile Safari/534.30"
192.178.11.99 - - [13/May/2026:12:16:22 +0000] "POST /cdn-cgi/rum? HTTP/1.0" 404 14541 "https://www.oinversion.com/fondos-de-inversion" "Mozilla/5.0 (Linux; U; Android 4.3; en-us; SM-N900T Build/JSS15J) AppleWebKit/534.30 (KHTML, like Gecko) Version/4.0 Mobile Safari/534.30"
66.249.84.193 - - [13/May/2026:12:16:22 +0000] "GET /api/v3/ajax/member/users/listings-favorites-collections-map?listing_ids%5B%5D=1790774795 HTTP/1.0" 404 16144 "https://www.oinversion.com/blog/" "Mozilla/5.0 (Linux; U; Android 4.3; en-us; SM-N900T Build/JSS15J) AppleWebKit/534.30 (KHTML, like Gecko) Version/4.0 Mobile Safari/534.30"
66.249.84.193 - - [13/May/2026:12:16:22 +0000] "POST /clientlog HTTP/1.0" 404 3554 "https://www.oinversion.com/blog/?page=2" "Mozilla/5.0 (X11; Linux x86_64) AppleWebKit/537.36 (KHTML, like Gecko) Chrome/121.0.0.0 Safari/537.36"
66.249.84.193 - - [13/May/2026:12:16:22 +0000] "POST /clientlog HTTP/1.0" 404 3554 "https://www.oinversion.com/blog/" "Mozilla/5.0 (Linux; U; Android 4.3; en-us; SM-N900T Build/JSS15J) AppleWebKit/534.30 (KHTML, like Gecko) Version/4.0 Mobile Safari/534.30"
66.249.84.193 - - [13/May/2026:12:16:22 +0000] "POST /clientlog HTTP/1.0" 404 3554 "https://www.oinversion.com/blog/" "Mozilla/5.0 (X11; Linux x86_64) AppleWebKit/537.36 (KHTML, like Gecko) Chrome/121.0.0.0 Safari/537.36"
66.249.84.193 - - [13/May/2026:12:16:22 +0000] "GET /api/v3/ajax/member/users/listings-favorites-collections-map?listing_ids%5B%5D=1790774795 HTTP/1.0" 404 16144 "https://www.oinversion.com/blog/?page=2" "Mozilla/5.0 (X11; Linux x86_64) AppleWebKit/537.36 (KHTML, like Gecko) Chrome/121.0.0.0 Safari/537.36"
66.249.84.193 - - [13/May/2026:12:16:22 +0000] "GET /api/v3/ajax/bespoke/public/neu/specs/catnav-mobile?log_performance_metrics=false&specs%5Bcatnav-mobile%5D%5B%5D=CategoryNav_V2_Mobile_ApiSpec_CategoryNav&specs%5Bcatnav-mobile%5D%5B1%5D%5Bmott_version%5D=761dfd2&specs%5Bcatnav-mobile%5D%5B1%5D%5Bshow_sales%5D=false&specs%5Bcatnav-mobile%5D%5B1%5D%5Bcatnav_gift_guide%5D=off&specs%5Bcatnav-mobile%5D%5B1%5D%5Bgifting_catnav_flyout_js%5D=false&specs%5Bcatnav-mobile%5D%5B1%5D%5Bshould_show_registry_on_nav%5D=false&specs%5Bcatnav-mobile%5D%5B1%5D%5Bshould_use_gifting_taxos_in_nav_flyout%5D=false&specs%5Bcatnav-mobile%5D%5B1%5D%5Blocale%5D=IDR%7Cen-GB%7CID&specs%5Bcatnav-mobile%5D%5B1%5D%5Bshould_use_buyer_taxo%5D=false&runtime_analysis=false HTTP/1.0" 404 3554 "https://www.oinversion.com/blog/" "Mozilla/5.0 (Linux; U; Android 4.3; en-us; SM-N900T Build/JSS15J) AppleWebKit/534.30 (KHTML, like Gecko) Version/4.0 Mobile Safari/534.30"
66.102.6.163 - - [13/May/2026:12:16:22 +0000] "POST /clientlog HTTP/1.0" 404 3554 "https://www.oinversion.com/blog/tag/oficinas" "Mozilla/5.0 (X11; Linux x86_64) AppleWebKit/537.36 (KHTML, like Gecko) Chrome/121.0.0.0 Safari/537.36"
66.249.84.194 - - [13/May/2026:12:16:22 +0000] "GET /images/1x1.gif?ch=1&rn=7.039376974105835 HTTP/1.0" 404 14832 "https://www.oinversion.com/blog/?page=2" "Mozilla/5.0 (X11; Linux x86_64) AppleWebKit/537.36 (KHTML, like Gecko) Chrome/121.0.0.0 Safari/537.36"
74.125.213.44 - - [13/May/2026:12:16:22 +0000] "GET /api/v3/ajax/member/users/listings-favorites-collections-map?listing_ids%5B%5D=1790774795 HTTP/1.0" 404 16144 "https://www.oinversion.com/blog/" "Mozilla/5.0 (Linux; U; Android 4.3; en-us; SM-N900T Build/JSS15J) AppleWebKit/534.30 (KHTML, like Gecko) Version/4.0 Mobile Safari/534.30"
74.125.213.45 - - [13/May/2026:12:16:22 +0000] "GET /images/1x1.gif?ch=2&rn=0.15231430530548096 HTTP/1.0" 404 14838 "https://www.oinversion.com/blog/" "Mozilla/5.0 (Linux; U; Android 4.3; en-us; SM-N900T Build/JSS15J) AppleWebKit/534.30 (KHTML, like Gecko) Version/4.0 Mobile Safari/534.30"
74.125.213.45 - - [13/May/2026:12:16:22 +0000] "GET /designs/74165272/canvas/1/product_images HTTP/1.0" 404 16000 "https://www.oinversion.com/contacto" "Mozilla/5.0 (X11; Linux x86_64) AppleWebKit/537.36 (KHTML, like Gecko) Chrome/121.0.0.0 Safari/537.36"
74.125.213.46 - - [13/May/2026:12:16:22 +0000] "GET /images/1x1.gif?ch=1&rn=0.15231430530548096 HTTP/1.0" 404 14838 "https://www.oinversion.com/blog/" "Mozilla/5.0 (Linux; U; Android 4.3; en-us; SM-N900T Build/JSS15J) AppleWebKit/534.30 (KHTML, like Gecko) Version/4.0 Mobile Safari/534.30"
74.125.213.46 - - [13/May/2026:12:16:22 +0000] "GET /api/v3/ajax/bespoke/public/neu/specs/catnav-mobile?log_performance_metrics=false&specs%5Bcatnav-mobile%5D%5B%5D=CategoryNav_V2_Mobile_ApiSpec_CategoryNav&specs%5Bcatnav-mobile%5D%5B1%5D%5Bmott_version%5D=761dfd2&specs%5Bcatnav-mobile%5D%5B1%5D%5Bshow_sales%5D=false&specs%5Bcatnav-mobile%5D%5B1%5D%5Bcatnav_gift_guide%5D=off&specs%5Bcatnav-mobile%5D%5B1%5D%5Bgifting_catnav_flyout_js%5D=false&specs%5Bcatnav-mobile%5D%5B1%5D%5Bshould_show_registry_on_nav%5D=false&specs%5Bcatnav-mobile%5D%5B1%5D%5Bshould_use_gifting_taxos_in_nav_flyout%5D=false&specs%5Bcatnav-mobile%5D%5B1%5D%5Blocale%5D=IDR%7Cen-GB%7CID&specs%5Bcatnav-mobile%5D%5B1%5D%5Bshould_use_buyer_taxo%5D=false&runtime_analysis=false HTTP/1.0" 404 3554 "https://www.oinversion.com/blog/" "Mozilla/5.0 (Linux; U; Android 4.3; en-us; SM-N900T Build/JSS15J) AppleWebKit/534.30 (KHTML, like Gecko) Version/4.0 Mobile Safari/534.30"
66.249.84.194 - - [13/May/2026:12:16:22 +0000] "POST /clientlog HTTP/1.0" 404 3554 "https://www.oinversion.com/blog/" "Mozilla/5.0 (Linux; U; Android 4.3; en-us; SM-N900T Build/JSS15J) AppleWebKit/534.30 (KHTML, like Gecko) Version/4.0 Mobile Safari/534.30"
66.249.84.193 - - [13/May/2026:12:16:22 +0000] "POST /cdn-cgi/rum? HTTP/1.0" 404 14541 "https://www.oinversion.com/blog/" "Mozilla/5.0 (X11; Linux x86_64) AppleWebKit/537.36 (KHTML, like Gecko) Chrome/121.0.0.0 Safari/537.36"
