17.246.15.137 - - [13/May/2026:12:56:51 +0000] "GET /assets/7e549121/css/jquery.bxslider.css?v=1503585073 HTTP/1.1" 200 3506 "https://oinversion.com/" "Mozilla/5.0 (Macintosh; Intel Mac OS X 10_15_7) AppleWebKit/605.1.15 (KHTML, like Gecko) Version/17.4 Safari/605.1.15 (Applebot/0.1; +http://www.apple.com/go/applebot)"
17.246.23.177 - - [13/May/2026:12:56:53 +0000] "GET /assets/7e549121/css/font-awesome.min.css?v=1503585073 HTTP/1.1" 200 26711 "https://oinversion.com/" "Mozilla/5.0 (Macintosh; Intel Mac OS X 10_15_7) AppleWebKit/605.1.15 (KHTML, like Gecko) Version/17.4 Safari/605.1.15 (Applebot/0.1; +http://www.apple.com/go/applebot)"
17.246.23.198 - - [13/May/2026:12:56:54 +0000] "GET /assets/62f7db0b/jquery.js?v=1463765083 HTTP/1.1" 200 257551 "https://oinversion.com/" "Mozilla/5.0 (Macintosh; Intel Mac OS X 10_15_7) AppleWebKit/605.1.15 (KHTML, like Gecko) Version/17.4 Safari/605.1.15 (Applebot/0.1; +http://www.apple.com/go/applebot)"
17.246.15.252 - - [13/May/2026:12:56:56 +0000] "GET /assets/7e549121/css/stylesheet.css?v=1666108212 HTTP/1.1" 200 82744 "https://oinversion.com/" "Mozilla/5.0 (Macintosh; Intel Mac OS X 10_15_7) AppleWebKit/605.1.15 (KHTML, like Gecko) Version/17.4 Safari/605.1.15 (Applebot/0.1; +http://www.apple.com/go/applebot)"
17.246.19.89 - - [13/May/2026:12:56:57 +0000] "GET /assets/fe2b9edf/yii.js?v=1468244202 HTTP/1.1" 200 16019 "https://oinversion.com/" "Mozilla/5.0 (Macintosh; Intel Mac OS X 10_15_7) AppleWebKit/605.1.15 (KHTML, like Gecko) Version/17.4 Safari/605.1.15 (Applebot/0.1; +http://www.apple.com/go/applebot)"
17.246.15.100 - - [13/May/2026:12:56:59 +0000] "GET /assets/fe2b9edf/yii.activeForm.js?v=1468244202 HTTP/1.1" 200 29758 "https://oinversion.com/" "Mozilla/5.0 (Macintosh; Intel Mac OS X 10_15_7) AppleWebKit/605.1.15 (KHTML, like Gecko) Version/17.4 Safari/605.1.15 (Applebot/0.1; +http://www.apple.com/go/applebot)"
17.246.15.153 - - [13/May/2026:12:57:00 +0000] "GET /assets/2a658dd2/js/bootstrap.js?v=1469461915 HTTP/1.1" 200 69707 "https://oinversion.com/" "Mozilla/5.0 (Macintosh; Intel Mac OS X 10_15_7) AppleWebKit/605.1.15 (KHTML, like Gecko) Version/17.4 Safari/605.1.15 (Applebot/0.1; +http://www.apple.com/go/applebot)"
17.246.19.228 - - [13/May/2026:12:57:02 +0000] "GET /assets/7e549121/js/main.js?v=1503585073 HTTP/1.1" 200 2089 "https://oinversion.com/" "Mozilla/5.0 (Macintosh; Intel Mac OS X 10_15_7) AppleWebKit/605.1.15 (KHTML, like Gecko) Version/17.4 Safari/605.1.15 (Applebot/0.1; +http://www.apple.com/go/applebot)"
17.246.15.39 - - [13/May/2026:12:57:04 +0000] "GET /assets/7e549121/js/jquery.bxslider.min.js?v=1503585073 HTTP/1.1" 200 19368 "https://oinversion.com/" "Mozilla/5.0 (Macintosh; Intel Mac OS X 10_15_7) AppleWebKit/605.1.15 (KHTML, like Gecko) Version/17.4 Safari/605.1.15 (Applebot/0.1; +http://www.apple.com/go/applebot)"
17.246.15.206 - - [13/May/2026:12:57:05 +0000] "GET /assets/7e549121/js/Chart.min.js?v=1503585073 HTTP/1.1" 200 150283 "https://oinversion.com/" "Mozilla/5.0 (Macintosh; Intel Mac OS X 10_15_7) AppleWebKit/605.1.15 (KHTML, like Gecko) Version/17.4 Safari/605.1.15 (Applebot/0.1; +http://www.apple.com/go/applebot)"
17.246.19.20 - - [13/May/2026:12:57:07 +0000] "GET /assets/fe2b9edf/yii.validation.js?v=1468244202 HTTP/1.1" 200 15312 "https://oinversion.com/" "Mozilla/5.0 (Macintosh; Intel Mac OS X 10_15_7) AppleWebKit/605.1.15 (KHTML, like Gecko) Version/17.4 Safari/605.1.15 (Applebot/0.1; +http://www.apple.com/go/applebot)"
66.249.79.139 - - [13/May/2026:12:57:12 +0000] "GET /contacto HTTP/1.1" 200 59796 "-" "Mozilla/5.0 (Linux; Android 6.0.1; Nexus 5X Build/MMB29P) AppleWebKit/537.36 (KHTML, like Gecko) Chrome/148.0.7778.96 Mobile Safari/537.36 (compatible; Googlebot/2.1; +http://www.google.com/bot.html)"
66.249.78.40 - - [13/May/2026:12:58:37 +0000] "GET /contacto HTTP/1.1" 200 59796 "-" "Mozilla/5.0 (Linux; Android 6.0.1; Nexus 5X Build/MMB29P) AppleWebKit/537.36 (KHTML, like Gecko) Chrome/148.0.7778.96 Mobile Safari/537.36 (compatible; Googlebot/2.1; +http://www.google.com/bot.html)"
66.249.79.137 - - [13/May/2026:12:59:17 +0000] "GET /contacto HTTP/1.1" 200 59796 "-" "Mozilla/5.0 (Linux; Android 6.0.1; Nexus 5X Build/MMB29P) AppleWebKit/537.36 (KHTML, like Gecko) Chrome/148.0.7778.96 Mobile Safari/537.36 (compatible; Googlebot/2.1; +http://www.google.com/bot.html)"
66.249.78.41 - - [13/May/2026:13:02:48 +0000] "GET /contacto HTTP/1.1" 200 59796 "-" "Mozilla/5.0 (Linux; Android 6.0.1; Nexus 5X Build/MMB29P) AppleWebKit/537.36 (KHTML, like Gecko) Chrome/148.0.7778.96 Mobile Safari/537.36 (compatible; Googlebot/2.1; +http://www.google.com/bot.html)"
66.249.78.41 - - [13/May/2026:13:03:48 +0000] "GET /contacto HTTP/1.1" 200 59796 "-" "Mozilla/5.0 (Linux; Android 6.0.1; Nexus 5X Build/MMB29P) AppleWebKit/537.36 (KHTML, like Gecko) Chrome/148.0.7778.96 Mobile Safari/537.36 (compatible; Googlebot/2.1; +http://www.google.com/bot.html)"
66.249.79.137 - - [13/May/2026:13:06:35 +0000] "GET /proyectos HTTP/1.1" 200 59754 "-" "Mozilla/5.0 (Linux; Android 6.0.1; Nexus 5X Build/MMB29P) AppleWebKit/537.36 (KHTML, like Gecko) Chrome/148.0.7778.96 Mobile Safari/537.36 (compatible; Googlebot/2.1; +http://www.google.com/bot.html)"
66.249.79.138 - - [13/May/2026:13:10:59 +0000] "GET /contacto HTTP/1.1" 200 59796 "-" "Mozilla/5.0 (Linux; Android 6.0.1; Nexus 5X Build/MMB29P) AppleWebKit/537.36 (KHTML, like Gecko) Chrome/148.0.7778.96 Mobile Safari/537.36 (compatible; Googlebot/2.1; +http://www.google.com/bot.html)"
66.249.79.139 - - [13/May/2026:13:15:54 +0000] "GET /contacto HTTP/1.1" 200 59796 "-" "Mozilla/5.0 (Linux; Android 6.0.1; Nexus 5X Build/MMB29P) AppleWebKit/537.36 (KHTML, like Gecko) Chrome/148.0.7778.96 Mobile Safari/537.36 (compatible; Googlebot/2.1; +http://www.google.com/bot.html)"
34.205.170.13 - - [13/May/2026:13:18:14 +0000] "GET /coinversion HTTP/1.1" 200 253555 "-" "Mozilla/5.0 AppleWebKit/537.36 (KHTML, like Gecko; compatible; Amazonbot/0.1; +https://developer.amazon.com/support/amazonbot) Chrome/119.0.6045.214 Safari/537.36"
140.213.128.32 - - [13/May/2026:13:21:20 +0000] "GET /blog/tag/socimis HTTP/2.0" 200 59804 "https://www.google.com/" "Mozilla/5.0 (Linux; Android 8.1.0; vivo 1724) AppleWebKit/537.36 (KHTML, like Gecko) Chrome/70.0.3538.110 Mobile Safari/537.36"
66.249.79.137 - - [13/May/2026:13:22:48 +0000] "GET /contacto HTTP/1.1" 200 59796 "-" "Mozilla/5.0 (Linux; Android 6.0.1; Nexus 5X Build/MMB29P) AppleWebKit/537.36 (KHTML, like Gecko) Chrome/148.0.7778.96 Mobile Safari/537.36 (compatible; Googlebot/2.1; +http://www.google.com/bot.html)"
66.249.78.39 - - [13/May/2026:13:27:11 +0000] "GET /contacto HTTP/1.1" 200 59796 "-" "Mozilla/5.0 (Linux; Android 6.0.1; Nexus 5X Build/MMB29P) AppleWebKit/537.36 (KHTML, like Gecko) Chrome/148.0.7778.96 Mobile Safari/537.36 (compatible; Googlebot/2.1; +http://www.google.com/bot.html)"
66.249.79.137 - - [13/May/2026:13:28:02 +0000] "GET /contacto HTTP/1.1" 200 59796 "-" "Mozilla/5.0 (Linux; Android 6.0.1; Nexus 5X Build/MMB29P) AppleWebKit/537.36 (KHTML, like Gecko) Chrome/148.0.7778.96 Mobile Safari/537.36 (compatible; Googlebot/2.1; +http://www.google.com/bot.html)"
3.93.211.16 - - [13/May/2026:13:32:52 +0000] "GET /fondos-de-inversion HTTP/1.1" 200 317883 "-" "Mozilla/5.0 AppleWebKit/537.36 (KHTML, like Gecko; compatible; Amazonbot/0.1; +https://developer.amazon.com/support/amazonbot) Chrome/119.0.6045.214 Safari/537.36"
66.249.78.40 - - [13/May/2026:13:33:05 +0000] "GET /contacto HTTP/1.1" 200 59796 "-" "Mozilla/5.0 (Linux; Android 6.0.1; Nexus 5X Build/MMB29P) AppleWebKit/537.36 (KHTML, like Gecko) Chrome/148.0.7778.96 Mobile Safari/537.36 (compatible; Googlebot/2.1; +http://www.google.com/bot.html)"
182.2.101.177 - - [13/May/2026:13:33:18 +0000] "GET /contacto HTTP/2.0" 200 59783 "https://www.google.com/" "Mozilla/5.0 (Linux; Android 10; K) AppleWebKit/537.36 (KHTML, like Gecko) Chrome/147.0.0.0 Mobile Safari/537.36"
66.249.79.138 - - [13/May/2026:13:35:49 +0000] "GET /contacto HTTP/1.1" 200 59796 "-" "Mozilla/5.0 (Linux; Android 6.0.1; Nexus 5X Build/MMB29P) AppleWebKit/537.36 (KHTML, like Gecko) Chrome/148.0.7778.96 Mobile Safari/537.36 (compatible; Googlebot/2.1; +http://www.google.com/bot.html)"
110.249.201.207 - - [13/May/2026:13:36:23 +0000] "GET /assets/7e549121/img/computer.jpg HTTP/2.0" 200 33428 "https://oinversion.com/" "Mozilla/5.0 (Linux; Android 5.0) AppleWebKit/537.36 (KHTML, like Gecko) Mobile Safari/537.36 (compatible; Bytespider; https://zhanzhang.toutiao.com/)"
66.249.79.138 - - [13/May/2026:13:39:13 +0000] "GET /contacto HTTP/1.1" 200 59796 "-" "Mozilla/5.0 (Linux; Android 6.0.1; Nexus 5X Build/MMB29P) AppleWebKit/537.36 (KHTML, like Gecko) Chrome/148.0.7778.96 Mobile Safari/537.36 (compatible; Googlebot/2.1; +http://www.google.com/bot.html)"
66.249.79.139 - - [13/May/2026:13:41:51 +0000] "GET /contacto HTTP/1.1" 200 59796 "-" "Mozilla/5.0 (Linux; Android 6.0.1; Nexus 5X Build/MMB29P) AppleWebKit/537.36 (KHTML, like Gecko) Chrome/148.0.7778.96 Mobile Safari/537.36 (compatible; Googlebot/2.1; +http://www.google.com/bot.html)"
45.91.88.142 - - [13/May/2026:13:44:52 +0000] "GET /uploads/blog-post/30-featured-Invertir%20en%20vivienda%202021%20Oinversi%C3%B3n%20(3).png HTTP/1.1" 200 386985 "-" "Mozilla/5.0 (compatible; crawler)"
47.128.18.94 - - [13/May/2026:13:46:48 +0000] "GET /assets/7e549121/css/stylesheet.css?v=1666108212 HTTP/2.0" 200 12976 "https://www.oinversion.com/tapestries" "Mozilla/5.0 (Linux; Android 5.0) AppleWebKit/537.36 (KHTML, like Gecko) Mobile Safari/537.36 (compatible; Bytespider; spider-feedback@bytedance.com)"
47.128.18.94 - - [13/May/2026:13:46:48 +0000] "GET /assets/2a658dd2/css/bootstrap.css?v=1469461915 HTTP/2.0" 200 19416 "https://www.oinversion.com/tapestries" "Mozilla/5.0 (Linux; Android 5.0) AppleWebKit/537.36 (KHTML, like Gecko) Mobile Safari/537.36 (compatible; Bytespider; spider-feedback@bytedance.com)"
47.128.18.94 - - [13/May/2026:13:46:50 +0000] "GET /assets/7e549121/css/font-awesome.min.css?v=1503585073 HTTP/2.0" 200 5706 "https://www.oinversion.com/tapestries" "Mozilla/5.0 (Linux; Android 5.0) AppleWebKit/537.36 (KHTML, like Gecko) Mobile Safari/537.36 (compatible; Bytespider; spider-feedback@bytedance.com)"
47.128.18.94 - - [13/May/2026:13:46:50 +0000] "GET /assets/7e549121/img/logo-oinversion-fondo-oscuro.svg HTTP/2.0" 206 500 "https://www.oinversion.com/tapestries" "Mozilla/5.0 (Linux; Android 5.0) AppleWebKit/537.36 (KHTML, like Gecko) Mobile Safari/537.36 (compatible; Bytespider; spider-feedback@bytedance.com)"
47.128.18.94 - - [13/May/2026:13:46:51 +0000] "GET /assets/7e549121/img/ico-twitter.svg HTTP/2.0" 206 500 "https://www.oinversion.com/tapestries" "Mozilla/5.0 (Linux; Android 5.0) AppleWebKit/537.36 (KHTML, like Gecko) Mobile Safari/537.36 (compatible; Bytespider; spider-feedback@bytedance.com)"
47.128.18.94 - - [13/May/2026:13:46:52 +0000] "GET /assets/7e549121/img/logo-oinversion-fondo-oscuro.svg HTTP/2.0" 304 0 "https://www.oinversion.com/tapestries" "Mozilla/5.0 (Linux; Android 5.0) AppleWebKit/537.36 (KHTML, like Gecko) Mobile Safari/537.36 (compatible; Bytespider; spider-feedback@bytedance.com)"
47.128.18.94 - - [13/May/2026:13:46:53 +0000] "GET /assets/7e549121/img/logo-oinversion-fondo-oscuro.svg HTTP/2.0" 206 4206 "https://www.oinversion.com/tapestries" "Mozilla/5.0 (Linux; Android 5.0) AppleWebKit/537.36 (KHTML, like Gecko) Mobile Safari/537.36 (compatible; Bytespider; spider-feedback@bytedance.com)"
47.128.18.94 - - [13/May/2026:13:46:53 +0000] "GET /assets/7e549121/img/ico-twitter.svg HTTP/2.0" 304 0 "https://www.oinversion.com/tapestries" "Mozilla/5.0 (Linux; Android 5.0) AppleWebKit/537.36 (KHTML, like Gecko) Mobile Safari/537.36 (compatible; Bytespider; spider-feedback@bytedance.com)"
47.128.18.94 - - [13/May/2026:13:46:54 +0000] "GET /assets/7e549121/img/ico-twitter.svg HTTP/2.0" 206 1897 "https://www.oinversion.com/tapestries" "Mozilla/5.0 (Linux; Android 5.0) AppleWebKit/537.36 (KHTML, like Gecko) Mobile Safari/537.36 (compatible; Bytespider; spider-feedback@bytedance.com)"
47.128.18.80 - - [13/May/2026:13:48:11 +0000] "GET /assets/7e549121/css/stylesheet.css?v=1666108212 HTTP/2.0" 200 12976 "https://www.oinversion.com/tag-directory" "Mozilla/5.0 (Linux; Android 5.0) AppleWebKit/537.36 (KHTML, like Gecko) Mobile Safari/537.36 (compatible; Bytespider; spider-feedback@bytedance.com)"
47.128.18.80 - - [13/May/2026:13:48:11 +0000] "GET /assets/7e549121/img/logo-oinversion-fondo-claro.svg HTTP/2.0" 206 500 "https://www.oinversion.com/tag-directory" "Mozilla/5.0 (Linux; Android 5.0) AppleWebKit/537.36 (KHTML, like Gecko) Mobile Safari/537.36 (compatible; Bytespider; spider-feedback@bytedance.com)"
47.128.18.80 - - [13/May/2026:13:48:11 +0000] "GET /assets/7e549121/img/logo-oinversion-fondo-oscuro.svg HTTP/2.0" 206 500 "https://www.oinversion.com/tag-directory" "Mozilla/5.0 (Linux; Android 5.0) AppleWebKit/537.36 (KHTML, like Gecko) Mobile Safari/537.36 (compatible; Bytespider; spider-feedback@bytedance.com)"
47.128.18.80 - - [13/May/2026:13:48:12 +0000] "GET /assets/7e549121/img/logo-oinversion-fondo-claro.svg HTTP/2.0" 304 0 "https://www.oinversion.com/tag-directory" "Mozilla/5.0 (Linux; Android 5.0) AppleWebKit/537.36 (KHTML, like Gecko) Mobile Safari/537.36 (compatible; Bytespider; spider-feedback@bytedance.com)"
47.128.18.80 - - [13/May/2026:13:48:12 +0000] "GET /assets/7e549121/img/ico-twitter.svg HTTP/2.0" 206 500 "https://www.oinversion.com/tag-directory" "Mozilla/5.0 (Linux; Android 5.0) AppleWebKit/537.36 (KHTML, like Gecko) Mobile Safari/537.36 (compatible; Bytespider; spider-feedback@bytedance.com)"
47.128.18.80 - - [13/May/2026:13:48:12 +0000] "GET /assets/7e549121/img/logo-oinversion-fondo-oscuro.svg HTTP/2.0" 304 0 "https://www.oinversion.com/tag-directory" "Mozilla/5.0 (Linux; Android 5.0) AppleWebKit/537.36 (KHTML, like Gecko) Mobile Safari/537.36 (compatible; Bytespider; spider-feedback@bytedance.com)"
47.128.18.80 - - [13/May/2026:13:48:12 +0000] "GET /assets/7e549121/img/ico-facebook.svg HTTP/2.0" 206 500 "https://www.oinversion.com/tag-directory" "Mozilla/5.0 (Linux; Android 5.0) AppleWebKit/537.36 (KHTML, like Gecko) Mobile Safari/537.36 (compatible; Bytespider; spider-feedback@bytedance.com)"
47.128.18.80 - - [13/May/2026:13:48:14 +0000] "GET /assets/7e549121/img/logo-oinversion-fondo-oscuro.svg HTTP/2.0" 206 4206 "https://www.oinversion.com/tag-directory" "Mozilla/5.0 (Linux; Android 5.0) AppleWebKit/537.36 (KHTML, like Gecko) Mobile Safari/537.36 (compatible; Bytespider; spider-feedback@bytedance.com)"
47.128.18.80 - - [13/May/2026:13:48:14 +0000] "GET /assets/7e549121/img/logo-oinversion-fondo-claro.svg HTTP/2.0" 206 4617 "https://www.oinversion.com/tag-directory" "Mozilla/5.0 (Linux; Android 5.0) AppleWebKit/537.36 (KHTML, like Gecko) Mobile Safari/537.36 (compatible; Bytespider; spider-feedback@bytedance.com)"
47.128.18.80 - - [13/May/2026:13:48:15 +0000] "GET /assets/7e549121/img/ico-twitter.svg HTTP/2.0" 304 0 "https://www.oinversion.com/tag-directory" "Mozilla/5.0 (Linux; Android 5.0) AppleWebKit/537.36 (KHTML, like Gecko) Mobile Safari/537.36 (compatible; Bytespider; spider-feedback@bytedance.com)"
47.128.18.80 - - [13/May/2026:13:48:15 +0000] "GET /assets/7e549121/img/ico-facebook.svg HTTP/2.0" 304 0 "https://www.oinversion.com/tag-directory" "Mozilla/5.0 (Linux; Android 5.0) AppleWebKit/537.36 (KHTML, like Gecko) Mobile Safari/537.36 (compatible; Bytespider; spider-feedback@bytedance.com)"
47.128.18.80 - - [13/May/2026:13:48:16 +0000] "GET /assets/7e549121/img/ico-facebook.svg HTTP/2.0" 206 1119 "https://www.oinversion.com/tag-directory" "Mozilla/5.0 (Linux; Android 5.0) AppleWebKit/537.36 (KHTML, like Gecko) Mobile Safari/537.36 (compatible; Bytespider; spider-feedback@bytedance.com)"
47.128.18.80 - - [13/May/2026:13:48:16 +0000] "GET /assets/7e549121/img/ico-twitter.svg HTTP/2.0" 206 1897 "https://www.oinversion.com/tag-directory" "Mozilla/5.0 (Linux; Android 5.0) AppleWebKit/537.36 (KHTML, like Gecko) Mobile Safari/537.36 (compatible; Bytespider; spider-feedback@bytedance.com)"
66.249.79.138 - - [13/May/2026:13:49:39 +0000] "GET /contacto HTTP/1.1" 200 59796 "-" "Mozilla/5.0 (Linux; Android 6.0.1; Nexus 5X Build/MMB29P) AppleWebKit/537.36 (KHTML, like Gecko) Chrome/148.0.7778.96 Mobile Safari/537.36 (compatible; Googlebot/2.1; +http://www.google.com/bot.html)"
66.249.79.138 - - [13/May/2026:13:51:01 +0000] "GET /contacto HTTP/1.1" 200 59796 "-" "Mozilla/5.0 (Linux; Android 6.0.1; Nexus 5X Build/MMB29P) AppleWebKit/537.36 (KHTML, like Gecko) Chrome/148.0.7778.96 Mobile Safari/537.36 (compatible; Googlebot/2.1; +http://www.google.com/bot.html)"
17.22.253.176 - - [13/May/2026:13:54:15 +0000] "GET /uploads/blog-post/6-featured-inversiones_espana-2016-2017.jpg HTTP/1.1" 200 136800 "-" "Mozilla/5.0 (Macintosh; Intel Mac OS X 10_15_7) AppleWebKit/605.1.15 (KHTML, like Gecko) Version/17.4 Safari/605.1.15 (Applebot/0.1; +http://www.apple.com/go/applebot)"
109.166.40.63 - - [13/May/2026:13:55:48 +0000] "GET /proyectos HTTP/2.0" 200 59741 "-" "Mozilla/5.0 (Windows NT 10.0; Win64; x64) AppleWebKit/537.36 (KHTML, like Gecko) Chrome/145.0.0.0 Safari/537.36"
109.166.40.63 - - [13/May/2026:13:55:50 +0000] "GET /assets/fe2b9edf/yii.js?v=1468244202 HTTP/2.0" 200 4000 "-" "Mozilla/5.0 (Windows NT 10.0; Win64; x64) AppleWebKit/537.36 (KHTML, like Gecko) Chrome/145.0.0.0 Safari/537.36"
109.166.40.63 - - [13/May/2026:13:55:51 +0000] "GET /assets/fe2b9edf/yii.activeForm.js?v=1468244202 HTTP/2.0" 200 5753 "-" "Mozilla/5.0 (Windows NT 10.0; Win64; x64) AppleWebKit/537.36 (KHTML, like Gecko) Chrome/145.0.0.0 Safari/537.36"
109.166.40.63 - - [13/May/2026:13:55:51 +0000] "GET /assets/7e549121/js/main.js?v=1503585073 HTTP/2.0" 200 579 "-" "Mozilla/5.0 (Windows NT 10.0; Win64; x64) AppleWebKit/537.36 (KHTML, like Gecko) Chrome/145.0.0.0 Safari/537.36"
109.166.40.63 - - [13/May/2026:13:55:51 +0000] "GET /assets/7e549121/js/Chart.min.js?v=1503585073 HTTP/2.0" 200 41188 "-" "Mozilla/5.0 (Windows NT 10.0; Win64; x64) AppleWebKit/537.36 (KHTML, like Gecko) Chrome/145.0.0.0 Safari/537.36"
109.166.40.63 - - [13/May/2026:13:55:54 +0000] "GET /assets/fe2b9edf/yii.validation.js?v=1468244202 HTTP/2.0" 200 2576 "-" "Mozilla/5.0 (Windows NT 10.0; Win64; x64) AppleWebKit/537.36 (KHTML, like Gecko) Chrome/145.0.0.0 Safari/537.36"
109.166.40.63 - - [13/May/2026:13:55:54 +0000] "GET /contacto HTTP/2.0" 200 59783 "-" "Mozilla/5.0 (Windows NT 10.0; Win64; x64) AppleWebKit/537.36 (KHTML, like Gecko) Chrome/145.0.0.0 Safari/537.36"
109.166.40.63 - - [13/May/2026:13:55:56 +0000] "GET /assets/cf9ef75a/yii.js?v=1468244202 HTTP/2.0" 200 4000 "-" "Mozilla/5.0 (Windows NT 10.0; Win64; x64) AppleWebKit/537.36 (KHTML, like Gecko) Chrome/145.0.0.0 Safari/537.36"
109.166.40.63 - - [13/May/2026:13:55:56 +0000] "GET /assets/cf9ef75a/yii.activeForm.js?v=1468244202 HTTP/2.0" 200 5753 "-" "Mozilla/5.0 (Windows NT 10.0; Win64; x64) AppleWebKit/537.36 (KHTML, like Gecko) Chrome/145.0.0.0 Safari/537.36"
109.166.40.63 - - [13/May/2026:13:55:57 +0000] "GET /assets/ce95ab48/js/main.js?v=1503585073 HTTP/2.0" 200 579 "-" "Mozilla/5.0 (Windows NT 10.0; Win64; x64) AppleWebKit/537.36 (KHTML, like Gecko) Chrome/145.0.0.0 Safari/537.36"
109.166.40.63 - - [13/May/2026:13:55:57 +0000] "GET /assets/ce95ab48/js/Chart.min.js?v=1503585073 HTTP/2.0" 200 41188 "-" "Mozilla/5.0 (Windows NT 10.0; Win64; x64) AppleWebKit/537.36 (KHTML, like Gecko) Chrome/145.0.0.0 Safari/537.36"
109.166.40.63 - - [13/May/2026:13:55:59 +0000] "GET /assets/cf9ef75a/yii.validation.js?v=1468244202 HTTP/2.0" 200 2576 "-" "Mozilla/5.0 (Windows NT 10.0; Win64; x64) AppleWebKit/537.36 (KHTML, like Gecko) Chrome/145.0.0.0 Safari/537.36"
109.166.40.63 - - [13/May/2026:13:55:59 +0000] "GET /assets/941a22b7/yii.js?v=1468244202 HTTP/2.0" 200 4000 "-" "Mozilla/5.0 (Windows NT 10.0; Win64; x64) AppleWebKit/537.36 (KHTML, like Gecko) Chrome/145.0.0.0 Safari/537.36"
109.166.40.63 - - [13/May/2026:13:55:59 +0000] "GET /assets/941a22b7/yii.activeForm.js?v=1468244202 HTTP/2.0" 200 5753 "-" "Mozilla/5.0 (Windows NT 10.0; Win64; x64) AppleWebKit/537.36 (KHTML, like Gecko) Chrome/145.0.0.0 Safari/537.36"
109.166.40.63 - - [13/May/2026:13:56:02 +0000] "GET /assets/941a22b7/yii.validation.js?v=1468244202 HTTP/2.0" 200 2576 "-" "Mozilla/5.0 (Windows NT 10.0; Win64; x64) AppleWebKit/537.36 (KHTML, like Gecko) Chrome/145.0.0.0 Safari/537.36"
109.166.40.63 - - [13/May/2026:13:56:02 +0000] "GET /assets/8b9db211/yii.js?v=1468244202 HTTP/2.0" 200 4000 "-" "Mozilla/5.0 (Windows NT 10.0; Win64; x64) AppleWebKit/537.36 (KHTML, like Gecko) Chrome/145.0.0.0 Safari/537.36"
109.166.40.63 - - [13/May/2026:13:56:03 +0000] "GET /assets/8b9db211/yii.activeForm.js?v=1468244202 HTTP/2.0" 200 5753 "-" "Mozilla/5.0 (Windows NT 10.0; Win64; x64) AppleWebKit/537.36 (KHTML, like Gecko) Chrome/145.0.0.0 Safari/537.36"
109.166.40.63 - - [13/May/2026:13:56:03 +0000] "GET /assets/8b9db211/yii.validation.js?v=1468244202 HTTP/2.0" 200 2576 "-" "Mozilla/5.0 (Windows NT 10.0; Win64; x64) AppleWebKit/537.36 (KHTML, like Gecko) Chrome/145.0.0.0 Safari/537.36"
66.249.78.41 - - [13/May/2026:13:56:48 +0000] "GET /contacto HTTP/1.1" 200 59796 "-" "Mozilla/5.0 (Linux; Android 6.0.1; Nexus 5X Build/MMB29P) AppleWebKit/537.36 (KHTML, like Gecko) Chrome/148.0.7778.96 Mobile Safari/537.36 (compatible; Googlebot/2.1; +http://www.google.com/bot.html)"
176.36.146.80 - - [13/May/2026:13:58:36 +0000] "GET /contacto HTTP/1.0" 200 314872 "https://oinversion.com/contacto" "Mozilla/5.0 (Windows NT 10.0; Win64; x64) AppleWebKit/537.36 (KHTML, like Gecko) Chrome/129.0.0.0 Safari/537.36"
176.36.146.80 - - [13/May/2026:13:58:36 +0000] "GET /contacto HTTP/1.0" 200 314872 "https://www.oinversion.com/contacto" "Mozilla/5.0 (Windows NT 10.0; Win64; x64) AppleWebKit/537.36 (KHTML, like Gecko) Chrome/129.0.0.0 Safari/537.36"
66.249.79.137 - - [13/May/2026:13:59:16 +0000] "GET /contacto HTTP/1.1" 200 59796 "-" "Mozilla/5.0 (Linux; Android 6.0.1; Nexus 5X Build/MMB29P) AppleWebKit/537.36 (KHTML, like Gecko) Chrome/148.0.7778.96 Mobile Safari/537.36 (compatible; Googlebot/2.1; +http://www.google.com/bot.html)"
66.249.79.139 - - [13/May/2026:14:00:28 +0000] "GET /contacto HTTP/1.1" 200 59796 "-" "Mozilla/5.0 (Linux; Android 6.0.1; Nexus 5X Build/MMB29P) AppleWebKit/537.36 (KHTML, like Gecko) Chrome/148.0.7778.96 Mobile Safari/537.36 (compatible; Googlebot/2.1; +http://www.google.com/bot.html)"
66.249.79.138 - - [13/May/2026:14:02:02 +0000] "GET /contacto HTTP/1.1" 200 59796 "-" "Mozilla/5.0 (Linux; Android 6.0.1; Nexus 5X Build/MMB29P) AppleWebKit/537.36 (KHTML, like Gecko) Chrome/148.0.7778.96 Mobile Safari/537.36 (compatible; Googlebot/2.1; +http://www.google.com/bot.html)"
66.249.78.39 - - [13/May/2026:14:02:42 +0000] "GET /contacto HTTP/1.1" 200 59796 "-" "Mozilla/5.0 (Linux; Android 6.0.1; Nexus 5X Build/MMB29P) AppleWebKit/537.36 (KHTML, like Gecko) Chrome/148.0.7778.96 Mobile Safari/537.36 (compatible; Googlebot/2.1; +http://www.google.com/bot.html)"
66.249.79.138 - - [13/May/2026:14:04:16 +0000] "GET /contacto HTTP/1.1" 200 59796 "-" "Mozilla/5.0 (Linux; Android 6.0.1; Nexus 5X Build/MMB29P) AppleWebKit/537.36 (KHTML, like Gecko) Chrome/148.0.7778.96 Mobile Safari/537.36 (compatible; Googlebot/2.1; +http://www.google.com/bot.html)"
66.249.78.39 - - [13/May/2026:14:04:29 +0000] "GET /contacto HTTP/1.1" 200 59796 "-" "Mozilla/5.0 (Linux; Android 6.0.1; Nexus 5X Build/MMB29P) AppleWebKit/537.36 (KHTML, like Gecko) Chrome/148.0.7778.96 Mobile Safari/537.36 (compatible; Googlebot/2.1; +http://www.google.com/bot.html)"
66.249.78.40 - - [13/May/2026:14:05:39 +0000] "GET /contacto HTTP/1.1" 200 59796 "-" "Mozilla/5.0 (Linux; Android 6.0.1; Nexus 5X Build/MMB29P) AppleWebKit/537.36 (KHTML, like Gecko) Chrome/148.0.7778.96 Mobile Safari/537.36 (compatible; Googlebot/2.1; +http://www.google.com/bot.html)"
43.155.13.131 - - [13/May/2026:14:06:41 +0000] "GET /assets/2a658dd2/css/bootstrap.css?v=1469461915 HTTP/2.0" 200 19416 "https://oinversion.com/blog/el-inversor-inteligente-cinco-consejos-de-benjamin-graham-para-invertir-con-exito" "Mozilla/5.0 (Macintosh; Intel Mac OS X 10_15_7) AppleWebKit/537.36 (KHTML, like Gecko) Chrome/142.0.0.0 Safari/537.36"
43.155.13.131 - - [13/May/2026:14:06:41 +0000] "GET /assets/7e549121/css/font-awesome.min.css?v=1503585073 HTTP/2.0" 200 5706 "https://oinversion.com/blog/el-inversor-inteligente-cinco-consejos-de-benjamin-graham-para-invertir-con-exito" "Mozilla/5.0 (Macintosh; Intel Mac OS X 10_15_7) AppleWebKit/537.36 (KHTML, like Gecko) Chrome/142.0.0.0 Safari/537.36"
43.155.13.131 - - [13/May/2026:14:06:41 +0000] "GET /assets/7e549121/css/jquery.bxslider.css?v=1503585073 HTTP/2.0" 200 1010 "https://oinversion.com/blog/el-inversor-inteligente-cinco-consejos-de-benjamin-graham-para-invertir-con-exito" "Mozilla/5.0 (Macintosh; Intel Mac OS X 10_15_7) AppleWebKit/537.36 (KHTML, like Gecko) Chrome/142.0.0.0 Safari/537.36"
43.155.13.131 - - [13/May/2026:14:06:41 +0000] "GET /assets/7e549121/css/stylesheet.css?v=1666108212 HTTP/2.0" 200 12976 "https://oinversion.com/blog/el-inversor-inteligente-cinco-consejos-de-benjamin-graham-para-invertir-con-exito" "Mozilla/5.0 (Macintosh; Intel Mac OS X 10_15_7) AppleWebKit/537.36 (KHTML, like Gecko) Chrome/142.0.0.0 Safari/537.36"
43.155.13.131 - - [13/May/2026:14:06:41 +0000] "GET /assets/7e549121/js/main.js?v=1503585073 HTTP/2.0" 200 579 "https://oinversion.com/blog/el-inversor-inteligente-cinco-consejos-de-benjamin-graham-para-invertir-con-exito" "Mozilla/5.0 (Macintosh; Intel Mac OS X 10_15_7) AppleWebKit/537.36 (KHTML, like Gecko) Chrome/142.0.0.0 Safari/537.36"
43.155.13.131 - - [13/May/2026:14:06:41 +0000] "GET /assets/62f7db0b/jquery.js?v=1463765083 HTTP/2.0" 200 71878 "https://oinversion.com/blog/el-inversor-inteligente-cinco-consejos-de-benjamin-graham-para-invertir-con-exito" "Mozilla/5.0 (Macintosh; Intel Mac OS X 10_15_7) AppleWebKit/537.36 (KHTML, like Gecko) Chrome/142.0.0.0 Safari/537.36"
43.155.13.131 - - [13/May/2026:14:06:41 +0000] "GET /assets/fe2b9edf/yii.js?v=1468244202 HTTP/2.0" 200 4000 "https://oinversion.com/blog/el-inversor-inteligente-cinco-consejos-de-benjamin-graham-para-invertir-con-exito" "Mozilla/5.0 (Macintosh; Intel Mac OS X 10_15_7) AppleWebKit/537.36 (KHTML, like Gecko) Chrome/142.0.0.0 Safari/537.36"
43.155.13.131 - - [13/May/2026:14:06:41 +0000] "GET /assets/7e549121/js/Chart.min.js?v=1503585073 HTTP/2.0" 200 41188 "https://oinversion.com/blog/el-inversor-inteligente-cinco-consejos-de-benjamin-graham-para-invertir-con-exito" "Mozilla/5.0 (Macintosh; Intel Mac OS X 10_15_7) AppleWebKit/537.36 (KHTML, like Gecko) Chrome/142.0.0.0 Safari/537.36"
43.155.13.131 - - [13/May/2026:14:06:41 +0000] "GET /assets/fe2b9edf/yii.validation.js?v=1468244202 HTTP/2.0" 200 2576 "https://oinversion.com/blog/el-inversor-inteligente-cinco-consejos-de-benjamin-graham-para-invertir-con-exito" "Mozilla/5.0 (Macintosh; Intel Mac OS X 10_15_7) AppleWebKit/537.36 (KHTML, like Gecko) Chrome/142.0.0.0 Safari/537.36"
43.155.13.131 - - [13/May/2026:14:06:41 +0000] "GET /assets/7e549121/js/jquery.bxslider.min.js?v=1503585073 HTTP/2.0" 200 4895 "https://oinversion.com/blog/el-inversor-inteligente-cinco-consejos-de-benjamin-graham-para-invertir-con-exito" "Mozilla/5.0 (Macintosh; Intel Mac OS X 10_15_7) AppleWebKit/537.36 (KHTML, like Gecko) Chrome/142.0.0.0 Safari/537.36"
43.155.13.131 - - [13/May/2026:14:06:41 +0000] "GET /assets/2a658dd2/js/bootstrap.js?v=1469461915 HTTP/2.0" 200 13674 "https://oinversion.com/blog/el-inversor-inteligente-cinco-consejos-de-benjamin-graham-para-invertir-con-exito" "Mozilla/5.0 (Macintosh; Intel Mac OS X 10_15_7) AppleWebKit/537.36 (KHTML, like Gecko) Chrome/142.0.0.0 Safari/537.36"
43.155.13.131 - - [13/May/2026:14:06:41 +0000] "GET /assets/fe2b9edf/yii.activeForm.js?v=1468244202 HTTP/2.0" 200 5753 "https://oinversion.com/blog/el-inversor-inteligente-cinco-consejos-de-benjamin-graham-para-invertir-con-exito" "Mozilla/5.0 (Macintosh; Intel Mac OS X 10_15_7) AppleWebKit/537.36 (KHTML, like Gecko) Chrome/142.0.0.0 Safari/537.36"
66.249.78.39 - - [13/May/2026:14:09:22 +0000] "GET /contacto HTTP/1.1" 200 59796 "-" "Mozilla/5.0 (Linux; Android 6.0.1; Nexus 5X Build/MMB29P) AppleWebKit/537.36 (KHTML, like Gecko) Chrome/148.0.7778.96 Mobile Safari/537.36 (compatible; Googlebot/2.1; +http://www.google.com/bot.html)"
182.1.20.60 - - [13/May/2026:14:09:48 +0000] "GET /contacto HTTP/2.0" 200 59783 "https://www.google.com/" "Mozilla/5.0 (Linux; Android 10; K) AppleWebKit/537.36 (KHTML, like Gecko) Chrome/148.0.0.0 Mobile Safari/537.36"
182.1.20.60 - - [13/May/2026:14:09:48 +0000] "GET /contacto HTTP/2.0" 200 59783 "https://www.google.com/" "Mozilla/5.0 (Linux; Android 10; K) AppleWebKit/537.36 (KHTML, like Gecko) Chrome/148.0.0.0 Mobile Safari/537.36"
66.249.78.39 - - [13/May/2026:14:09:54 +0000] "GET /contacto HTTP/1.1" 200 59796 "-" "Mozilla/5.0 (Linux; Android 6.0.1; Nexus 5X Build/MMB29P) AppleWebKit/537.36 (KHTML, like Gecko) Chrome/148.0.7778.96 Mobile Safari/537.36 (compatible; Googlebot/2.1; +http://www.google.com/bot.html)"
66.249.79.139 - - [13/May/2026:14:11:43 +0000] "GET /contacto HTTP/1.1" 200 59796 "-" "Mozilla/5.0 (Linux; Android 6.0.1; Nexus 5X Build/MMB29P) AppleWebKit/537.36 (KHTML, like Gecko) Chrome/148.0.7778.96 Mobile Safari/537.36 (compatible; Googlebot/2.1; +http://www.google.com/bot.html)"
66.249.78.41 - - [13/May/2026:14:12:36 +0000] "GET /contacto HTTP/1.1" 200 59796 "-" "Mozilla/5.0 (Linux; Android 6.0.1; Nexus 5X Build/MMB29P) AppleWebKit/537.36 (KHTML, like Gecko) Chrome/148.0.7778.96 Mobile Safari/537.36 (compatible; Googlebot/2.1; +http://www.google.com/bot.html)"
95.108.213.150 - - [13/May/2026:14:20:35 +0000] "GET /uploads/blog-post/86-featured-descargar.jpg HTTP/1.1" 200 258377 "-" "Mozilla/5.0 (compatible; YandexImages/3.0; +http://yandex.com/bots)"
66.249.79.138 - - [13/May/2026:14:27:33 +0000] "GET /contacto HTTP/1.1" 200 59796 "-" "Mozilla/5.0 (Linux; Android 6.0.1; Nexus 5X Build/MMB29P) AppleWebKit/537.36 (KHTML, like Gecko) Chrome/148.0.7778.96 Mobile Safari/537.36 (compatible; Googlebot/2.1; +http://www.google.com/bot.html)"
66.249.78.39 - - [13/May/2026:14:32:35 +0000] "GET /contacto HTTP/1.1" 200 59796 "-" "Mozilla/5.0 (Linux; Android 6.0.1; Nexus 5X Build/MMB29P) AppleWebKit/537.36 (KHTML, like Gecko) Chrome/148.0.7778.96 Mobile Safari/537.36 (compatible; Googlebot/2.1; +http://www.google.com/bot.html)"
43.99.55.186 - - [13/May/2026:14:33:55 +0000] "GET /uploads/blog-post/111-featured-imagen-ajuste-por-inflacion.jpg HTTP/1.1" 200 66794 "https://www.oinversion.com" "Mozilla/5.0 (Windows NT 10.0; Win64; x64) AppleWebKit/537.36 (KHTML, like Gecko) Chrome/122.0.0.0 Safari/537.36"
66.249.84.192 - - [13/May/2026:14:35:38 +0000] "GET /assets/7e549121/css/jquery.bxslider.css?v=1503585073 HTTP/1.1" 200 1022 "https://www.oinversion.com/" "Mozilla/5.0 (X11; Linux x86_64) AppleWebKit/537.36 (KHTML, like Gecko) Chrome/121.0.0.0 Safari/537.36"
192.178.11.98 - - [13/May/2026:14:35:38 +0000] "GET /assets/7e549121/img/ico-blog.svg HTTP/1.1" 200 2381 "https://www.oinversion.com/blog/tag/indexados?page=2" "Mozilla/5.0 (X11; Linux x86_64) AppleWebKit/537.36 (KHTML, like Gecko) Chrome/121.0.0.0 Safari/537.36"
74.125.213.45 - - [13/May/2026:14:35:38 +0000] "GET /proyectos HTTP/1.1" 200 59754 "-" "Mozilla/5.0 (X11; Linux x86_64) AppleWebKit/537.36 (KHTML, like Gecko) Chrome/121.0.0.0 Safari/537.36"
66.249.84.194 - - [13/May/2026:14:35:38 +0000] "GET /assets/7e549121/css/font-awesome.min.css?v=1503585073 HTTP/1.1" 200 5719 "https://www.oinversion.com/" "Mozilla/5.0 (X11; Linux x86_64) AppleWebKit/537.36 (KHTML, like Gecko) Chrome/121.0.0.0 Safari/537.36"
192.178.11.98 - - [13/May/2026:14:35:38 +0000] "GET /assets/7e549121/css/jquery.bxslider.css?v=1503585073 HTTP/1.1" 200 1022 "https://www.oinversion.com/blog/tag/indexados?page=2" "Mozilla/5.0 (X11; Linux x86_64) AppleWebKit/537.36 (KHTML, like Gecko) Chrome/121.0.0.0 Safari/537.36"
66.102.6.162 - - [13/May/2026:14:35:38 +0000] "GET /fondos-de-inversion HTTP/1.1" 200 59733 "-" "Mozilla/5.0 (Linux; U; Android 4.3; en-us; SM-N900T Build/JSS15J) AppleWebKit/534.30 (KHTML, like Gecko) Version/4.0 Mobile Safari/534.30"
66.249.84.192 - - [13/May/2026:14:35:38 +0000] "GET /assets/2a658dd2/css/bootstrap.css?v=1469461915 HTTP/1.1" 200 19429 "https://www.oinversion.com/" "Mozilla/5.0 (X11; Linux x86_64) AppleWebKit/537.36 (KHTML, like Gecko) Chrome/121.0.0.0 Safari/537.36"
192.178.11.100 - - [13/May/2026:14:35:38 +0000] "GET /assets/2a658dd2/css/bootstrap.css?v=1469461915 HTTP/1.1" 200 19429 "https://www.oinversion.com/blog/tag/indexados?page=2" "Mozilla/5.0 (X11; Linux x86_64) AppleWebKit/537.36 (KHTML, like Gecko) Chrome/121.0.0.0 Safari/537.36"
192.178.11.98 - - [13/May/2026:14:35:38 +0000] "GET /assets/7e549121/css/font-awesome.min.css?v=1503585073 HTTP/1.1" 200 5719 "https://www.oinversion.com/blog/tag/indexados?page=2" "Mozilla/5.0 (X11; Linux x86_64) AppleWebKit/537.36 (KHTML, like Gecko) Chrome/121.0.0.0 Safari/537.36"
192.178.11.98 - - [13/May/2026:14:35:38 +0000] "GET /uploads/blog-post/48-featured-Copia%20de%20Copia%20de%20vender%20piso%20(10).jpg HTTP/1.1" 200 38315 "https://www.oinversion.com/blog/tag/indexados?page=2" "Mozilla/5.0 (X11; Linux x86_64) AppleWebKit/537.36 (KHTML, like Gecko) Chrome/121.0.0.0 Safari/537.36"
192.178.11.99 - - [13/May/2026:14:35:38 +0000] "GET /assets/7e549121/img/logo-oinversion-fondo-claro.svg HTTP/1.1" 200 5117 "https://www.oinversion.com/blog/tag/indexados?page=2" "Mozilla/5.0 (X11; Linux x86_64) AppleWebKit/537.36 (KHTML, like Gecko) Chrome/121.0.0.0 Safari/537.36"
192.178.11.100 - - [13/May/2026:14:35:38 +0000] "GET /assets/7e549121/css/stylesheet.css?v=1666108212 HTTP/1.1" 200 12989 "https://www.oinversion.com/blog/tag/indexados?page=2" "Mozilla/5.0 (X11; Linux x86_64) AppleWebKit/537.36 (KHTML, like Gecko) Chrome/121.0.0.0 Safari/537.36"
66.249.84.193 - - [13/May/2026:14:35:38 +0000] "GET /assets/7e549121/img/logo-oinversion-fondo-claro.svg HTTP/1.1" 200 5117 "https://www.oinversion.com/" "Mozilla/5.0 (X11; Linux x86_64) AppleWebKit/537.36 (KHTML, like Gecko) Chrome/121.0.0.0 Safari/537.36"
66.249.84.192 - - [13/May/2026:14:35:38 +0000] "GET /assets/7e549121/css/stylesheet.css?v=1666108212 HTTP/1.1" 200 12989 "https://www.oinversion.com/" "Mozilla/5.0 (X11; Linux x86_64) AppleWebKit/537.36 (KHTML, like Gecko) Chrome/121.0.0.0 Safari/537.36"
66.249.84.192 - - [13/May/2026:14:35:38 +0000] "GET /assets/7e549121/img/ico-blog.svg HTTP/1.1" 200 2381 "https://www.oinversion.com/" "Mozilla/5.0 (X11; Linux x86_64) AppleWebKit/537.36 (KHTML, like Gecko) Chrome/121.0.0.0 Safari/537.36"
192.178.11.98 - - [13/May/2026:14:35:38 +0000] "GET /assets/62f7db0b/jquery.js?v=1463765083 HTTP/1.1" 200 71892 "https://www.oinversion.com/blog/tag/indexados?page=2" "Mozilla/5.0 (X11; Linux x86_64) AppleWebKit/537.36 (KHTML, like Gecko) Chrome/121.0.0.0 Safari/537.36"
192.178.11.99 - - [13/May/2026:14:35:38 +0000] "GET /assets/2a658dd2/js/bootstrap.js?v=1469461915 HTTP/1.1" 200 13687 "https://www.oinversion.com/blog/tag/indexados?page=2" "Mozilla/5.0 (X11; Linux x86_64) AppleWebKit/537.36 (KHTML, like Gecko) Chrome/121.0.0.0 Safari/537.36"
66.249.84.193 - - [13/May/2026:14:35:38 +0000] "GET /assets/7e549121/img/computer.jpg HTTP/1.1" 200 33428 "https://www.oinversion.com/" "Mozilla/5.0 (X11; Linux x86_64) AppleWebKit/537.36 (KHTML, like Gecko) Chrome/121.0.0.0 Safari/537.36"
66.249.84.192 - - [13/May/2026:14:35:39 +0000] "GET /assets/7e549121/img/handshake.jpg HTTP/1.1" 200 96643 "https://www.oinversion.com/" "Mozilla/5.0 (X11; Linux x86_64) AppleWebKit/537.36 (KHTML, like Gecko) Chrome/121.0.0.0 Safari/537.36"
66.249.84.194 - - [13/May/2026:14:35:39 +0000] "GET /assets/62f7db0b/jquery.js?v=1463765083 HTTP/1.1" 200 71892 "https://www.oinversion.com/" "Mozilla/5.0 (X11; Linux x86_64) AppleWebKit/537.36 (KHTML, like Gecko) Chrome/121.0.0.0 Safari/537.36"
66.249.84.192 - - [13/May/2026:14:35:39 +0000] "GET /assets/fe2b9edf/yii.js?v=1468244202 HTTP/1.1" 200 4012 "https://www.oinversion.com/" "Mozilla/5.0 (X11; Linux x86_64) AppleWebKit/537.36 (KHTML, like Gecko) Chrome/121.0.0.0 Safari/537.36"
66.249.84.192 - - [13/May/2026:14:35:39 +0000] "GET /assets/fe2b9edf/yii.activeForm.js?v=1468244202 HTTP/1.1" 200 5766 "https://www.oinversion.com/" "Mozilla/5.0 (X11; Linux x86_64) AppleWebKit/537.36 (KHTML, like Gecko) Chrome/121.0.0.0 Safari/537.36"
192.178.11.99 - - [13/May/2026:14:35:39 +0000] "GET /assets/7e549121/img/ico-tags.svg HTTP/1.1" 200 1742 "https://www.oinversion.com/blog/tag/indexados?page=2" "Mozilla/5.0 (X11; Linux x86_64) AppleWebKit/537.36 (KHTML, like Gecko) Chrome/121.0.0.0 Safari/537.36"
192.178.11.100 - - [13/May/2026:14:35:39 +0000] "GET /assets/7e549121/img/ico-categorias.svg HTTP/1.1" 200 1967 "https://www.oinversion.com/blog/tag/indexados?page=2" "Mozilla/5.0 (X11; Linux x86_64) AppleWebKit/537.36 (KHTML, like Gecko) Chrome/121.0.0.0 Safari/537.36"
192.178.11.99 - - [13/May/2026:14:35:39 +0000] "GET /assets/7e549121/fonts/OpenSans%20Regular.ttf HTTP/1.1" 200 217360 "https://www.oinversion.com/assets/7e549121/css/stylesheet.css?v=1666108212" "Mozilla/5.0 (X11; Linux x86_64) AppleWebKit/537.36 (KHTML, like Gecko) Chrome/121.0.0.0 Safari/537.36"
66.249.84.193 - - [13/May/2026:14:35:39 +0000] "GET /assets/7e549121/fonts/Avenir%20Next%20Regular.otf HTTP/1.1" 200 66800 "https://www.oinversion.com/assets/7e549121/css/stylesheet.css?v=1666108212" "Mozilla/5.0 (X11; Linux x86_64) AppleWebKit/537.36 (KHTML, like Gecko) Chrome/121.0.0.0 Safari/537.36"
192.178.11.98 - - [13/May/2026:14:35:39 +0000] "GET /assets/7e549121/fonts/Avenir%20Next%20Regular.otf HTTP/1.1" 200 66800 "https://www.oinversion.com/assets/7e549121/css/stylesheet.css?v=1666108212" "Mozilla/5.0 (X11; Linux x86_64) AppleWebKit/537.36 (KHTML, like Gecko) Chrome/121.0.0.0 Safari/537.36"
192.178.11.99 - - [13/May/2026:14:35:39 +0000] "GET /assets/fe2b9edf/yii.js?v=1468244202 HTTP/1.1" 200 4012 "https://www.oinversion.com/blog/tag/indexados?page=2" "Mozilla/5.0 (X11; Linux x86_64) AppleWebKit/537.36 (KHTML, like Gecko) Chrome/121.0.0.0 Safari/537.36"
192.178.11.100 - - [13/May/2026:14:35:39 +0000] "GET /assets/7e549121/fonts/OpenSans%20Light.ttf HTTP/1.1" 200 222412 "https://www.oinversion.com/assets/7e549121/css/stylesheet.css?v=1666108212" "Mozilla/5.0 (X11; Linux x86_64) AppleWebKit/537.36 (KHTML, like Gecko) Chrome/121.0.0.0 Safari/537.36"
192.178.11.100 - - [13/May/2026:14:35:39 +0000] "GET /assets/7e549121/js/main.js?v=1503585073 HTTP/1.1" 200 591 "https://www.oinversion.com/blog/tag/indexados?page=2" "Mozilla/5.0 (X11; Linux x86_64) AppleWebKit/537.36 (KHTML, like Gecko) Chrome/121.0.0.0 Safari/537.36"
66.249.84.193 - - [13/May/2026:14:35:39 +0000] "GET /assets/7e549121/img/coinvestment.jpg HTTP/1.1" 200 58940 "https://www.oinversion.com/" "Mozilla/5.0 (X11; Linux x86_64) AppleWebKit/537.36 (KHTML, like Gecko) Chrome/121.0.0.0 Safari/537.36"
192.178.11.98 - - [13/May/2026:14:35:39 +0000] "GET /assets/7e549121/js/Chart.min.js?v=1503585073 HTTP/1.1" 200 41201 "https://www.oinversion.com/blog/tag/indexados?page=2" "Mozilla/5.0 (X11; Linux x86_64) AppleWebKit/537.36 (KHTML, like Gecko) Chrome/121.0.0.0 Safari/537.36"
192.178.11.99 - - [13/May/2026:14:35:39 +0000] "GET /assets/7e549121/img/fondo-patrimonio-blog.jpg HTTP/1.1" 200 109357 "https://www.oinversion.com/assets/7e549121/css/stylesheet.css?v=1666108212" "Mozilla/5.0 (X11; Linux x86_64) AppleWebKit/537.36 (KHTML, like Gecko) Chrome/121.0.0.0 Safari/537.36"
192.178.11.100 - - [13/May/2026:14:35:39 +0000] "GET /assets/fe2b9edf/yii.validation.js?v=1468244202 HTTP/1.1" 200 2588 "https://www.oinversion.com/blog/tag/indexados?page=2" "Mozilla/5.0 (X11; Linux x86_64) AppleWebKit/537.36 (KHTML, like Gecko) Chrome/121.0.0.0 Safari/537.36"
192.178.11.100 - - [13/May/2026:14:35:39 +0000] "GET /blog/que-es-una-inversion-pura HTTP/1.1" 200 51710 "-" "Mozilla/5.0 (X11; Linux x86_64) AppleWebKit/537.36 (KHTML, like Gecko) Chrome/121.0.0.0 Safari/537.36"
192.178.11.98 - - [13/May/2026:14:35:39 +0000] "GET /assets/7e549121/img/logo-oinversion-fondo-oscuro.svg HTTP/1.1" 200 4706 "https://www.oinversion.com/blog/tag/indexados?page=2" "Mozilla/5.0 (X11; Linux x86_64) AppleWebKit/537.36 (KHTML, like Gecko) Chrome/121.0.0.0 Safari/537.36"
192.178.11.99 - - [13/May/2026:14:35:39 +0000] "GET /assets/7e549121/img/ico-facebook.svg HTTP/1.1" 200 1619 "https://www.oinversion.com/blog/tag/indexados?page=2" "Mozilla/5.0 (X11; Linux x86_64) AppleWebKit/537.36 (KHTML, like Gecko) Chrome/121.0.0.0 Safari/537.36"
66.249.84.194 - - [13/May/2026:14:35:39 +0000] "GET /assets/2a658dd2/js/bootstrap.js?v=1469461915 HTTP/1.1" 200 13687 "https://www.oinversion.com/" "Mozilla/5.0 (X11; Linux x86_64) AppleWebKit/537.36 (KHTML, like Gecko) Chrome/121.0.0.0 Safari/537.36"
66.249.84.192 - - [13/May/2026:14:35:39 +0000] "GET /assets/2a658dd2/css/bootstrap.css?v=1469461915 HTTP/1.1" 200 19429 "https://www.oinversion.com/" "Mozilla/5.0 (Linux; U; Android 4.3; en-us; SM-N900T Build/JSS15J) AppleWebKit/534.30 (KHTML, like Gecko) Version/4.0 Mobile Safari/534.30"
192.178.11.98 - - [13/May/2026:14:35:39 +0000] "GET /assets/7e549121/img/ico-mail.svg HTTP/1.1" 200 1998 "https://www.oinversion.com/blog/tag/indexados?page=2" "Mozilla/5.0 (X11; Linux x86_64) AppleWebKit/537.36 (KHTML, like Gecko) Chrome/121.0.0.0 Safari/537.36"
66.249.84.194 - - [13/May/2026:14:35:39 +0000] "GET /assets/7e549121/css/stylesheet.css?v=1666108212 HTTP/1.1" 200 12989 "https://www.oinversion.com/" "Mozilla/5.0 (Linux; U; Android 4.3; en-us; SM-N900T Build/JSS15J) AppleWebKit/534.30 (KHTML, like Gecko) Version/4.0 Mobile Safari/534.30"
192.178.11.99 - - [13/May/2026:14:35:39 +0000] "GET /assets/7e549121/js/jquery.bxslider.min.js?v=1503585073 HTTP/1.1" 200 4908 "https://www.oinversion.com/blog/tag/indexados?page=2" "Mozilla/5.0 (X11; Linux x86_64) AppleWebKit/537.36 (KHTML, like Gecko) Chrome/121.0.0.0 Safari/537.36"
66.249.84.193 - - [13/May/2026:14:35:39 +0000] "GET /assets/2a658dd2/css/bootstrap.css?v=1469461915 HTTP/1.1" 200 19429 "https://www.oinversion.com/blog/los-cuatro-pilares-de-la-inversion" "Mozilla/5.0 (X11; Linux x86_64) AppleWebKit/537.36 (KHTML, like Gecko) Chrome/121.0.0.0 Safari/537.36"
66.249.84.192 - - [13/May/2026:14:35:39 +0000] "GET /assets/7e549121/css/stylesheet.css?v=1666108212 HTTP/1.1" 200 12989 "https://www.oinversion.com/blog/los-cuatro-pilares-de-la-inversion" "Mozilla/5.0 (X11; Linux x86_64) AppleWebKit/537.36 (KHTML, like Gecko) Chrome/121.0.0.0 Safari/537.36"
66.249.84.193 - - [13/May/2026:14:35:39 +0000] "GET /assets/7e549121/css/font-awesome.min.css?v=1503585073 HTTP/1.1" 200 5719 "https://www.oinversion.com/blog/los-cuatro-pilares-de-la-inversion" "Mozilla/5.0 (X11; Linux x86_64) AppleWebKit/537.36 (KHTML, like Gecko) Chrome/121.0.0.0 Safari/537.36"
192.178.11.98 - - [13/May/2026:14:35:39 +0000] "GET /fondos-de-inversion HTTP/1.1" 200 59733 "-" "Mozilla/5.0 (Linux; U; Android 4.3; en-us; SM-N900T Build/JSS15J) AppleWebKit/534.30 (KHTML, like Gecko) Version/4.0 Mobile Safari/534.30"
192.178.11.98 - - [13/May/2026:14:35:39 +0000] "GET /assets/fe2b9edf/yii.activeForm.js?v=1468244202 HTTP/1.1" 200 5766 "https://www.oinversion.com/blog/tag/indexados?page=2" "Mozilla/5.0 (X11; Linux x86_64) AppleWebKit/537.36 (KHTML, like Gecko) Chrome/121.0.0.0 Safari/537.36"
66.249.84.194 - - [13/May/2026:14:35:39 +0000] "GET /assets/7e549121/js/jquery.bxslider.min.js?v=1503585073 HTTP/1.1" 200 4908 "https://www.oinversion.com/" "Mozilla/5.0 (X11; Linux x86_64) AppleWebKit/537.36 (KHTML, like Gecko) Chrome/121.0.0.0 Safari/537.36"
192.178.11.100 - - [13/May/2026:14:35:39 +0000] "GET /assets/7e549121/img/ico-twitter.svg HTTP/1.1" 200 2397 "https://www.oinversion.com/blog/tag/indexados?page=2" "Mozilla/5.0 (X11; Linux x86_64) AppleWebKit/537.36 (KHTML, like Gecko) Chrome/121.0.0.0 Safari/537.36"
66.249.84.193 - - [13/May/2026:14:35:39 +0000] "GET /assets/7e549121/fonts/OpenSans%20Regular.ttf HTTP/1.1" 200 217360 "https://www.oinversion.com/assets/7e549121/css/stylesheet.css?v=1666108212" "Mozilla/5.0 (X11; Linux x86_64) AppleWebKit/537.36 (KHTML, like Gecko) Chrome/121.0.0.0 Safari/537.36"
66.249.84.194 - - [13/May/2026:14:35:40 +0000] "GET /assets/7e549121/js/Chart.min.js?v=1503585073 HTTP/1.1" 200 41201 "https://www.oinversion.com/" "Mozilla/5.0 (X11; Linux x86_64) AppleWebKit/537.36 (KHTML, like Gecko) Chrome/121.0.0.0 Safari/537.36"
66.249.84.193 - - [13/May/2026:14:35:40 +0000] "GET /assets/7e549121/fonts/OpenSans%20Light.ttf HTTP/1.1" 200 222412 "https://www.oinversion.com/assets/7e549121/css/stylesheet.css?v=1666108212" "Mozilla/5.0 (X11; Linux x86_64) AppleWebKit/537.36 (KHTML, like Gecko) Chrome/121.0.0.0 Safari/537.36"
66.249.84.194 - - [13/May/2026:14:35:40 +0000] "GET /assets/7e549121/img/logo-oinversion-fondo-claro.svg HTTP/1.1" 200 5117 "https://www.oinversion.com/" "Mozilla/5.0 (Linux; U; Android 4.3; en-us; SM-N900T Build/JSS15J) AppleWebKit/534.30 (KHTML, like Gecko) Version/4.0 Mobile Safari/534.30"
66.249.84.194 - - [13/May/2026:14:35:40 +0000] "GET /assets/7e549121/fonts/OpenSans%20Bold.ttf HTTP/1.1" 200 224592 "https://www.oinversion.com/assets/7e549121/css/stylesheet.css?v=1666108212" "Mozilla/5.0 (X11; Linux x86_64) AppleWebKit/537.36 (KHTML, like Gecko) Chrome/121.0.0.0 Safari/537.36"
66.249.84.192 - - [13/May/2026:14:35:40 +0000] "GET /assets/7e549121/img/header-home.jpg HTTP/1.1" 200 235724 "https://www.oinversion.com/assets/7e549121/css/stylesheet.css?v=1666108212" "Mozilla/5.0 (X11; Linux x86_64) AppleWebKit/537.36 (KHTML, like Gecko) Chrome/121.0.0.0 Safari/537.36"
66.249.84.193 - - [13/May/2026:14:35:40 +0000] "GET /assets/7e549121/css/jquery.bxslider.css?v=1503585073 HTTP/1.1" 200 1022 "https://www.oinversion.com/blog/los-cuatro-pilares-de-la-inversion" "Mozilla/5.0 (X11; Linux x86_64) AppleWebKit/537.36 (KHTML, like Gecko) Chrome/121.0.0.0 Safari/537.36"
66.249.84.192 - - [13/May/2026:14:35:40 +0000] "GET /assets/7e549121/img/logo-oinversion-fondo-claro.svg HTTP/1.1" 200 5117 "https://www.oinversion.com/blog/los-cuatro-pilares-de-la-inversion" "Mozilla/5.0 (X11; Linux x86_64) AppleWebKit/537.36 (KHTML, like Gecko) Chrome/121.0.0.0 Safari/537.36"
66.249.84.192 - - [13/May/2026:14:35:40 +0000] "GET /assets/7e549121/js/main.js?v=1503585073 HTTP/1.1" 200 591 "https://www.oinversion.com/" "Mozilla/5.0 (X11; Linux x86_64) AppleWebKit/537.36 (KHTML, like Gecko) Chrome/121.0.0.0 Safari/537.36"
66.249.84.192 - - [13/May/2026:14:35:40 +0000] "GET /assets/7e549121/img/ico-blog.svg HTTP/1.1" 200 2381 "https://www.oinversion.com/blog/los-cuatro-pilares-de-la-inversion" "Mozilla/5.0 (X11; Linux x86_64) AppleWebKit/537.36 (KHTML, like Gecko) Chrome/121.0.0.0 Safari/537.36"
192.178.11.100 - - [13/May/2026:14:35:40 +0000] "GET /assets/7e549121/img/fondo_footer.jpg HTTP/1.1" 200 145235 "https://www.oinversion.com/assets/7e549121/css/stylesheet.css?v=1666108212" "Mozilla/5.0 (X11; Linux x86_64) AppleWebKit/537.36 (KHTML, like Gecko) Chrome/121.0.0.0 Safari/537.36"
66.249.84.193 - - [13/May/2026:14:35:40 +0000] "GET /assets/7e549121/css/font-awesome.min.css?v=1503585073 HTTP/1.1" 200 5719 "https://www.oinversion.com/" "Mozilla/5.0 (Linux; U; Android 4.3; en-us; SM-N900T Build/JSS15J) AppleWebKit/534.30 (KHTML, like Gecko) Version/4.0 Mobile Safari/534.30"
66.249.84.194 - - [13/May/2026:14:35:40 +0000] "GET /assets/7e549121/css/jquery.bxslider.css?v=1503585073 HTTP/1.1" 200 1022 "https://www.oinversion.com/" "Mozilla/5.0 (Linux; U; Android 4.3; en-us; SM-N900T Build/JSS15J) AppleWebKit/534.30 (KHTML, like Gecko) Version/4.0 Mobile Safari/534.30"
66.249.84.193 - - [13/May/2026:14:35:40 +0000] "GET /assets/7e549121/img/ico-blog.svg HTTP/1.1" 200 2381 "https://www.oinversion.com/" "Mozilla/5.0 (Linux; U; Android 4.3; en-us; SM-N900T Build/JSS15J) AppleWebKit/534.30 (KHTML, like Gecko) Version/4.0 Mobile Safari/534.30"
192.178.11.98 - - [13/May/2026:14:35:40 +0000] "GET /uploads/blog-post/125-featured-Invertir%20(248%20x%20248%20px).png HTTP/1.1" 200 1095224 "https://www.oinversion.com/blog/tag/indexados?page=2" "Mozilla/5.0 (X11; Linux x86_64) AppleWebKit/537.36 (KHTML, like Gecko) Chrome/121.0.0.0 Safari/537.36"
66.249.84.192 - - [13/May/2026:14:35:40 +0000] "GET /assets/fe2b9edf/yii.validation.js?v=1468244202 HTTP/1.1" 200 2588 "https://www.oinversion.com/" "Mozilla/5.0 (X11; Linux x86_64) AppleWebKit/537.36 (KHTML, like Gecko) Chrome/121.0.0.0 Safari/537.36"
66.249.84.193 - - [13/May/2026:14:35:40 +0000] "GET /uploads/user-avatars/54eeaba65b0e8cc581ee9a579214d8a5f46724d66fcd5c24253891ba11204675.php3 HTTP/1.1" 200 8908 "https://www.oinversion.com/blog/los-cuatro-pilares-de-la-inversion" "Mozilla/5.0 (X11; Linux x86_64) AppleWebKit/537.36 (KHTML, like Gecko) Chrome/121.0.0.0 Safari/537.36"
66.249.84.192 - - [13/May/2026:14:35:40 +0000] "GET /assets/62f7db0b/jquery.js?v=1463765083 HTTP/1.1" 200 71892 "https://www.oinversion.com/blog/los-cuatro-pilares-de-la-inversion" "Mozilla/5.0 (X11; Linux x86_64) AppleWebKit/537.36 (KHTML, like Gecko) Chrome/121.0.0.0 Safari/537.36"
66.249.84.194 - - [13/May/2026:14:35:40 +0000] "GET /assets/fe2b9edf/yii.js?v=1468244202 HTTP/1.1" 200 4012 "https://www.oinversion.com/blog/los-cuatro-pilares-de-la-inversion" "Mozilla/5.0 (X11; Linux x86_64) AppleWebKit/537.36 (KHTML, like Gecko) Chrome/121.0.0.0 Safari/537.36"
66.249.84.193 - - [13/May/2026:14:35:40 +0000] "GET /assets/7e549121/img/arte-proyectos.png HTTP/1.1" 200 50093 "https://www.oinversion.com/" "Mozilla/5.0 (X11; Linux x86_64) AppleWebKit/537.36 (KHTML, like Gecko) Chrome/121.0.0.0 Safari/537.36"
66.249.84.193 - - [13/May/2026:14:35:40 +0000] "GET /assets/7e549121/img/logo-oinversion-fondo-oscuro.svg HTTP/1.1" 200 4706 "https://www.oinversion.com/" "Mozilla/5.0 (X11; Linux x86_64) AppleWebKit/537.36 (KHTML, like Gecko) Chrome/121.0.0.0 Safari/537.36"
