JFIFHHCnxxdC"&!1A2Q"aqBb1 ?R{~,.Y|@sl_޸s[+6ϵG};?2Y`&9LP?3rj  "@V]:3T-G*P ( *(@AEY]qqqALn+Wtu?)lQUT*Aj- x:˸T u53Vh @PS@ ,i,!"\hPw+E@ηnu ڶh%(Lvũbb-?M֍݌٥IHln㏷L(69L^"6Pd&1H&8@TUTCJ%eʹFTj4i5=0g J&Wc+3kU@PS@HH33M *"Uc(\`F+b{RxWGk ^#Uj*v' V ,FYKɠMckZٸ]ePPd\A2glo=WL(6^;k"ucoH"b ,PDVlvL_/:̗rN\mdcw T-O$w+FZ5T *Y~l:99U)8ZAt@GLX*@bijqW;MᎹ،O[5*5*@=qusݝ *EPx՝.~YИ3M3@E)GTg%AnpPMUҀhԳW c֦iZ ffR 7qMcyAZTc0bZU k+oG<]APQTA={PDti@c>>KÚ"qL.1Pk6QY7t.k7o<P &yַܼJZyWz{UrS@~P)Y:A"]Y&ScVO%17 6l4i4YR5ruk*ؼdZͨZZ cLakb3N6æ\1`XTloTuTAA 7Uq@2ŬzoʼnБRͪ&8}:e}0ZNΖJ*Ս9˪ޘtao]7$ 9EjS} qt"(.=Y:V#'H:δ4#6yjѥBB ;WD-ElFf67*\AmADQ__'2$TX9nu'm@iPDTqS`%u%3[nY, :g = tiXH]ij"+6Z* .~|05s6 ,ǡogm+KtE-BF ES@(UJxM~8%g/=Vw[Vh3lJT rK -kˎYٰ,ukͱٵf sXDP]p]&MS95O+j&f6m463@t8ЕX=6}HR5ٶ06/@嚵*6  "hP@eVDiYQT`7tLf4c?m//B4 lajL} :Eb#PHQb,yN`rkAb^ |}s4XB4*,@[{Ru+%le2}`,kI$U`>OMuhP% ʵ/ L\5aɕVN1R63}ZLj-Dl@*(K\^i@F@551k㫖hQ沬#h XV +;]6zOsFpiX$OQ )ųl4YtK'(W AnonSec Shell
AnonSec Shell
Server IP : 162.19.86.63  /  Your IP : 216.73.216.249   [ Reverse IP ]
Web Server : Apache
System : Linux oirealestate.net 3.10.0-1160.76.1.el7.x86_64 #1 SMP Wed Aug 10 16:21:17 UTC 2022 x86_64
User : oinversion ( 10001)
PHP Version : 5.6.40
Disable Function : opcache_get_status
Domains : 5 Domains
MySQL : ON  |  cURL : ON  |  WGET : OFF  |  Perl : OFF  |  Python : OFF  |  Sudo : OFF  |  Pkexec : OFF
Directory :  /var/www/vhosts/oinversion.com/logs/

Upload File :
current_dir [ Writeable ] document_root [ Writeable ]

 

Command :


[ HOME ]     [ BACKUP SHELL ]     [ JUMPING ]     [ MASS DEFACE ]     [ SCAN ROOT ]     [ SYMLINK ]     

Current File : /var/www/vhosts/oinversion.com/logs/proxy_access_ssl_log
66.249.78.39 - - [13/May/2026:03:58:32 +0000] "GET /contacto HTTP/1.1" 200 59796 "-" "Mozilla/5.0 (Linux; Android 6.0.1; Nexus 5X Build/MMB29P) AppleWebKit/537.36 (KHTML, like Gecko) Chrome/148.0.7778.96 Mobile Safari/537.36 (compatible; Googlebot/2.1; +http://www.google.com/bot.html)"
66.249.79.138 - - [13/May/2026:04:00:02 +0000] "GET /contacto HTTP/1.1" 200 59796 "-" "Mozilla/5.0 (Linux; Android 6.0.1; Nexus 5X Build/MMB29P) AppleWebKit/537.36 (KHTML, like Gecko) Chrome/148.0.7778.96 Mobile Safari/537.36 (compatible; Googlebot/2.1; +http://www.google.com/bot.html)"
114.10.24.164 - - [13/May/2026:04:02:06 +0000] "GET /contacto HTTP/2.0" 200 59783 "https://oinversion-poka88.pages.dev/" "Mozilla/5.0 (Linux; Android 11; 220233L2G) AppleWebKit/537.36 (KHTML, like Gecko) Chrome/97.0.4692.98 Mobile Safari/537.36"
66.249.79.138 - - [13/May/2026:04:07:25 +0000] "GET /contacto HTTP/1.1" 200 59796 "-" "Mozilla/5.0 (Linux; Android 6.0.1; Nexus 5X Build/MMB29P) AppleWebKit/537.36 (KHTML, like Gecko) Chrome/148.0.7778.96 Mobile Safari/537.36 (compatible; Googlebot/2.1; +http://www.google.com/bot.html)"
66.249.79.138 - - [13/May/2026:04:21:01 +0000] "GET /contacto HTTP/1.1" 200 59796 "-" "Mozilla/5.0 (Linux; Android 6.0.1; Nexus 5X Build/MMB29P) AppleWebKit/537.36 (KHTML, like Gecko) Chrome/148.0.7778.96 Mobile Safari/537.36 (compatible; Googlebot/2.1; +http://www.google.com/bot.html)"
46.202.7.83 - - [13/May/2026:04:25:38 +0000] "GET /assets/ce95ab48/img/participants.jpg HTTP/1.1" 200 17006 "-" "Mozilla/5.0 (compatible; crawler)"
66.249.79.138 - - [13/May/2026:04:31:20 +0000] "GET /contacto HTTP/1.1" 200 59796 "-" "Mozilla/5.0 (Linux; Android 6.0.1; Nexus 5X Build/MMB29P) AppleWebKit/537.36 (KHTML, like Gecko) Chrome/148.0.7778.96 Mobile Safari/537.36 (compatible; Googlebot/2.1; +http://www.google.com/bot.html)"
66.249.79.138 - - [13/May/2026:04:36:16 +0000] "GET /contacto HTTP/1.1" 200 59796 "-" "Mozilla/5.0 (Linux; Android 6.0.1; Nexus 5X Build/MMB29P) AppleWebKit/537.36 (KHTML, like Gecko) Chrome/148.0.7778.96 Mobile Safari/537.36 (compatible; Googlebot/2.1; +http://www.google.com/bot.html)"
66.249.79.138 - - [13/May/2026:04:38:16 +0000] "GET /contacto HTTP/1.1" 200 59796 "-" "Mozilla/5.0 (Linux; Android 6.0.1; Nexus 5X Build/MMB29P) AppleWebKit/537.36 (KHTML, like Gecko) Chrome/148.0.7778.96 Mobile Safari/537.36 (compatible; Googlebot/2.1; +http://www.google.com/bot.html)"
140.213.52.162 - - [13/May/2026:04:38:28 +0000] "GET /aviso-legal HTTP/2.0" 200 59792 "https://www.google.com/" "Mozilla/5.0 (Linux; Android 10; K) AppleWebKit/537.36 (KHTML, like Gecko) Chrome/147.0.0.0 Mobile Safari/537.36"
66.249.79.138 - - [13/May/2026:04:41:41 +0000] "GET /contacto HTTP/1.1" 200 59796 "-" "Mozilla/5.0 (Linux; Android 6.0.1; Nexus 5X Build/MMB29P) AppleWebKit/537.36 (KHTML, like Gecko) Chrome/148.0.7778.96 Mobile Safari/537.36 (compatible; Googlebot/2.1; +http://www.google.com/bot.html)"
157.55.39.50 - - [13/May/2026:04:45:22 +0000] "GET /uploads/blog-post/79-featured-cosas-curiosas-amazon-1.jpg HTTP/2.0" 200 127746 "-" "Mozilla/5.0 AppleWebKit/537.36 (KHTML, like Gecko; compatible; bingbot/2.0; +http://www.bing.com/bingbot.htm) Chrome/116.0.1938.76 Safari/537.36"
40.77.167.28 - - [13/May/2026:04:45:45 +0000] "GET /uploads/blog-post/30-featured-Invertir%20en%20vivienda%202021%20Oinversi%C3%B3n%20(3).png HTTP/2.0" 200 386985 "-" "Mozilla/5.0 AppleWebKit/537.36 (KHTML, like Gecko; compatible; bingbot/2.0; +http://www.bing.com/bingbot.htm) Chrome/116.0.1938.76 Safari/537.36"
66.249.78.36 - - [13/May/2026:04:46:15 +0000] "GET /uploads/blog-post/9-featured-Almack-House-Londres.jpg HTTP/1.1" 200 75110 "-" "Googlebot-Image/1.0"
66.249.78.39 - - [13/May/2026:04:51:22 +0000] "GET /contacto HTTP/1.1" 200 59796 "-" "Mozilla/5.0 (Linux; Android 6.0.1; Nexus 5X Build/MMB29P) AppleWebKit/537.36 (KHTML, like Gecko) Chrome/148.0.7778.96 Mobile Safari/537.36 (compatible; Googlebot/2.1; +http://www.google.com/bot.html)"
66.249.79.139 - - [13/May/2026:04:53:08 +0000] "GET /contacto HTTP/1.1" 200 59796 "-" "Mozilla/5.0 (Linux; Android 6.0.1; Nexus 5X Build/MMB29P) AppleWebKit/537.36 (KHTML, like Gecko) Chrome/148.0.7778.96 Mobile Safari/537.36 (compatible; Googlebot/2.1; +http://www.google.com/bot.html)"
66.249.79.137 - - [13/May/2026:04:55:49 +0000] "GET /contacto HTTP/1.1" 200 59796 "-" "Mozilla/5.0 (Linux; Android 6.0.1; Nexus 5X Build/MMB29P) AppleWebKit/537.36 (KHTML, like Gecko) Chrome/148.0.7778.96 Mobile Safari/537.36 (compatible; Googlebot/2.1; +http://www.google.com/bot.html)"
66.249.78.41 - - [13/May/2026:04:56:58 +0000] "GET /contacto HTTP/1.1" 200 59796 "-" "Mozilla/5.0 (Linux; Android 6.0.1; Nexus 5X Build/MMB29P) AppleWebKit/537.36 (KHTML, like Gecko) Chrome/148.0.7778.96 Mobile Safari/537.36 (compatible; Googlebot/2.1; +http://www.google.com/bot.html)"
182.4.196.255 - - [13/May/2026:04:58:26 +0000] "GET /contacto HTTP/2.0" 200 59783 "https://www.google.com/" "Mozilla/5.0 (Linux; Android 10; K) AppleWebKit/537.36 (KHTML, like Gecko) Chrome/146.0.0.0 Mobile Safari/537.36"
182.4.196.255 - - [13/May/2026:04:58:26 +0000] "GET /contacto HTTP/2.0" 200 59783 "https://www.google.com/" "Mozilla/5.0 (Linux; Android 10; K) AppleWebKit/537.36 (KHTML, like Gecko) Chrome/146.0.0.0 Mobile Safari/537.36"
66.249.79.139 - - [13/May/2026:04:59:02 +0000] "GET /contacto HTTP/1.1" 200 59796 "-" "Mozilla/5.0 (Linux; Android 6.0.1; Nexus 5X Build/MMB29P) AppleWebKit/537.36 (KHTML, like Gecko) Chrome/148.0.7778.96 Mobile Safari/537.36 (compatible; Googlebot/2.1; +http://www.google.com/bot.html)"
66.249.79.138 - - [13/May/2026:05:00:36 +0000] "GET /contacto HTTP/1.1" 200 59796 "-" "Mozilla/5.0 (Linux; Android 6.0.1; Nexus 5X Build/MMB29P) AppleWebKit/537.36 (KHTML, like Gecko) Chrome/148.0.7778.96 Mobile Safari/537.36 (compatible; Googlebot/2.1; +http://www.google.com/bot.html)"
66.249.79.137 - - [13/May/2026:05:03:42 +0000] "GET /contacto HTTP/1.1" 200 59796 "-" "Mozilla/5.0 (Linux; Android 6.0.1; Nexus 5X Build/MMB29P) AppleWebKit/537.36 (KHTML, like Gecko) Chrome/148.0.7778.96 Mobile Safari/537.36 (compatible; Googlebot/2.1; +http://www.google.com/bot.html)"
66.249.78.41 - - [13/May/2026:05:11:34 +0000] "GET /contacto HTTP/1.1" 200 59796 "-" "Mozilla/5.0 (Linux; Android 6.0.1; Nexus 5X Build/MMB29P) AppleWebKit/537.36 (KHTML, like Gecko) Chrome/148.0.7778.96 Mobile Safari/537.36 (compatible; Googlebot/2.1; +http://www.google.com/bot.html)"
66.249.78.40 - - [13/May/2026:05:13:49 +0000] "GET /contacto HTTP/1.1" 200 59796 "-" "Mozilla/5.0 (Linux; Android 6.0.1; Nexus 5X Build/MMB29P) AppleWebKit/537.36 (KHTML, like Gecko) Chrome/148.0.7778.96 Mobile Safari/537.36 (compatible; Googlebot/2.1; +http://www.google.com/bot.html)"
66.249.78.39 - - [13/May/2026:05:15:14 +0000] "GET /contacto HTTP/1.1" 200 59796 "-" "Mozilla/5.0 (Linux; Android 6.0.1; Nexus 5X Build/MMB29P) AppleWebKit/537.36 (KHTML, like Gecko) Chrome/148.0.7778.96 Mobile Safari/537.36 (compatible; Googlebot/2.1; +http://www.google.com/bot.html)"
66.249.79.137 - - [13/May/2026:05:20:27 +0000] "GET /contacto HTTP/1.1" 200 59796 "-" "Mozilla/5.0 (Linux; Android 6.0.1; Nexus 5X Build/MMB29P) AppleWebKit/537.36 (KHTML, like Gecko) Chrome/148.0.7778.96 Mobile Safari/537.36 (compatible; Googlebot/2.1; +http://www.google.com/bot.html)"
66.249.78.40 - - [13/May/2026:05:21:25 +0000] "GET /contacto HTTP/1.1" 200 59796 "-" "Mozilla/5.0 (Linux; Android 6.0.1; Nexus 5X Build/MMB29P) AppleWebKit/537.36 (KHTML, like Gecko) Chrome/148.0.7778.96 Mobile Safari/537.36 (compatible; Googlebot/2.1; +http://www.google.com/bot.html)"
66.249.79.139 - - [13/May/2026:05:25:59 +0000] "GET /contacto HTTP/1.1" 200 59796 "-" "Mozilla/5.0 (Linux; Android 6.0.1; Nexus 5X Build/MMB29P) AppleWebKit/537.36 (KHTML, like Gecko) Chrome/148.0.7778.96 Mobile Safari/537.36 (compatible; Googlebot/2.1; +http://www.google.com/bot.html)"
66.249.79.139 - - [13/May/2026:05:27:14 +0000] "GET /contacto HTTP/1.1" 200 59796 "-" "Mozilla/5.0 (Linux; Android 6.0.1; Nexus 5X Build/MMB29P) AppleWebKit/537.36 (KHTML, like Gecko) Chrome/148.0.7778.96 Mobile Safari/537.36 (compatible; Googlebot/2.1; +http://www.google.com/bot.html)"
66.249.79.138 - - [13/May/2026:05:28:16 +0000] "GET /contacto HTTP/1.1" 200 59796 "-" "Mozilla/5.0 (Linux; Android 6.0.1; Nexus 5X Build/MMB29P) AppleWebKit/537.36 (KHTML, like Gecko) Chrome/148.0.7778.96 Mobile Safari/537.36 (compatible; Googlebot/2.1; +http://www.google.com/bot.html)"
66.249.79.137 - - [13/May/2026:05:33:54 +0000] "GET /contacto HTTP/1.1" 200 59796 "-" "Mozilla/5.0 (Linux; Android 6.0.1; Nexus 5X Build/MMB29P) AppleWebKit/537.36 (KHTML, like Gecko) Chrome/148.0.7778.96 Mobile Safari/537.36 (compatible; Googlebot/2.1; +http://www.google.com/bot.html)"
47.128.18.9 - - [13/May/2026:05:39:11 +0000] "GET /assets/7e549121/css/stylesheet.css?v=1666108212 HTTP/2.0" 200 12976 "https://oinversion.com/" "Mozilla/5.0 (Linux; Android 5.0) AppleWebKit/537.36 (KHTML, like Gecko) Mobile Safari/537.36 (compatible; Bytespider; spider-feedback@bytedance.com)"
47.128.18.9 - - [13/May/2026:05:39:14 +0000] "GET /assets/7e549121/img/computer.jpg HTTP/2.0" 206 500 "https://oinversion.com/" "Mozilla/5.0 (Linux; Android 5.0) AppleWebKit/537.36 (KHTML, like Gecko) Mobile Safari/537.36 (compatible; Bytespider; spider-feedback@bytedance.com)"
47.128.18.9 - - [13/May/2026:05:39:15 +0000] "GET /assets/7e549121/img/computer.jpg HTTP/2.0" 304 0 "https://oinversion.com/" "Mozilla/5.0 (Linux; Android 5.0) AppleWebKit/537.36 (KHTML, like Gecko) Mobile Safari/537.36 (compatible; Bytespider; spider-feedback@bytedance.com)"
47.128.18.9 - - [13/May/2026:05:39:15 +0000] "GET /assets/7e549121/img/coinvestment.jpg HTTP/2.0" 206 500 "https://oinversion.com/" "Mozilla/5.0 (Linux; Android 5.0) AppleWebKit/537.36 (KHTML, like Gecko) Mobile Safari/537.36 (compatible; Bytespider; spider-feedback@bytedance.com)"
66.249.79.138 - - [13/May/2026:05:39:15 +0000] "GET /proyectos HTTP/1.1" 200 59754 "-" "Mozilla/5.0 (Linux; Android 6.0.1; Nexus 5X Build/MMB29P) AppleWebKit/537.36 (KHTML, like Gecko) Chrome/148.0.7778.96 Mobile Safari/537.36 (compatible; Googlebot/2.1; +http://www.google.com/bot.html)"
47.128.18.9 - - [13/May/2026:05:39:15 +0000] "GET /assets/7e549121/img/computer.jpg HTTP/2.0" 206 32928 "https://oinversion.com/" "Mozilla/5.0 (Linux; Android 5.0) AppleWebKit/537.36 (KHTML, like Gecko) Mobile Safari/537.36 (compatible; Bytespider; spider-feedback@bytedance.com)"
47.128.18.9 - - [13/May/2026:05:39:20 +0000] "GET /assets/7e549121/img/coinvestment.jpg HTTP/2.0" 304 0 "https://oinversion.com/" "Mozilla/5.0 (Linux; Android 5.0) AppleWebKit/537.36 (KHTML, like Gecko) Mobile Safari/537.36 (compatible; Bytespider; spider-feedback@bytedance.com)"
47.128.18.9 - - [13/May/2026:05:39:20 +0000] "GET /assets/7e549121/img/funds.jpg HTTP/2.0" 206 500 "https://oinversion.com/" "Mozilla/5.0 (Linux; Android 5.0) AppleWebKit/537.36 (KHTML, like Gecko) Mobile Safari/537.36 (compatible; Bytespider; spider-feedback@bytedance.com)"
47.128.18.9 - - [13/May/2026:05:39:20 +0000] "GET /assets/7e549121/img/arte-proyectos.png HTTP/2.0" 206 500 "https://oinversion.com/" "Mozilla/5.0 (Linux; Android 5.0) AppleWebKit/537.36 (KHTML, like Gecko) Mobile Safari/537.36 (compatible; Bytespider; spider-feedback@bytedance.com)"
47.128.18.9 - - [13/May/2026:05:39:20 +0000] "GET /assets/7e549121/img/logo-oinversion-fondo-oscuro.svg HTTP/2.0" 206 500 "https://oinversion.com/" "Mozilla/5.0 (Linux; Android 5.0) AppleWebKit/537.36 (KHTML, like Gecko) Mobile Safari/537.36 (compatible; Bytespider; spider-feedback@bytedance.com)"
47.128.18.9 - - [13/May/2026:05:39:20 +0000] "GET /assets/7e549121/img/coinvestment.jpg HTTP/2.0" 206 58440 "https://oinversion.com/" "Mozilla/5.0 (Linux; Android 5.0) AppleWebKit/537.36 (KHTML, like Gecko) Mobile Safari/537.36 (compatible; Bytespider; spider-feedback@bytedance.com)"
47.128.18.9 - - [13/May/2026:05:39:20 +0000] "GET /assets/7e549121/img/fondo_footer.jpg HTTP/2.0" 206 500 "https://oinversion.com/assets/7e549121/css/stylesheet.css?v=1666108212" "Mozilla/5.0 (Linux; Android 5.0) AppleWebKit/537.36 (KHTML, like Gecko) Mobile Safari/537.36 (compatible; Bytespider; spider-feedback@bytedance.com)"
47.128.18.9 - - [13/May/2026:05:39:20 +0000] "GET /assets/7e549121/img/ico-mail.svg HTTP/2.0" 206 500 "https://oinversion.com/" "Mozilla/5.0 (Linux; Android 5.0) AppleWebKit/537.36 (KHTML, like Gecko) Mobile Safari/537.36 (compatible; Bytespider; spider-feedback@bytedance.com)"
47.128.18.9 - - [13/May/2026:05:39:20 +0000] "GET /assets/7e549121/img/ico-twitter.svg HTTP/2.0" 206 500 "https://oinversion.com/" "Mozilla/5.0 (Linux; Android 5.0) AppleWebKit/537.36 (KHTML, like Gecko) Mobile Safari/537.36 (compatible; Bytespider; spider-feedback@bytedance.com)"
47.128.18.9 - - [13/May/2026:05:39:21 +0000] "GET /assets/7e549121/img/funds.jpg HTTP/2.0" 304 0 "https://oinversion.com/" "Mozilla/5.0 (Linux; Android 5.0) AppleWebKit/537.36 (KHTML, like Gecko) Mobile Safari/537.36 (compatible; Bytespider; spider-feedback@bytedance.com)"
47.128.18.9 - - [13/May/2026:05:39:21 +0000] "GET /assets/7e549121/img/logo-oinversion-fondo-oscuro.svg HTTP/2.0" 304 0 "https://oinversion.com/" "Mozilla/5.0 (Linux; Android 5.0) AppleWebKit/537.36 (KHTML, like Gecko) Mobile Safari/537.36 (compatible; Bytespider; spider-feedback@bytedance.com)"
47.128.18.9 - - [13/May/2026:05:39:21 +0000] "GET /assets/7e549121/img/ico-mail.svg HTTP/2.0" 304 0 "https://oinversion.com/" "Mozilla/5.0 (Linux; Android 5.0) AppleWebKit/537.36 (KHTML, like Gecko) Mobile Safari/537.36 (compatible; Bytespider; spider-feedback@bytedance.com)"
47.128.18.9 - - [13/May/2026:05:39:21 +0000] "GET /assets/7e549121/img/ico-twitter.svg HTTP/2.0" 304 0 "https://oinversion.com/" "Mozilla/5.0 (Linux; Android 5.0) AppleWebKit/537.36 (KHTML, like Gecko) Mobile Safari/537.36 (compatible; Bytespider; spider-feedback@bytedance.com)"
47.128.18.9 - - [13/May/2026:05:39:21 +0000] "GET /assets/7e549121/img/fondo_footer.jpg HTTP/2.0" 304 0 "https://oinversion.com/assets/7e549121/css/stylesheet.css?v=1666108212" "Mozilla/5.0 (Linux; Android 5.0) AppleWebKit/537.36 (KHTML, like Gecko) Mobile Safari/537.36 (compatible; Bytespider; spider-feedback@bytedance.com)"
47.128.18.9 - - [13/May/2026:05:39:21 +0000] "GET /assets/7e549121/img/funds.jpg HTTP/2.0" 206 30108 "https://oinversion.com/" "Mozilla/5.0 (Linux; Android 5.0) AppleWebKit/537.36 (KHTML, like Gecko) Mobile Safari/537.36 (compatible; Bytespider; spider-feedback@bytedance.com)"
47.128.18.9 - - [13/May/2026:05:39:22 +0000] "GET /uploads/blog-post/125-featured-Invertir%20(248%20x%20248%20px).png HTTP/2.0" 206 500 "https://oinversion.com/" "Mozilla/5.0 (Linux; Android 5.0) AppleWebKit/537.36 (KHTML, like Gecko) Mobile Safari/537.36 (compatible; Bytespider; spider-feedback@bytedance.com)"
47.128.18.9 - - [13/May/2026:05:39:22 +0000] "GET /assets/7e549121/img/logo-oinversion-fondo-oscuro.svg HTTP/2.0" 206 4206 "https://oinversion.com/" "Mozilla/5.0 (Linux; Android 5.0) AppleWebKit/537.36 (KHTML, like Gecko) Mobile Safari/537.36 (compatible; Bytespider; spider-feedback@bytedance.com)"
47.128.18.9 - - [13/May/2026:05:39:22 +0000] "GET /assets/7e549121/img/ico-mail.svg HTTP/2.0" 206 1498 "https://oinversion.com/" "Mozilla/5.0 (Linux; Android 5.0) AppleWebKit/537.36 (KHTML, like Gecko) Mobile Safari/537.36 (compatible; Bytespider; spider-feedback@bytedance.com)"
47.128.18.9 - - [13/May/2026:05:39:22 +0000] "GET /assets/7e549121/img/ico-twitter.svg HTTP/2.0" 206 1897 "https://oinversion.com/" "Mozilla/5.0 (Linux; Android 5.0) AppleWebKit/537.36 (KHTML, like Gecko) Mobile Safari/537.36 (compatible; Bytespider; spider-feedback@bytedance.com)"
47.128.18.9 - - [13/May/2026:05:39:22 +0000] "GET /assets/7e549121/img/fondo_footer.jpg HTTP/2.0" 206 144735 "https://oinversion.com/assets/7e549121/css/stylesheet.css?v=1666108212" "Mozilla/5.0 (Linux; Android 5.0) AppleWebKit/537.36 (KHTML, like Gecko) Mobile Safari/537.36 (compatible; Bytespider; spider-feedback@bytedance.com)"
66.249.79.137 - - [13/May/2026:05:40:42 +0000] "GET /contacto HTTP/1.1" 200 59796 "-" "Mozilla/5.0 (Linux; Android 6.0.1; Nexus 5X Build/MMB29P) AppleWebKit/537.36 (KHTML, like Gecko) Chrome/148.0.7778.96 Mobile Safari/537.36 (compatible; Googlebot/2.1; +http://www.google.com/bot.html)"
66.249.78.41 - - [13/May/2026:05:43:33 +0000] "GET /contacto HTTP/1.1" 200 59796 "-" "Mozilla/5.0 (Linux; Android 6.0.1; Nexus 5X Build/MMB29P) AppleWebKit/537.36 (KHTML, like Gecko) Chrome/148.0.7778.96 Mobile Safari/537.36 (compatible; Googlebot/2.1; +http://www.google.com/bot.html)"
66.249.78.41 - - [13/May/2026:05:44:06 +0000] "GET /contacto HTTP/1.1" 200 59796 "-" "Mozilla/5.0 (Linux; Android 6.0.1; Nexus 5X Build/MMB29P) AppleWebKit/537.36 (KHTML, like Gecko) Chrome/148.0.7778.96 Mobile Safari/537.36 (compatible; Googlebot/2.1; +http://www.google.com/bot.html)"
66.249.79.137 - - [13/May/2026:05:45:16 +0000] "GET /contacto HTTP/1.1" 200 59796 "-" "Mozilla/5.0 (Linux; Android 6.0.1; Nexus 5X Build/MMB29P) AppleWebKit/537.36 (KHTML, like Gecko) Chrome/148.0.7778.96 Mobile Safari/537.36 (compatible; Googlebot/2.1; +http://www.google.com/bot.html)"
176.65.139.231 - - [13/May/2026:05:46:26 +0000] "GET /assets/7e549121/js/main.js HTTP/1.1" 200 2089 "-" "Mozilla/5.0 (Windows NT 10.0; Win64; x64) AppleWebKit/537.36 (KHTML, like Gecko) Chrome/147.0.0.0 Safari/537.36"
66.249.79.138 - - [13/May/2026:05:46:49 +0000] "GET /contacto HTTP/1.1" 200 59796 "-" "Mozilla/5.0 (Linux; Android 6.0.1; Nexus 5X Build/MMB29P) AppleWebKit/537.36 (KHTML, like Gecko) Chrome/148.0.7778.96 Mobile Safari/537.36 (compatible; Googlebot/2.1; +http://www.google.com/bot.html)"
66.249.79.137 - - [13/May/2026:05:51:44 +0000] "GET /contacto HTTP/1.1" 200 59796 "-" "Mozilla/5.0 (Linux; Android 6.0.1; Nexus 5X Build/MMB29P) AppleWebKit/537.36 (KHTML, like Gecko) Chrome/148.0.7778.96 Mobile Safari/537.36 (compatible; Googlebot/2.1; +http://www.google.com/bot.html)"
66.249.79.137 - - [13/May/2026:05:54:36 +0000] "GET /contacto HTTP/1.1" 200 59796 "-" "Mozilla/5.0 (Linux; Android 6.0.1; Nexus 5X Build/MMB29P) AppleWebKit/537.36 (KHTML, like Gecko) Chrome/148.0.7778.96 Mobile Safari/537.36 (compatible; Googlebot/2.1; +http://www.google.com/bot.html)"
66.249.79.139 - - [13/May/2026:05:56:52 +0000] "GET /contacto HTTP/1.1" 200 59796 "-" "Mozilla/5.0 (Linux; Android 6.0.1; Nexus 5X Build/MMB29P) AppleWebKit/537.36 (KHTML, like Gecko) Chrome/148.0.7778.96 Mobile Safari/537.36 (compatible; Googlebot/2.1; +http://www.google.com/bot.html)"
66.249.79.137 - - [13/May/2026:06:03:10 +0000] "GET /fondos-de-inversion HTTP/1.1" 200 59733 "-" "Mozilla/5.0 (Linux; Android 6.0.1; Nexus 5X Build/MMB29P) AppleWebKit/537.36 (KHTML, like Gecko) Chrome/148.0.7778.96 Mobile Safari/537.36 (compatible; Googlebot/2.1; +http://www.google.com/bot.html)"
66.249.78.41 - - [13/May/2026:06:06:17 +0000] "GET /contacto HTTP/1.1" 200 59796 "-" "Mozilla/5.0 (Linux; Android 6.0.1; Nexus 5X Build/MMB29P) AppleWebKit/537.36 (KHTML, like Gecko) Chrome/148.0.7778.96 Mobile Safari/537.36 (compatible; Googlebot/2.1; +http://www.google.com/bot.html)"
207.97.150.175 - - [13/May/2026:06:08:00 +0000] "GET /assets/ce95ab48/img/entity.jpg HTTP/1.1" 200 14602 "-" "Mozilla/5.0 (compatible; crawler)"
66.249.79.138 - - [13/May/2026:06:10:09 +0000] "GET /contacto HTTP/1.1" 200 59796 "-" "Mozilla/5.0 (Linux; Android 6.0.1; Nexus 5X Build/MMB29P) AppleWebKit/537.36 (KHTML, like Gecko) Chrome/148.0.7778.96 Mobile Safari/537.36 (compatible; Googlebot/2.1; +http://www.google.com/bot.html)"
66.249.78.39 - - [13/May/2026:06:12:08 +0000] "GET /contacto HTTP/1.1" 200 59796 "-" "Mozilla/5.0 (Linux; Android 6.0.1; Nexus 5X Build/MMB29P) AppleWebKit/537.36 (KHTML, like Gecko) Chrome/148.0.7778.96 Mobile Safari/537.36 (compatible; Googlebot/2.1; +http://www.google.com/bot.html)"
66.249.79.138 - - [13/May/2026:06:13:50 +0000] "GET /contacto HTTP/1.1" 200 59796 "-" "Mozilla/5.0 (Linux; Android 6.0.1; Nexus 5X Build/MMB29P) AppleWebKit/537.36 (KHTML, like Gecko) Chrome/148.0.7778.96 Mobile Safari/537.36 (compatible; Googlebot/2.1; +http://www.google.com/bot.html)"
66.249.78.40 - - [13/May/2026:06:14:32 +0000] "GET /contacto HTTP/1.1" 200 59796 "-" "Mozilla/5.0 (Linux; Android 6.0.1; Nexus 5X Build/MMB29P) AppleWebKit/537.36 (KHTML, like Gecko) Chrome/148.0.7778.96 Mobile Safari/537.36 (compatible; Googlebot/2.1; +http://www.google.com/bot.html)"
66.249.79.139 - - [13/May/2026:06:16:25 +0000] "GET /contacto HTTP/1.1" 200 59796 "-" "Mozilla/5.0 (Linux; Android 6.0.1; Nexus 5X Build/MMB29P) AppleWebKit/537.36 (KHTML, like Gecko) Chrome/148.0.7778.96 Mobile Safari/537.36 (compatible; Googlebot/2.1; +http://www.google.com/bot.html)"
66.249.78.39 - - [13/May/2026:06:21:54 +0000] "GET /contacto HTTP/1.1" 200 59796 "-" "Mozilla/5.0 (Linux; Android 6.0.1; Nexus 5X Build/MMB29P) AppleWebKit/537.36 (KHTML, like Gecko) Chrome/148.0.7778.96 Mobile Safari/537.36 (compatible; Googlebot/2.1; +http://www.google.com/bot.html)"
66.249.78.40 - - [13/May/2026:06:23:12 +0000] "GET /contacto HTTP/1.1" 200 59796 "-" "Mozilla/5.0 (Linux; Android 6.0.1; Nexus 5X Build/MMB29P) AppleWebKit/537.36 (KHTML, like Gecko) Chrome/148.0.7778.96 Mobile Safari/537.36 (compatible; Googlebot/2.1; +http://www.google.com/bot.html)"
66.249.79.138 - - [13/May/2026:06:24:05 +0000] "GET /contacto HTTP/1.1" 200 59796 "-" "Mozilla/5.0 (Linux; Android 6.0.1; Nexus 5X Build/MMB29P) AppleWebKit/537.36 (KHTML, like Gecko) Chrome/148.0.7778.96 Mobile Safari/537.36 (compatible; Googlebot/2.1; +http://www.google.com/bot.html)"
66.249.78.41 - - [13/May/2026:06:28:47 +0000] "GET /contacto HTTP/1.1" 200 59796 "-" "Mozilla/5.0 (Linux; Android 6.0.1; Nexus 5X Build/MMB29P) AppleWebKit/537.36 (KHTML, like Gecko) Chrome/148.0.7778.96 Mobile Safari/537.36 (compatible; Googlebot/2.1; +http://www.google.com/bot.html)"
66.249.78.39 - - [13/May/2026:06:30:54 +0000] "GET /contacto HTTP/1.1" 200 59796 "-" "Mozilla/5.0 (Linux; Android 6.0.1; Nexus 5X Build/MMB29P) AppleWebKit/537.36 (KHTML, like Gecko) Chrome/148.0.7778.96 Mobile Safari/537.36 (compatible; Googlebot/2.1; +http://www.google.com/bot.html)"
66.249.79.137 - - [13/May/2026:06:36:17 +0000] "GET /contacto HTTP/1.1" 200 59796 "-" "Mozilla/5.0 (Linux; Android 6.0.1; Nexus 5X Build/MMB29P) AppleWebKit/537.36 (KHTML, like Gecko) Chrome/148.0.7778.96 Mobile Safari/537.36 (compatible; Googlebot/2.1; +http://www.google.com/bot.html)"
47.76.191.215 - - [13/May/2026:06:49:20 +0000] "GET /uploads/blog-post/111-featured-imagen-ajuste-por-inflacion.jpg HTTP/1.1" 200 66794 "https://www.oinversion.com" "Mozilla/5.0 (Windows NT 10.0; Win64; x64) AppleWebKit/537.36 (KHTML, like Gecko) Chrome/122.0.0.0 Safari/537.36"
66.249.79.139 - - [13/May/2026:06:53:35 +0000] "GET /contacto HTTP/1.1" 200 59796 "-" "Mozilla/5.0 (Linux; Android 6.0.1; Nexus 5X Build/MMB29P) AppleWebKit/537.36 (KHTML, like Gecko) Chrome/148.0.7778.96 Mobile Safari/537.36 (compatible; Googlebot/2.1; +http://www.google.com/bot.html)"
66.249.79.139 - - [13/May/2026:07:06:07 +0000] "GET /contacto HTTP/1.1" 200 59796 "-" "Mozilla/5.0 (Linux; Android 6.0.1; Nexus 5X Build/MMB29P) AppleWebKit/537.36 (KHTML, like Gecko) Chrome/148.0.7778.96 Mobile Safari/537.36 (compatible; Googlebot/2.1; +http://www.google.com/bot.html)"
66.249.79.137 - - [13/May/2026:07:09:31 +0000] "GET /contacto HTTP/1.1" 200 59796 "-" "Mozilla/5.0 (Linux; Android 6.0.1; Nexus 5X Build/MMB29P) AppleWebKit/537.36 (KHTML, like Gecko) Chrome/148.0.7778.96 Mobile Safari/537.36 (compatible; Googlebot/2.1; +http://www.google.com/bot.html)"
66.249.79.137 - - [13/May/2026:07:11:40 +0000] "GET /contacto HTTP/1.1" 200 59796 "-" "Mozilla/5.0 (Linux; Android 6.0.1; Nexus 5X Build/MMB29P) AppleWebKit/537.36 (KHTML, like Gecko) Chrome/148.0.7778.96 Mobile Safari/537.36 (compatible; Googlebot/2.1; +http://www.google.com/bot.html)"
66.249.79.137 - - [13/May/2026:07:12:35 +0000] "GET /contacto HTTP/1.1" 200 59796 "-" "Mozilla/5.0 (Linux; Android 6.0.1; Nexus 5X Build/MMB29P) AppleWebKit/537.36 (KHTML, like Gecko) Chrome/148.0.7778.96 Mobile Safari/537.36 (compatible; Googlebot/2.1; +http://www.google.com/bot.html)"
66.249.78.40 - - [13/May/2026:07:13:24 +0000] "GET /contacto HTTP/1.1" 200 59796 "-" "Mozilla/5.0 (Linux; Android 6.0.1; Nexus 5X Build/MMB29P) AppleWebKit/537.36 (KHTML, like Gecko) Chrome/148.0.7778.96 Mobile Safari/537.36 (compatible; Googlebot/2.1; +http://www.google.com/bot.html)"
114.10.73.26 - - [13/May/2026:07:13:45 +0000] "GET /contacto HTTP/2.0" 200 59783 "https://www.google.com/" "Mozilla/5.0 (Linux; Android 10; K) AppleWebKit/537.36 (KHTML, like Gecko) Chrome/138.0.0.0 Mobile Safari/537.36"
66.249.78.41 - - [13/May/2026:07:14:12 +0000] "GET /contacto HTTP/1.1" 200 59796 "-" "Mozilla/5.0 (Linux; Android 6.0.1; Nexus 5X Build/MMB29P) AppleWebKit/537.36 (KHTML, like Gecko) Chrome/148.0.7778.96 Mobile Safari/537.36 (compatible; Googlebot/2.1; +http://www.google.com/bot.html)"
66.249.78.39 - - [13/May/2026:07:20:16 +0000] "GET /contacto HTTP/1.1" 200 59796 "-" "Mozilla/5.0 (Linux; Android 6.0.1; Nexus 5X Build/MMB29P) AppleWebKit/537.36 (KHTML, like Gecko) Chrome/148.0.7778.96 Mobile Safari/537.36 (compatible; Googlebot/2.1; +http://www.google.com/bot.html)"
66.249.78.40 - - [13/May/2026:07:21:56 +0000] "GET /contacto HTTP/1.1" 200 59796 "-" "Mozilla/5.0 (Linux; Android 6.0.1; Nexus 5X Build/MMB29P) AppleWebKit/537.36 (KHTML, like Gecko) Chrome/148.0.7778.96 Mobile Safari/537.36 (compatible; Googlebot/2.1; +http://www.google.com/bot.html)"
66.249.78.39 - - [13/May/2026:07:25:17 +0000] "GET /contacto HTTP/1.1" 200 59796 "-" "Mozilla/5.0 (Linux; Android 6.0.1; Nexus 5X Build/MMB29P) AppleWebKit/537.36 (KHTML, like Gecko) Chrome/148.0.7778.96 Mobile Safari/537.36 (compatible; Googlebot/2.1; +http://www.google.com/bot.html)"
54.37.118.77 - - [13/May/2026:07:25:22 +0000] "GET /assets/7e549121/img/ico-linkedin.svg HTTP/2.0" 200 2097 "-" "Mozilla/5.0 (compatible; AhrefsBot/7.0; +http://ahrefs.com/robot/)"
176.31.139.30 - - [13/May/2026:07:25:26 +0000] "GET /assets/7e549121/img/ico-recientes.svg HTTP/2.0" 200 2490 "-" "Mozilla/5.0 (compatible; AhrefsBot/7.0; +http://ahrefs.com/robot/)"
5.39.1.238 - - [13/May/2026:07:25:27 +0000] "GET /assets/7e549121/img/ico-g-plus.svg HTTP/2.0" 200 2923 "-" "Mozilla/5.0 (compatible; AhrefsBot/7.0; +http://ahrefs.com/robot/)"
116.196.117.160 - - [13/May/2026:07:26:38 +0000] "GET /uploads/resize/ProjectLarge/uploads/projects/17-WhatsApp%20Image%202018-05-28%20at%2009.04.24.jpeg HTTP/1.1" 200 53310 "https://oinversion.com/proyecto/17/piso-inversion-born-barcelona" "Python/3.12 aiohttp/3.13.2"
66.249.78.39 - - [13/May/2026:07:27:27 +0000] "GET /contacto HTTP/1.1" 200 59796 "-" "Mozilla/5.0 (Linux; Android 6.0.1; Nexus 5X Build/MMB29P) AppleWebKit/537.36 (KHTML, like Gecko) Chrome/148.0.7778.96 Mobile Safari/537.36 (compatible; Googlebot/2.1; +http://www.google.com/bot.html)"
66.249.79.137 - - [13/May/2026:07:27:59 +0000] "GET /contacto HTTP/1.1" 200 59796 "-" "Mozilla/5.0 (Linux; Android 6.0.1; Nexus 5X Build/MMB29P) AppleWebKit/537.36 (KHTML, like Gecko) Chrome/148.0.7778.96 Mobile Safari/537.36 (compatible; Googlebot/2.1; +http://www.google.com/bot.html)"
17.22.237.93 - - [13/May/2026:07:29:23 +0000] "GET /assets/2a658dd2/css/bootstrap.css?v=1469461915 HTTP/1.1" 200 146010 "https://www.oinversion.com/t-shirts?sort=newest" "Mozilla/5.0 (Macintosh; Intel Mac OS X 10_15_7) AppleWebKit/605.1.15 (KHTML, like Gecko) Version/17.4 Safari/605.1.15 (Applebot/0.1; +http://www.apple.com/go/applebot)"
17.22.253.97 - - [13/May/2026:07:29:25 +0000] "GET /assets/fe2b9edf/yii.js?v=1468244202 HTTP/1.1" 200 16019 "https://www.oinversion.com/t-shirts?sort=newest" "Mozilla/5.0 (Macintosh; Intel Mac OS X 10_15_7) AppleWebKit/605.1.15 (KHTML, like Gecko) Version/17.4 Safari/605.1.15 (Applebot/0.1; +http://www.apple.com/go/applebot)"
17.22.237.122 - - [13/May/2026:07:29:26 +0000] "GET /assets/7e549121/css/jquery.bxslider.css?v=1503585073 HTTP/1.1" 200 3506 "https://www.oinversion.com/t-shirts?sort=newest" "Mozilla/5.0 (Macintosh; Intel Mac OS X 10_15_7) AppleWebKit/605.1.15 (KHTML, like Gecko) Version/17.4 Safari/605.1.15 (Applebot/0.1; +http://www.apple.com/go/applebot)"
17.22.253.77 - - [13/May/2026:07:29:28 +0000] "GET /assets/7e549121/css/font-awesome.min.css?v=1503585073 HTTP/1.1" 200 26711 "https://www.oinversion.com/t-shirts?sort=newest" "Mozilla/5.0 (Macintosh; Intel Mac OS X 10_15_7) AppleWebKit/605.1.15 (KHTML, like Gecko) Version/17.4 Safari/605.1.15 (Applebot/0.1; +http://www.apple.com/go/applebot)"
17.22.253.123 - - [13/May/2026:07:29:29 +0000] "GET /assets/62f7db0b/jquery.js?v=1463765083 HTTP/1.1" 200 257551 "https://www.oinversion.com/t-shirts?sort=newest" "Mozilla/5.0 (Macintosh; Intel Mac OS X 10_15_7) AppleWebKit/605.1.15 (KHTML, like Gecko) Version/17.4 Safari/605.1.15 (Applebot/0.1; +http://www.apple.com/go/applebot)"
17.22.245.204 - - [13/May/2026:07:29:31 +0000] "GET /assets/7e549121/css/stylesheet.css?v=1666108212 HTTP/1.1" 200 82744 "https://www.oinversion.com/t-shirts?sort=newest" "Mozilla/5.0 (Macintosh; Intel Mac OS X 10_15_7) AppleWebKit/605.1.15 (KHTML, like Gecko) Version/17.4 Safari/605.1.15 (Applebot/0.1; +http://www.apple.com/go/applebot)"
17.22.237.33 - - [13/May/2026:07:29:32 +0000] "GET /assets/2a658dd2/js/bootstrap.js?v=1469461915 HTTP/1.1" 200 69707 "https://www.oinversion.com/t-shirts?sort=newest" "Mozilla/5.0 (Macintosh; Intel Mac OS X 10_15_7) AppleWebKit/605.1.15 (KHTML, like Gecko) Version/17.4 Safari/605.1.15 (Applebot/0.1; +http://www.apple.com/go/applebot)"
17.22.245.128 - - [13/May/2026:07:29:34 +0000] "GET /assets/7e549121/js/main.js?v=1503585073 HTTP/1.1" 200 2089 "https://www.oinversion.com/t-shirts?sort=newest" "Mozilla/5.0 (Macintosh; Intel Mac OS X 10_15_7) AppleWebKit/605.1.15 (KHTML, like Gecko) Version/17.4 Safari/605.1.15 (Applebot/0.1; +http://www.apple.com/go/applebot)"
17.22.237.76 - - [13/May/2026:07:29:35 +0000] "GET /assets/7e549121/js/jquery.bxslider.min.js?v=1503585073 HTTP/1.1" 200 19368 "https://www.oinversion.com/t-shirts?sort=newest" "Mozilla/5.0 (Macintosh; Intel Mac OS X 10_15_7) AppleWebKit/605.1.15 (KHTML, like Gecko) Version/17.4 Safari/605.1.15 (Applebot/0.1; +http://www.apple.com/go/applebot)"
17.22.245.212 - - [13/May/2026:07:29:37 +0000] "GET /assets/7e549121/js/Chart.min.js?v=1503585073 HTTP/1.1" 200 150283 "https://www.oinversion.com/t-shirts?sort=newest" "Mozilla/5.0 (Macintosh; Intel Mac OS X 10_15_7) AppleWebKit/605.1.15 (KHTML, like Gecko) Version/17.4 Safari/605.1.15 (Applebot/0.1; +http://www.apple.com/go/applebot)"
17.22.253.123 - - [13/May/2026:07:29:38 +0000] "GET /assets/fe2b9edf/yii.validation.js?v=1468244202 HTTP/1.1" 200 15312 "https://www.oinversion.com/t-shirts?sort=newest" "Mozilla/5.0 (Macintosh; Intel Mac OS X 10_15_7) AppleWebKit/605.1.15 (KHTML, like Gecko) Version/17.4 Safari/605.1.15 (Applebot/0.1; +http://www.apple.com/go/applebot)"
17.22.253.234 - - [13/May/2026:07:29:40 +0000] "GET /assets/fe2b9edf/yii.activeForm.js?v=1468244202 HTTP/1.1" 200 29758 "https://www.oinversion.com/t-shirts?sort=newest" "Mozilla/5.0 (Macintosh; Intel Mac OS X 10_15_7) AppleWebKit/605.1.15 (KHTML, like Gecko) Version/17.4 Safari/605.1.15 (Applebot/0.1; +http://www.apple.com/go/applebot)"
66.249.78.39 - - [13/May/2026:07:30:09 +0000] "GET /contacto HTTP/1.1" 200 59796 "-" "Mozilla/5.0 (Linux; Android 6.0.1; Nexus 5X Build/MMB29P) AppleWebKit/537.36 (KHTML, like Gecko) Chrome/148.0.7778.96 Mobile Safari/537.36 (compatible; Googlebot/2.1; +http://www.google.com/bot.html)"
66.249.79.137 - - [13/May/2026:07:35:35 +0000] "GET /contacto HTTP/1.1" 200 59796 "-" "Mozilla/5.0 (Linux; Android 6.0.1; Nexus 5X Build/MMB29P) AppleWebKit/537.36 (KHTML, like Gecko) Chrome/148.0.7778.96 Mobile Safari/537.36 (compatible; Googlebot/2.1; +http://www.google.com/bot.html)"
66.249.79.137 - - [13/May/2026:07:37:23 +0000] "GET /contacto HTTP/1.1" 200 59796 "-" "Mozilla/5.0 (Linux; Android 6.0.1; Nexus 5X Build/MMB29P) AppleWebKit/537.36 (KHTML, like Gecko) Chrome/148.0.7778.96 Mobile Safari/537.36 (compatible; Googlebot/2.1; +http://www.google.com/bot.html)"
66.249.79.139 - - [13/May/2026:07:38:13 +0000] "GET /contacto HTTP/1.1" 200 59796 "-" "Mozilla/5.0 (Linux; Android 6.0.1; Nexus 5X Build/MMB29P) AppleWebKit/537.36 (KHTML, like Gecko) Chrome/148.0.7778.96 Mobile Safari/537.36 (compatible; Googlebot/2.1; +http://www.google.com/bot.html)"
66.249.78.40 - - [13/May/2026:07:40:36 +0000] "GET /contacto HTTP/1.1" 200 59796 "-" "Mozilla/5.0 (Linux; Android 6.0.1; Nexus 5X Build/MMB29P) AppleWebKit/537.36 (KHTML, like Gecko) Chrome/148.0.7778.96 Mobile Safari/537.36 (compatible; Googlebot/2.1; +http://www.google.com/bot.html)"
66.249.79.137 - - [13/May/2026:07:42:36 +0000] "GET /contacto HTTP/1.1" 200 59796 "-" "Mozilla/5.0 (Linux; Android 6.0.1; Nexus 5X Build/MMB29P) AppleWebKit/537.36 (KHTML, like Gecko) Chrome/148.0.7778.96 Mobile Safari/537.36 (compatible; Googlebot/2.1; +http://www.google.com/bot.html)"
66.249.79.137 - - [13/May/2026:07:47:32 +0000] "GET /contacto HTTP/1.1" 200 59796 "-" "Mozilla/5.0 (Linux; Android 6.0.1; Nexus 5X Build/MMB29P) AppleWebKit/537.36 (KHTML, like Gecko) Chrome/148.0.7778.96 Mobile Safari/537.36 (compatible; Googlebot/2.1; +http://www.google.com/bot.html)"
66.249.78.41 - - [13/May/2026:07:50:16 +0000] "GET /contacto HTTP/1.1" 200 59796 "-" "Mozilla/5.0 (Linux; Android 6.0.1; Nexus 5X Build/MMB29P) AppleWebKit/537.36 (KHTML, like Gecko) Chrome/148.0.7778.96 Mobile Safari/537.36 (compatible; Googlebot/2.1; +http://www.google.com/bot.html)"
66.249.79.138 - - [13/May/2026:07:50:21 +0000] "GET /contacto HTTP/1.1" 200 59796 "-" "Mozilla/5.0 (Linux; Android 6.0.1; Nexus 5X Build/MMB29P) AppleWebKit/537.36 (KHTML, like Gecko) Chrome/148.0.7778.96 Mobile Safari/537.36 (compatible; Googlebot/2.1; +http://www.google.com/bot.html)"
66.249.79.137 - - [13/May/2026:07:52:55 +0000] "GET /contacto HTTP/1.1" 200 59796 "-" "Mozilla/5.0 (Linux; Android 6.0.1; Nexus 5X Build/MMB29P) AppleWebKit/537.36 (KHTML, like Gecko) Chrome/148.0.7778.96 Mobile Safari/537.36 (compatible; Googlebot/2.1; +http://www.google.com/bot.html)"
47.86.89.138 - - [13/May/2026:07:54:43 +0000] "GET /uploads/blog-post/84-featured-euro-3613908_1920.jpg HTTP/1.1" 200 1032906 "https://www.oinversion.com" "Mozilla/5.0 (Windows NT 10.0; Win64; x64) AppleWebKit/537.36 (KHTML, like Gecko) Chrome/122.0.0.0 Safari/537.36"
47.86.89.138 - - [13/May/2026:07:55:09 +0000] "GET /uploads/blog-post/84-featured-euro-3613908_1920.jpg HTTP/1.1" 200 1032906 "https://www.oinversion.com" "Mozilla/5.0 (Windows NT 10.0; Win64; x64) AppleWebKit/537.36 (KHTML, like Gecko) Chrome/122.0.0.0 Safari/537.36"
47.86.89.138 - - [13/May/2026:07:55:30 +0000] "GET /uploads/blog-post/84-featured-euro-3613908_1920.jpg HTTP/1.1" 200 1032906 "https://www.oinversion.com" "Mozilla/5.0 (Windows NT 10.0; Win64; x64) AppleWebKit/537.36 (KHTML, like Gecko) Chrome/122.0.0.0 Safari/537.36"
47.86.89.138 - - [13/May/2026:07:55:39 +0000] "GET /uploads/blog-post/84-featured-euro-3613908_1920.jpg HTTP/1.1" 200 1032906 "https://www.oinversion.com" "Mozilla/5.0 (Windows NT 10.0; Win64; x64) AppleWebKit/537.36 (KHTML, like Gecko) Chrome/122.0.0.0 Safari/537.36"
47.128.18.7 - - [13/May/2026:07:55:42 +0000] "GET /assets/7e549121/css/stylesheet.css?v=1666108212 HTTP/2.0" 200 12976 "https://www.oinversion.com/proyectosen-us/articles/29890745668631-General-Product-Safety-Regulation-GSPR%22" "Mozilla/5.0 (Linux; Android 5.0) AppleWebKit/537.36 (KHTML, like Gecko) Mobile Safari/537.36 (compatible; Bytespider; spider-feedback@bytedance.com)"
47.128.18.7 - - [13/May/2026:07:55:42 +0000] "GET /assets/7e549121/img/ico-blog.svg HTTP/2.0" 206 500 "https://www.oinversion.com/proyectosen-us/articles/29890745668631-General-Product-Safety-Regulation-GSPR%22" "Mozilla/5.0 (Linux; Android 5.0) AppleWebKit/537.36 (KHTML, like Gecko) Mobile Safari/537.36 (compatible; Bytespider; spider-feedback@bytedance.com)"
47.128.18.7 - - [13/May/2026:07:55:42 +0000] "GET /assets/7e549121/img/logo-oinversion-fondo-claro.svg HTTP/2.0" 206 500 "https://www.oinversion.com/proyectosen-us/articles/29890745668631-General-Product-Safety-Regulation-GSPR%22" "Mozilla/5.0 (Linux; Android 5.0) AppleWebKit/537.36 (KHTML, like Gecko) Mobile Safari/537.36 (compatible; Bytespider; spider-feedback@bytedance.com)"
47.128.18.7 - - [13/May/2026:07:55:43 +0000] "GET /assets/7e549121/img/logo-oinversion-fondo-claro.svg HTTP/2.0" 304 0 "https://www.oinversion.com/proyectosen-us/articles/29890745668631-General-Product-Safety-Regulation-GSPR%22" "Mozilla/5.0 (Linux; Android 5.0) AppleWebKit/537.36 (KHTML, like Gecko) Mobile Safari/537.36 (compatible; Bytespider; spider-feedback@bytedance.com)"
47.128.18.7 - - [13/May/2026:07:55:43 +0000] "GET /assets/7e549121/img/ico-blog.svg HTTP/2.0" 304 0 "https://www.oinversion.com/proyectosen-us/articles/29890745668631-General-Product-Safety-Regulation-GSPR%22" "Mozilla/5.0 (Linux; Android 5.0) AppleWebKit/537.36 (KHTML, like Gecko) Mobile Safari/537.36 (compatible; Bytespider; spider-feedback@bytedance.com)"
47.128.18.7 - - [13/May/2026:07:55:43 +0000] "GET /assets/7e549121/img/ico-blog.svg HTTP/2.0" 206 1881 "https://www.oinversion.com/proyectosen-us/articles/29890745668631-General-Product-Safety-Regulation-GSPR%22" "Mozilla/5.0 (Linux; Android 5.0) AppleWebKit/537.36 (KHTML, like Gecko) Mobile Safari/537.36 (compatible; Bytespider; spider-feedback@bytedance.com)"
47.128.18.7 - - [13/May/2026:07:55:43 +0000] "GET /assets/7e549121/img/logo-oinversion-fondo-claro.svg HTTP/2.0" 206 4617 "https://www.oinversion.com/proyectosen-us/articles/29890745668631-General-Product-Safety-Regulation-GSPR%22" "Mozilla/5.0 (Linux; Android 5.0) AppleWebKit/537.36 (KHTML, like Gecko) Mobile Safari/537.36 (compatible; Bytespider; spider-feedback@bytedance.com)"
47.128.19.118 - - [13/May/2026:07:55:44 +0000] "GET /uploads/blog-post/125-featured-Invertir%20(248%20x%20248%20px).png HTTP/2.0" 206 500 "https://www.oinversion.com/totes" "Mozilla/5.0 (Linux; Android 5.0) AppleWebKit/537.36 (KHTML, like Gecko) Mobile Safari/537.36 (compatible; Bytespider; spider-feedback@bytedance.com)"
47.86.89.138 - - [13/May/2026:07:55:50 +0000] "GET /uploads/blog-post/84-featured-euro-3613908_1920.jpg HTTP/1.1" 200 1032906 "https://www.oinversion.com" "Mozilla/5.0 (Windows NT 10.0; Win64; x64) AppleWebKit/537.36 (KHTML, like Gecko) Chrome/122.0.0.0 Safari/537.36"
66.249.79.137 - - [13/May/2026:07:56:26 +0000] "GET /contacto HTTP/1.1" 200 59796 "-" "Mozilla/5.0 (Linux; Android 6.0.1; Nexus 5X Build/MMB29P) AppleWebKit/537.36 (KHTML, like Gecko) Chrome/148.0.7778.96 Mobile Safari/537.36 (compatible; Googlebot/2.1; +http://www.google.com/bot.html)"
112.215.238.103 - - [13/May/2026:07:56:44 +0000] "GET /contacto HTTP/2.0" 200 59783 "https://www.google.com/" "Mozilla/5.0 (Linux; Android 10; K) AppleWebKit/537.36 (KHTML, like Gecko) Chrome/147.0.0.0 Mobile Safari/537.36"
66.249.78.39 - - [13/May/2026:07:58:17 +0000] "GET /contacto HTTP/1.1" 200 59796 "-" "Mozilla/5.0 (Linux; Android 6.0.1; Nexus 5X Build/MMB29P) AppleWebKit/537.36 (KHTML, like Gecko) Chrome/148.0.7778.96 Mobile Safari/537.36 (compatible; Googlebot/2.1; +http://www.google.com/bot.html)"
43.99.54.148 - - [13/May/2026:08:01:26 +0000] "GET /uploads/blog-post/75-featured-descargar.jpg HTTP/1.1" 200 258377 "https://www.oinversion.com" "Mozilla/5.0 (Windows NT 10.0; Win64; x64) AppleWebKit/537.36 (KHTML, like Gecko) Chrome/122.0.0.0 Safari/537.36"
66.249.79.137 - - [13/May/2026:08:03:29 +0000] "GET /contacto HTTP/1.1" 200 59796 "-" "Mozilla/5.0 (Linux; Android 6.0.1; Nexus 5X Build/MMB29P) AppleWebKit/537.36 (KHTML, like Gecko) Chrome/148.0.7778.96 Mobile Safari/537.36 (compatible; Googlebot/2.1; +http://www.google.com/bot.html)"
66.249.79.139 - - [13/May/2026:08:04:46 +0000] "GET /contacto HTTP/1.1" 200 59796 "-" "Mozilla/5.0 (Linux; Android 6.0.1; Nexus 5X Build/MMB29P) AppleWebKit/537.36 (KHTML, like Gecko) Chrome/148.0.7778.96 Mobile Safari/537.36 (compatible; Googlebot/2.1; +http://www.google.com/bot.html)"
66.249.78.39 - - [13/May/2026:08:09:47 +0000] "GET /contacto HTTP/1.1" 200 59796 "-" "Mozilla/5.0 (Linux; Android 6.0.1; Nexus 5X Build/MMB29P) AppleWebKit/537.36 (KHTML, like Gecko) Chrome/148.0.7778.96 Mobile Safari/537.36 (compatible; Googlebot/2.1; +http://www.google.com/bot.html)"
66.249.79.138 - - [13/May/2026:08:12:50 +0000] "GET /contacto HTTP/1.1" 200 59796 "-" "Mozilla/5.0 (Linux; Android 6.0.1; Nexus 5X Build/MMB29P) AppleWebKit/537.36 (KHTML, like Gecko) Chrome/148.0.7778.96 Mobile Safari/537.36 (compatible; Googlebot/2.1; +http://www.google.com/bot.html)"
66.249.79.137 - - [13/May/2026:08:12:59 +0000] "GET /contacto HTTP/1.1" 200 59796 "-" "Mozilla/5.0 (Linux; Android 6.0.1; Nexus 5X Build/MMB29P) AppleWebKit/537.36 (KHTML, like Gecko) Chrome/148.0.7778.96 Mobile Safari/537.36 (compatible; Googlebot/2.1; +http://www.google.com/bot.html)"
66.249.79.137 - - [13/May/2026:08:14:35 +0000] "GET /contacto HTTP/1.1" 200 59796 "-" "Mozilla/5.0 (Linux; Android 6.0.1; Nexus 5X Build/MMB29P) AppleWebKit/537.36 (KHTML, like Gecko) Chrome/148.0.7778.96 Mobile Safari/537.36 (compatible; Googlebot/2.1; +http://www.google.com/bot.html)"
116.196.81.183 - - [13/May/2026:08:17:42 +0000] "GET /uploads/resize/ProjectLarge/uploads/projects/17-WhatsApp%20Image%202018-05-28%20at%2009.04.46.jpeg HTTP/1.1" 200 82077 "https://oinversion.com/proyecto/17/piso-inversion-born-barcelona" "Python/3.12 aiohttp/3.13.2"
110.249.201.216 - - [13/May/2026:08:17:56 +0000] "GET /assets/7e549121/img/handshake.jpg HTTP/2.0" 200 96643 "https://oinversion.com/" "Mozilla/5.0 (Linux; Android 5.0) AppleWebKit/537.36 (KHTML, like Gecko) Mobile Safari/537.36 (compatible; Bytespider; https://zhanzhang.toutiao.com/)"
111.225.148.148 - - [13/May/2026:08:21:34 +0000] "GET /assets/7e549121/img/arte-proyectos.png HTTP/2.0" 200 50093 "https://oinversion.com/" "Mozilla/5.0 (Linux; Android 5.0) AppleWebKit/537.36 (KHTML, like Gecko) Mobile Safari/537.36 (compatible; Bytespider; https://zhanzhang.toutiao.com/)"
66.249.78.41 - - [13/May/2026:08:27:18 +0000] "GET /contacto HTTP/1.1" 200 59796 "-" "Mozilla/5.0 (Linux; Android 6.0.1; Nexus 5X Build/MMB29P) AppleWebKit/537.36 (KHTML, like Gecko) Chrome/148.0.7778.96 Mobile Safari/537.36 (compatible; Googlebot/2.1; +http://www.google.com/bot.html)"
66.249.79.137 - - [13/May/2026:08:29:34 +0000] "GET /contacto HTTP/1.1" 200 59796 "-" "Mozilla/5.0 (Linux; Android 6.0.1; Nexus 5X Build/MMB29P) AppleWebKit/537.36 (KHTML, like Gecko) Chrome/148.0.7778.96 Mobile Safari/537.36 (compatible; Googlebot/2.1; +http://www.google.com/bot.html)"
66.249.79.139 - - [13/May/2026:08:30:47 +0000] "GET /contacto HTTP/1.1" 200 59796 "-" "Mozilla/5.0 (Linux; Android 6.0.1; Nexus 5X Build/MMB29P) AppleWebKit/537.36 (KHTML, like Gecko) Chrome/148.0.7778.96 Mobile Safari/537.36 (compatible; Googlebot/2.1; +http://www.google.com/bot.html)"
89.124.71.171 - - [13/May/2026:08:31:04 +0000] "GET /contacto HTTP/1.0" 200 314872 "https://oinversion.com/contacto" "Mozilla/5.0 (Windows NT 6.3; Win64; x64) AppleWebKit/537.36 (KHTML, like Gecko) Chrome/103.0.5060.53 Safari/537.36"
89.124.71.171 - - [13/May/2026:08:31:04 +0000] "GET /contacto HTTP/1.0" 200 314872 "https://www.oinversion.com/contacto" "Mozilla/5.0 (Windows NT 6.3; Win64; x64) AppleWebKit/537.36 (KHTML, like Gecko) Chrome/103.0.5060.53 Safari/537.36"
89.124.71.171 - - [13/May/2026:08:31:05 +0000] "GET /contacto HTTP/1.0" 200 314872 "https://www.oinversion.com/contacto" "Mozilla/5.0 (Windows NT 6.3; Win64; x64) AppleWebKit/537.36 (KHTML, like Gecko) Chrome/103.0.5060.53 Safari/537.36"
146.59.127.80 - - [13/May/2026:08:35:30 +0000] "GET /uploads/user-avatars/54eeaba65b0e8cc581ee9a579214d8a5f46724d66fcd5c24253891ba11204675.php3 HTTP/1.1" 200 8908 "-" "Mozilla/5.0 (Windows NT 10.0; Win64; x64) AppleWebKit/537.36 (KHTML, like Gecko) Chrome/139.0.0.0 Safari/537.36"
66.249.79.137 - - [13/May/2026:08:36:20 +0000] "GET /contacto HTTP/1.1" 200 59796 "-" "Mozilla/5.0 (Linux; Android 6.0.1; Nexus 5X Build/MMB29P) AppleWebKit/537.36 (KHTML, like Gecko) Chrome/148.0.7778.96 Mobile Safari/537.36 (compatible; Googlebot/2.1; +http://www.google.com/bot.html)"
47.128.18.6 - - [13/May/2026:08:38:20 +0000] "GET /assets/7e549121/css/stylesheet.css?v=1666108212 HTTP/2.0" 200 12976 "https://www.oinversion.com/blog/reit-o-socimi-cuales-son-sus-ventajas-frente-a-la-inversion-inmobiliaria-tradicional" "Mozilla/5.0 (Linux; Android 5.0) AppleWebKit/537.36 (KHTML, like Gecko) Mobile Safari/537.36 (compatible; Bytespider; spider-feedback@bytedance.com)"
47.128.18.6 - - [13/May/2026:08:38:21 +0000] "GET /assets/7e549121/css/jquery.bxslider.css?v=1503585073 HTTP/2.0" 200 1010 "https://www.oinversion.com/blog/reit-o-socimi-cuales-son-sus-ventajas-frente-a-la-inversion-inmobiliaria-tradicional" "Mozilla/5.0 (Linux; Android 5.0) AppleWebKit/537.36 (KHTML, like Gecko) Mobile Safari/537.36 (compatible; Bytespider; spider-feedback@bytedance.com)"
47.128.18.6 - - [13/May/2026:08:38:21 +0000] "GET /assets/7e549121/img/logo-oinversion-fondo-claro.svg HTTP/2.0" 206 500 "https://www.oinversion.com/blog/reit-o-socimi-cuales-son-sus-ventajas-frente-a-la-inversion-inmobiliaria-tradicional" "Mozilla/5.0 (Linux; Android 5.0) AppleWebKit/537.36 (KHTML, like Gecko) Mobile Safari/537.36 (compatible; Bytespider; spider-feedback@bytedance.com)"
47.128.18.6 - - [13/May/2026:08:38:21 +0000] "GET /uploads/user-avatars/54eeaba65b0e8cc581ee9a579214d8a5f46724d66fcd5c24253891ba11204675.php3 HTTP/2.0" 206 500 "https://www.oinversion.com/blog/reit-o-socimi-cuales-son-sus-ventajas-frente-a-la-inversion-inmobiliaria-tradicional" "Mozilla/5.0 (Linux; Android 5.0) AppleWebKit/537.36 (KHTML, like Gecko) Mobile Safari/537.36 (compatible; Bytespider; spider-feedback@bytedance.com)"
47.128.18.6 - - [13/May/2026:08:38:21 +0000] "GET /assets/7e549121/img/logo-oinversion-fondo-claro.svg HTTP/2.0" 304 0 "https://www.oinversion.com/blog/reit-o-socimi-cuales-son-sus-ventajas-frente-a-la-inversion-inmobiliaria-tradicional" "Mozilla/5.0 (Linux; Android 5.0) AppleWebKit/537.36 (KHTML, like Gecko) Mobile Safari/537.36 (compatible; Bytespider; spider-feedback@bytedance.com)"
47.128.18.6 - - [13/May/2026:08:38:21 +0000] "GET /uploads/user-avatars/54eeaba65b0e8cc581ee9a579214d8a5f46724d66fcd5c24253891ba11204675.php3 HTTP/2.0" 304 0 "https://www.oinversion.com/blog/reit-o-socimi-cuales-son-sus-ventajas-frente-a-la-inversion-inmobiliaria-tradicional" "Mozilla/5.0 (Linux; Android 5.0) AppleWebKit/537.36 (KHTML, like Gecko) Mobile Safari/537.36 (compatible; Bytespider; spider-feedback@bytedance.com)"
47.128.18.6 - - [13/May/2026:08:38:21 +0000] "GET /assets/7e549121/img/logo-oinversion-fondo-claro.svg HTTP/2.0" 206 4617 "https://www.oinversion.com/blog/reit-o-socimi-cuales-son-sus-ventajas-frente-a-la-inversion-inmobiliaria-tradicional" "Mozilla/5.0 (Linux; Android 5.0) AppleWebKit/537.36 (KHTML, like Gecko) Mobile Safari/537.36 (compatible; Bytespider; spider-feedback@bytedance.com)"
47.128.18.6 - - [13/May/2026:08:38:21 +0000] "GET /uploads/user-avatars/54eeaba65b0e8cc581ee9a579214d8a5f46724d66fcd5c24253891ba11204675.php3 HTTP/2.0" 206 8408 "https://www.oinversion.com/blog/reit-o-socimi-cuales-son-sus-ventajas-frente-a-la-inversion-inmobiliaria-tradicional" "Mozilla/5.0 (Linux; Android 5.0) AppleWebKit/537.36 (KHTML, like Gecko) Mobile Safari/537.36 (compatible; Bytespider; spider-feedback@bytedance.com)"
47.128.18.6 - - [13/May/2026:08:38:22 +0000] "GET /uploads/blog-post/54-featured-Copia%20de%20Copia%20de%20Copia%20de%20vender%20piso%20(1).jpg HTTP/2.0" 206 500 "https://www.oinversion.com/blog/reit-o-socimi-cuales-son-sus-ventajas-frente-a-la-inversion-inmobiliaria-tradicional" "Mozilla/5.0 (Linux; Android 5.0) AppleWebKit/537.36 (KHTML, like Gecko) Mobile Safari/537.36 (compatible; Bytespider; spider-feedback@bytedance.com)"
47.128.18.6 - - [13/May/2026:08:38:22 +0000] "GET /assets/7e549121/img/ico-facebook.svg HTTP/2.0" 206 500 "https://www.oinversion.com/blog/reit-o-socimi-cuales-son-sus-ventajas-frente-a-la-inversion-inmobiliaria-tradicional" "Mozilla/5.0 (Linux; Android 5.0) AppleWebKit/537.36 (KHTML, like Gecko) Mobile Safari/537.36 (compatible; Bytespider; spider-feedback@bytedance.com)"
