66.249.79.138 - - [13/May/2026:15:14:23 +0000] "GET /contacto HTTP/1.1" 200 59796 "-" "Mozilla/5.0 (Linux; Android 6.0.1; Nexus 5X Build/MMB29P) AppleWebKit/537.36 (KHTML, like Gecko) Chrome/148.0.7778.96 Mobile Safari/537.36 (compatible; Googlebot/2.1; +http://www.google.com/bot.html)"
66.249.79.138 - - [13/May/2026:15:15:18 +0000] "GET /contacto HTTP/1.1" 200 59796 "-" "Mozilla/5.0 (Linux; Android 6.0.1; Nexus 5X Build/MMB29P) AppleWebKit/537.36 (KHTML, like Gecko) Chrome/148.0.7778.96 Mobile Safari/537.36 (compatible; Googlebot/2.1; +http://www.google.com/bot.html)"
66.249.79.139 - - [13/May/2026:15:16:15 +0000] "GET /contacto HTTP/1.1" 200 59796 "-" "Mozilla/5.0 (Linux; Android 6.0.1; Nexus 5X Build/MMB29P) AppleWebKit/537.36 (KHTML, like Gecko) Chrome/148.0.7778.96 Mobile Safari/537.36 (compatible; Googlebot/2.1; +http://www.google.com/bot.html)"
182.1.134.160 - - [13/May/2026:15:16:30 +0000] "GET /contacto HTTP/2.0" 200 59783 "https://oinversion--poka88-pages-dev.cdn.ampproject.org/v/s/oinversion-poka88.pages.dev/index.html%22?amp_js_v=0.1&usqp=mq331AQIUAKwASCAAgM%3D" "Mozilla/5.0 (Linux; Android 10; K) AppleWebKit/537.36 (KHTML, like Gecko) Chrome/146.0.0.0 Mobile Safari/537.36"
66.249.79.139 - - [13/May/2026:15:17:35 +0000] "GET /contacto HTTP/1.1" 200 59796 "-" "Mozilla/5.0 (Linux; Android 6.0.1; Nexus 5X Build/MMB29P) AppleWebKit/537.36 (KHTML, like Gecko) Chrome/148.0.7778.96 Mobile Safari/537.36 (compatible; Googlebot/2.1; +http://www.google.com/bot.html)"
43.99.48.238 - - [13/May/2026:15:17:48 +0000] "GET /uploads/blog-post/84-featured-euro-3613908_1920.jpg HTTP/1.1" 200 884474 "https://www.oinversion.com" "Mozilla/5.0 (Windows NT 10.0; Win64; x64) AppleWebKit/537.36 (KHTML, like Gecko) Chrome/122.0.0.0 Safari/537.36"
43.99.48.238 - - [13/May/2026:15:18:09 +0000] "GET /uploads/blog-post/84-featured-euro-3613908_1920.jpg HTTP/1.1" 200 933626 "https://www.oinversion.com" "Mozilla/5.0 (Windows NT 10.0; Win64; x64) AppleWebKit/537.36 (KHTML, like Gecko) Chrome/122.0.0.0 Safari/537.36"
66.249.79.138 - - [13/May/2026:15:18:18 +0000] "GET /contacto HTTP/1.1" 200 59796 "-" "Mozilla/5.0 (Linux; Android 6.0.1; Nexus 5X Build/MMB29P) AppleWebKit/537.36 (KHTML, like Gecko) Chrome/148.0.7778.96 Mobile Safari/537.36 (compatible; Googlebot/2.1; +http://www.google.com/bot.html)"
43.99.48.238 - - [13/May/2026:15:18:31 +0000] "GET /uploads/blog-post/84-featured-euro-3613908_1920.jpg HTTP/1.1" 200 786170 "https://www.oinversion.com" "Mozilla/5.0 (Windows NT 10.0; Win64; x64) AppleWebKit/537.36 (KHTML, like Gecko) Chrome/122.0.0.0 Safari/537.36"
43.99.48.238 - - [13/May/2026:15:18:54 +0000] "GET /uploads/blog-post/84-featured-euro-3613908_1920.jpg HTTP/1.1" 200 982778 "https://www.oinversion.com" "Mozilla/5.0 (Windows NT 10.0; Win64; x64) AppleWebKit/537.36 (KHTML, like Gecko) Chrome/122.0.0.0 Safari/537.36"
43.99.48.238 - - [13/May/2026:15:19:19 +0000] "GET /uploads/blog-post/84-featured-euro-3613908_1920.jpg HTTP/1.1" 200 851706 "https://www.oinversion.com" "Mozilla/5.0 (Windows NT 10.0; Win64; x64) AppleWebKit/537.36 (KHTML, like Gecko) Chrome/122.0.0.0 Safari/537.36"
8.218.56.8 - - [13/May/2026:15:20:45 +0000] "GET /uploads/blog-post/75-featured-descargar.jpg HTTP/1.1" 200 258377 "https://www.oinversion.com" "Mozilla/5.0 (Windows NT 10.0; Win64; x64) AppleWebKit/537.36 (KHTML, like Gecko) Chrome/122.0.0.0 Safari/537.36"
66.249.79.139 - - [13/May/2026:15:21:23 +0000] "GET /contacto HTTP/1.1" 200 59796 "-" "Mozilla/5.0 (Linux; Android 6.0.1; Nexus 5X Build/MMB29P) AppleWebKit/537.36 (KHTML, like Gecko) Chrome/148.0.7778.96 Mobile Safari/537.36 (compatible; Googlebot/2.1; +http://www.google.com/bot.html)"
131.106.241.104 - - [13/May/2026:15:25:52 +0000] "GET /contacto HTTP/1.1" 200 59796 "-" "Mozilla/5.0 (X11; Linux aarch64) AppleWebKit/537.36 (KHTML, like Gecko) Chrome/139.0.0.0 Safari/537.36"
131.106.241.104 - - [13/May/2026:15:25:54 +0000] "GET /contacto HTTP/1.1" 200 59796 "https://oinversion.com/contacto" "Mozilla/5.0 (X11; Linux aarch64) AppleWebKit/537.36 (KHTML, like Gecko) Chrome/139.0.0.0 Safari/537.36"
66.249.79.137 - - [13/May/2026:15:27:39 +0000] "GET /contacto HTTP/1.1" 200 59796 "-" "Mozilla/5.0 (Linux; Android 6.0.1; Nexus 5X Build/MMB29P) AppleWebKit/537.36 (KHTML, like Gecko) Chrome/148.0.7778.96 Mobile Safari/537.36 (compatible; Googlebot/2.1; +http://www.google.com/bot.html)"
66.249.79.137 - - [13/May/2026:15:29:14 +0000] "GET /contacto HTTP/1.1" 200 59796 "-" "Mozilla/5.0 (Linux; Android 6.0.1; Nexus 5X Build/MMB29P) AppleWebKit/537.36 (KHTML, like Gecko) Chrome/148.0.7778.96 Mobile Safari/537.36 (compatible; Googlebot/2.1; +http://www.google.com/bot.html)"
66.249.79.139 - - [13/May/2026:15:30:19 +0000] "GET /contacto HTTP/1.1" 200 59796 "-" "Mozilla/5.0 (Linux; Android 6.0.1; Nexus 5X Build/MMB29P) AppleWebKit/537.36 (KHTML, like Gecko) Chrome/148.0.7778.96 Mobile Safari/537.36 (compatible; Googlebot/2.1; +http://www.google.com/bot.html)"
66.249.79.137 - - [13/May/2026:15:31:43 +0000] "GET /contacto HTTP/1.1" 200 59796 "-" "Mozilla/5.0 (Linux; Android 6.0.1; Nexus 5X Build/MMB29P) AppleWebKit/537.36 (KHTML, like Gecko) Chrome/148.0.7778.96 Mobile Safari/537.36 (compatible; Googlebot/2.1; +http://www.google.com/bot.html)"
66.249.78.39 - - [13/May/2026:15:34:43 +0000] "GET /contacto HTTP/1.1" 200 59796 "-" "Mozilla/5.0 (Linux; Android 6.0.1; Nexus 5X Build/MMB29P) AppleWebKit/537.36 (KHTML, like Gecko) Chrome/148.0.7778.96 Mobile Safari/537.36 (compatible; Googlebot/2.1; +http://www.google.com/bot.html)"
66.249.79.138 - - [13/May/2026:15:35:00 +0000] "GET /contacto HTTP/1.1" 200 59796 "-" "Mozilla/5.0 (Linux; Android 6.0.1; Nexus 5X Build/MMB29P) AppleWebKit/537.36 (KHTML, like Gecko) Chrome/148.0.7778.96 Mobile Safari/537.36 (compatible; Googlebot/2.1; +http://www.google.com/bot.html)"
66.249.79.139 - - [13/May/2026:15:37:06 +0000] "GET /contacto HTTP/1.1" 200 59796 "-" "Mozilla/5.0 (Linux; Android 6.0.1; Nexus 5X Build/MMB29P) AppleWebKit/537.36 (KHTML, like Gecko) Chrome/148.0.7778.96 Mobile Safari/537.36 (compatible; Googlebot/2.1; +http://www.google.com/bot.html)"
66.249.79.138 - - [13/May/2026:15:38:47 +0000] "GET /contacto HTTP/1.1" 200 59796 "-" "Mozilla/5.0 (Linux; Android 6.0.1; Nexus 5X Build/MMB29P) AppleWebKit/537.36 (KHTML, like Gecko) Chrome/148.0.7778.96 Mobile Safari/537.36 (compatible; Googlebot/2.1; +http://www.google.com/bot.html)"
66.249.79.139 - - [13/May/2026:15:40:36 +0000] "GET /contacto HTTP/1.1" 200 59796 "-" "Mozilla/5.0 (Linux; Android 6.0.1; Nexus 5X Build/MMB29P) AppleWebKit/537.36 (KHTML, like Gecko) Chrome/148.0.7778.96 Mobile Safari/537.36 (compatible; Googlebot/2.1; +http://www.google.com/bot.html)"
66.249.78.39 - - [13/May/2026:15:42:27 +0000] "GET /contacto HTTP/1.1" 200 59796 "-" "Mozilla/5.0 (Linux; Android 6.0.1; Nexus 5X Build/MMB29P) AppleWebKit/537.36 (KHTML, like Gecko) Chrome/148.0.7778.96 Mobile Safari/537.36 (compatible; Googlebot/2.1; +http://www.google.com/bot.html)"
66.249.79.137 - - [13/May/2026:15:46:38 +0000] "GET /contacto HTTP/1.1" 200 59796 "-" "Mozilla/5.0 (Linux; Android 6.0.1; Nexus 5X Build/MMB29P) AppleWebKit/537.36 (KHTML, like Gecko) Chrome/148.0.7778.96 Mobile Safari/537.36 (compatible; Googlebot/2.1; +http://www.google.com/bot.html)"
66.249.79.138 - - [13/May/2026:15:48:37 +0000] "GET /contacto HTTP/1.1" 200 59796 "-" "Mozilla/5.0 (Linux; Android 6.0.1; Nexus 5X Build/MMB29P) AppleWebKit/537.36 (KHTML, like Gecko) Chrome/148.0.7778.96 Mobile Safari/537.36 (compatible; Googlebot/2.1; +http://www.google.com/bot.html)"
66.249.79.137 - - [13/May/2026:15:49:49 +0000] "GET /contacto HTTP/1.1" 200 59796 "-" "Mozilla/5.0 (Linux; Android 6.0.1; Nexus 5X Build/MMB29P) AppleWebKit/537.36 (KHTML, like Gecko) Chrome/148.0.7778.96 Mobile Safari/537.36 (compatible; Googlebot/2.1; +http://www.google.com/bot.html)"
66.249.78.40 - - [13/May/2026:15:51:53 +0000] "GET /contacto HTTP/1.1" 200 59796 "-" "Mozilla/5.0 (Linux; Android 6.0.1; Nexus 5X Build/MMB29P) AppleWebKit/537.36 (KHTML, like Gecko) Chrome/148.0.7778.96 Mobile Safari/537.36 (compatible; Googlebot/2.1; +http://www.google.com/bot.html)"
66.249.78.40 - - [13/May/2026:15:53:00 +0000] "GET /contacto HTTP/1.1" 200 59796 "-" "Mozilla/5.0 (Linux; Android 6.0.1; Nexus 5X Build/MMB29P) AppleWebKit/537.36 (KHTML, like Gecko) Chrome/148.0.7778.96 Mobile Safari/537.36 (compatible; Googlebot/2.1; +http://www.google.com/bot.html)"
117.253.57.163 - - [13/May/2026:15:53:22 +0000] "GET /uploads/blog-post/71-featured-4-principios-de-inversion-de-Warren-Buffett.jpg HTTP/2.0" 200 106242 "-" "ChatGPT/1.2026.118 (iOS 26.4.2; iPhone14,5; build 25242079475)"
66.249.78.41 - - [13/May/2026:15:57:38 +0000] "GET /contacto HTTP/1.1" 200 59796 "-" "Mozilla/5.0 (Linux; Android 6.0.1; Nexus 5X Build/MMB29P) AppleWebKit/537.36 (KHTML, like Gecko) Chrome/148.0.7778.96 Mobile Safari/537.36 (compatible; Googlebot/2.1; +http://www.google.com/bot.html)"
57.141.20.44 - - [13/May/2026:15:58:13 +0000] "GET /blog/inversion-en-madrid-como-capitalizar-airbnb HTTP/2.0" 200 259350 "-" "meta-externalagent/1.1 (+https://developers.facebook.com/docs/sharing/webmasters/crawler)"
66.249.78.40 - - [13/May/2026:15:59:13 +0000] "GET /contacto HTTP/1.1" 200 59796 "-" "Mozilla/5.0 (Linux; Android 6.0.1; Nexus 5X Build/MMB29P) AppleWebKit/537.36 (KHTML, like Gecko) Chrome/148.0.7778.96 Mobile Safari/537.36 (compatible; Googlebot/2.1; +http://www.google.com/bot.html)"
66.249.79.137 - - [13/May/2026:15:59:52 +0000] "GET /contacto HTTP/1.1" 200 59796 "-" "Mozilla/5.0 (Linux; Android 6.0.1; Nexus 5X Build/MMB29P) AppleWebKit/537.36 (KHTML, like Gecko) Chrome/148.0.7778.96 Mobile Safari/537.36 (compatible; Googlebot/2.1; +http://www.google.com/bot.html)"
66.249.78.41 - - [13/May/2026:16:00:00 +0000] "GET /proyectos HTTP/1.1" 200 59754 "-" "Mozilla/5.0 (Linux; Android 6.0.1; Nexus 5X Build/MMB29P) AppleWebKit/537.36 (KHTML, like Gecko) Chrome/148.0.7778.96 Mobile Safari/537.36 (compatible; Googlebot/2.1; +http://www.google.com/bot.html)"
74.7.242.131 - - [13/May/2026:16:00:27 +0000] "GET /uploads/blog-post/71-featured-4-principios-de-inversion-de-Warren-Buffett.jpg HTTP/2.0" 200 106242 "-" "Mozilla/5.0 (Macintosh; Intel Mac OS X 10_15_7) AppleWebKit/537.36 (KHTML, like Gecko) Chrome/131.0.0.0 Safari/537.36; compatible; OAI-SearchBot/1.3; +https://openai.com/searchbot"
66.249.78.39 - - [13/May/2026:16:00:52 +0000] "GET /contacto HTTP/1.1" 200 59796 "-" "Mozilla/5.0 (Linux; Android 6.0.1; Nexus 5X Build/MMB29P) AppleWebKit/537.36 (KHTML, like Gecko) Chrome/148.0.7778.96 Mobile Safari/537.36 (compatible; Googlebot/2.1; +http://www.google.com/bot.html)"
66.249.79.137 - - [13/May/2026:16:02:04 +0000] "GET /contacto HTTP/1.1" 200 59796 "-" "Mozilla/5.0 (Linux; Android 6.0.1; Nexus 5X Build/MMB29P) AppleWebKit/537.36 (KHTML, like Gecko) Chrome/148.0.7778.96 Mobile Safari/537.36 (compatible; Googlebot/2.1; +http://www.google.com/bot.html)"
66.249.78.39 - - [13/May/2026:16:03:16 +0000] "GET /contacto HTTP/1.1" 200 59796 "-" "Mozilla/5.0 (Linux; Android 6.0.1; Nexus 5X Build/MMB29P) AppleWebKit/537.36 (KHTML, like Gecko) Chrome/148.0.7778.96 Mobile Safari/537.36 (compatible; Googlebot/2.1; +http://www.google.com/bot.html)"
66.249.79.137 - - [13/May/2026:16:03:50 +0000] "GET /contacto HTTP/1.1" 200 59796 "-" "Mozilla/5.0 (Linux; Android 6.0.1; Nexus 5X Build/MMB29P) AppleWebKit/537.36 (KHTML, like Gecko) Chrome/148.0.7778.96 Mobile Safari/537.36 (compatible; Googlebot/2.1; +http://www.google.com/bot.html)"
66.249.79.139 - - [13/May/2026:16:07:21 +0000] "GET /contacto HTTP/1.1" 200 59796 "-" "Mozilla/5.0 (Linux; Android 6.0.1; Nexus 5X Build/MMB29P) AppleWebKit/537.36 (KHTML, like Gecko) Chrome/148.0.7778.96 Mobile Safari/537.36 (compatible; Googlebot/2.1; +http://www.google.com/bot.html)"
66.249.79.138 - - [13/May/2026:16:09:03 +0000] "GET /contacto HTTP/1.1" 200 59796 "-" "Mozilla/5.0 (Linux; Android 6.0.1; Nexus 5X Build/MMB29P) AppleWebKit/537.36 (KHTML, like Gecko) Chrome/148.0.7778.96 Mobile Safari/537.36 (compatible; Googlebot/2.1; +http://www.google.com/bot.html)"
66.249.79.138 - - [13/May/2026:16:12:32 +0000] "GET /contacto HTTP/1.1" 200 59796 "-" "Mozilla/5.0 (Linux; Android 6.0.1; Nexus 5X Build/MMB29P) AppleWebKit/537.36 (KHTML, like Gecko) Chrome/148.0.7778.96 Mobile Safari/537.36 (compatible; Googlebot/2.1; +http://www.google.com/bot.html)"
66.249.78.39 - - [13/May/2026:16:13:28 +0000] "GET /contacto HTTP/1.1" 200 59796 "-" "Mozilla/5.0 (Linux; Android 6.0.1; Nexus 5X Build/MMB29P) AppleWebKit/537.36 (KHTML, like Gecko) Chrome/148.0.7778.96 Mobile Safari/537.36 (compatible; Googlebot/2.1; +http://www.google.com/bot.html)"
66.249.79.138 - - [13/May/2026:16:13:59 +0000] "GET /contacto HTTP/1.1" 200 59796 "-" "Mozilla/5.0 (Linux; Android 6.0.1; Nexus 5X Build/MMB29P) AppleWebKit/537.36 (KHTML, like Gecko) Chrome/148.0.7778.96 Mobile Safari/537.36 (compatible; Googlebot/2.1; +http://www.google.com/bot.html)"
66.249.79.138 - - [13/May/2026:16:15:19 +0000] "GET /contacto HTTP/1.1" 200 59796 "-" "Mozilla/5.0 (Linux; Android 6.0.1; Nexus 5X Build/MMB29P) AppleWebKit/537.36 (KHTML, like Gecko) Chrome/148.0.7778.96 Mobile Safari/537.36 (compatible; Googlebot/2.1; +http://www.google.com/bot.html)"
103.136.57.117 - - [13/May/2026:16:16:46 +0000] "GET /contacto HTTP/2.0" 200 59783 "https://www.google.com/" "Mozilla/5.0 (Linux; Android 10; K) AppleWebKit/537.36 (KHTML, like Gecko) Chrome/147.0.0.0 Mobile Safari/537.36"
66.249.79.137 - - [13/May/2026:16:16:52 +0000] "GET /contacto HTTP/1.1" 200 59796 "-" "Mozilla/5.0 (Linux; Android 6.0.1; Nexus 5X Build/MMB29P) AppleWebKit/537.36 (KHTML, like Gecko) Chrome/148.0.7778.96 Mobile Safari/537.36 (compatible; Googlebot/2.1; +http://www.google.com/bot.html)"
66.249.78.39 - - [13/May/2026:16:16:57 +0000] "GET /contacto HTTP/1.1" 200 59796 "-" "Mozilla/5.0 (Linux; Android 6.0.1; Nexus 5X Build/MMB29P) AppleWebKit/537.36 (KHTML, like Gecko) Chrome/148.0.7778.96 Mobile Safari/537.36 (compatible; Googlebot/2.1; +http://www.google.com/bot.html)"
193.37.33.9 - - [13/May/2026:16:17:51 +0000] "GET /uploads/blog-post/112-featured-invertir.jpg HTTP/1.1" 200 166011 "-" "Mozilla/5.0 (Windows NT 10.0; Win64; x64) AppleWebKit/537.36 (KHTML, like Gecko) Chrome/91.0.4472.124 Safari/537.36"
66.249.79.137 - - [13/May/2026:16:18:39 +0000] "GET /contacto HTTP/1.1" 200 59796 "-" "Mozilla/5.0 (Linux; Android 6.0.1; Nexus 5X Build/MMB29P) AppleWebKit/537.36 (KHTML, like Gecko) Chrome/148.0.7778.96 Mobile Safari/537.36 (compatible; Googlebot/2.1; +http://www.google.com/bot.html)"
66.249.78.40 - - [13/May/2026:16:18:50 +0000] "GET /contacto HTTP/1.1" 200 59796 "-" "Mozilla/5.0 (Linux; Android 6.0.1; Nexus 5X Build/MMB29P) AppleWebKit/537.36 (KHTML, like Gecko) Chrome/148.0.7778.96 Mobile Safari/537.36 (compatible; Googlebot/2.1; +http://www.google.com/bot.html)"
66.249.79.138 - - [13/May/2026:16:20:51 +0000] "GET /contacto HTTP/1.1" 200 59796 "-" "Mozilla/5.0 (Linux; Android 6.0.1; Nexus 5X Build/MMB29P) AppleWebKit/537.36 (KHTML, like Gecko) Chrome/148.0.7778.96 Mobile Safari/537.36 (compatible; Googlebot/2.1; +http://www.google.com/bot.html)"
201.87.3.115 - - [13/May/2026:16:21:38 +0000] "GET /uploads/blog-post/34-featured-bitcoins.png HTTP/1.1" 200 718263 "-" "Mozilla/5.0 (Windows NT 10.0; Win64; x64) AppleWebKit/537.36 (KHTML, like Gecko) Chrome/91.0.4472.124 Safari/537.36"
66.249.79.139 - - [13/May/2026:16:23:19 +0000] "GET /contacto HTTP/1.1" 200 59796 "-" "Mozilla/5.0 (Linux; Android 6.0.1; Nexus 5X Build/MMB29P) AppleWebKit/537.36 (KHTML, like Gecko) Chrome/148.0.7778.96 Mobile Safari/537.36 (compatible; Googlebot/2.1; +http://www.google.com/bot.html)"
66.249.79.139 - - [13/May/2026:16:24:47 +0000] "GET /contacto HTTP/1.1" 200 59796 "-" "Mozilla/5.0 (Linux; Android 6.0.1; Nexus 5X Build/MMB29P) AppleWebKit/537.36 (KHTML, like Gecko) Chrome/148.0.7778.96 Mobile Safari/537.36 (compatible; Googlebot/2.1; +http://www.google.com/bot.html)"
66.249.78.34 - - [13/May/2026:16:26:05 +0000] "GET /uploads/blog-post/48-featured-Copia%20de%20Copia%20de%20vender%20piso%20(10).jpg HTTP/1.1" 200 38315 "-" "Googlebot-Image/1.0"
66.249.79.129 - - [13/May/2026:16:26:11 +0000] "GET /uploads/blog-post/49-featured-Copia%20de%20Copia%20de%20vender%20piso%20(45).png HTTP/1.1" 200 540985 "-" "Googlebot-Image/1.0"
66.249.79.137 - - [13/May/2026:16:26:13 +0000] "GET /contacto HTTP/1.1" 200 59796 "-" "Mozilla/5.0 (Linux; Android 6.0.1; Nexus 5X Build/MMB29P) AppleWebKit/537.36 (KHTML, like Gecko) Chrome/148.0.7778.96 Mobile Safari/537.36 (compatible; Googlebot/2.1; +http://www.google.com/bot.html)"
66.249.79.139 - - [13/May/2026:16:28:14 +0000] "GET /fondos-de-inversion HTTP/1.1" 200 59733 "-" "Mozilla/5.0 (Linux; Android 6.0.1; Nexus 5X Build/MMB29P) AppleWebKit/537.36 (KHTML, like Gecko) Chrome/148.0.7778.96 Mobile Safari/537.36 (compatible; Googlebot/2.1; +http://www.google.com/bot.html)"
66.249.79.137 - - [13/May/2026:16:29:02 +0000] "GET /contacto HTTP/1.1" 200 59796 "-" "Mozilla/5.0 (Linux; Android 6.0.1; Nexus 5X Build/MMB29P) AppleWebKit/537.36 (KHTML, like Gecko) Chrome/148.0.7778.96 Mobile Safari/537.36 (compatible; Googlebot/2.1; +http://www.google.com/bot.html)"
66.249.79.137 - - [13/May/2026:16:29:51 +0000] "GET /contacto HTTP/1.1" 200 59796 "-" "Mozilla/5.0 (Linux; Android 6.0.1; Nexus 5X Build/MMB29P) AppleWebKit/537.36 (KHTML, like Gecko) Chrome/148.0.7778.96 Mobile Safari/537.36 (compatible; Googlebot/2.1; +http://www.google.com/bot.html)"
66.249.79.139 - - [13/May/2026:16:30:43 +0000] "GET /contacto HTTP/1.1" 200 59796 "-" "Mozilla/5.0 (Linux; Android 6.0.1; Nexus 5X Build/MMB29P) AppleWebKit/537.36 (KHTML, like Gecko) Chrome/148.0.7778.96 Mobile Safari/537.36 (compatible; Googlebot/2.1; +http://www.google.com/bot.html)"
66.249.79.138 - - [13/May/2026:16:31:12 +0000] "GET /fondos-de-inversion HTTP/1.1" 200 59733 "-" "Mozilla/5.0 (Linux; Android 6.0.1; Nexus 5X Build/MMB29P) AppleWebKit/537.36 (KHTML, like Gecko) Chrome/148.0.7778.96 Mobile Safari/537.36 (compatible; Googlebot/2.1; +http://www.google.com/bot.html)"
182.3.69.12 - - [13/May/2026:16:32:07 +0000] "GET /contacto HTTP/2.0" 200 59783 "https://www.google.com/" "Mozilla/5.0 (Linux; Android 10; K) AppleWebKit/537.36 (KHTML, like Gecko) Chrome/147.0.0.0 Mobile Safari/537.36"
66.249.79.139 - - [13/May/2026:16:32:17 +0000] "GET /contacto HTTP/1.1" 200 59796 "-" "Mozilla/5.0 (Linux; Android 6.0.1; Nexus 5X Build/MMB29P) AppleWebKit/537.36 (KHTML, like Gecko) Chrome/148.0.7778.96 Mobile Safari/537.36 (compatible; Googlebot/2.1; +http://www.google.com/bot.html)"
66.249.78.40 - - [13/May/2026:16:36:35 +0000] "GET /contacto HTTP/1.1" 200 59796 "-" "Mozilla/5.0 (Linux; Android 6.0.1; Nexus 5X Build/MMB29P) AppleWebKit/537.36 (KHTML, like Gecko) Chrome/148.0.7778.96 Mobile Safari/537.36 (compatible; Googlebot/2.1; +http://www.google.com/bot.html)"
66.249.79.139 - - [13/May/2026:16:37:34 +0000] "GET /contacto HTTP/1.1" 200 59796 "-" "Mozilla/5.0 (Linux; Android 6.0.1; Nexus 5X Build/MMB29P) AppleWebKit/537.36 (KHTML, like Gecko) Chrome/148.0.7778.96 Mobile Safari/537.36 (compatible; Googlebot/2.1; +http://www.google.com/bot.html)"
114.10.66.138 - - [13/May/2026:16:37:37 +0000] "GET /contacto HTTP/2.0" 200 59783 "https://oinversion--poka88-pages-dev.cdn.ampproject.org/v/s/oinversion-poka88.pages.dev/index.html%22?amp_js_v=0.1&usqp=mq331AQIUAKwASCAAgM%3D" "Mozilla/5.0 (Linux; Android 10; K) AppleWebKit/537.36 (KHTML, like Gecko) Chrome/148.0.0.0 Mobile Safari/537.36"
66.249.79.138 - - [13/May/2026:16:40:01 +0000] "GET /contacto HTTP/1.1" 200 59796 "-" "Mozilla/5.0 (Linux; Android 6.0.1; Nexus 5X Build/MMB29P) AppleWebKit/537.36 (KHTML, like Gecko) Chrome/148.0.7778.96 Mobile Safari/537.36 (compatible; Googlebot/2.1; +http://www.google.com/bot.html)"
66.249.79.137 - - [13/May/2026:16:41:40 +0000] "GET /contacto HTTP/1.1" 200 59796 "-" "Mozilla/5.0 (Linux; Android 6.0.1; Nexus 5X Build/MMB29P) AppleWebKit/537.36 (KHTML, like Gecko) Chrome/148.0.7778.96 Mobile Safari/537.36 (compatible; Googlebot/2.1; +http://www.google.com/bot.html)"
66.249.78.41 - - [13/May/2026:16:43:25 +0000] "GET /contacto HTTP/1.1" 200 59796 "-" "Mozilla/5.0 (Linux; Android 6.0.1; Nexus 5X Build/MMB29P) AppleWebKit/537.36 (KHTML, like Gecko) Chrome/148.0.7778.96 Mobile Safari/537.36 (compatible; Googlebot/2.1; +http://www.google.com/bot.html)"
66.249.79.137 - - [13/May/2026:16:45:53 +0000] "GET /contacto HTTP/1.1" 200 59796 "-" "Mozilla/5.0 (Linux; Android 6.0.1; Nexus 5X Build/MMB29P) AppleWebKit/537.36 (KHTML, like Gecko) Chrome/148.0.7778.96 Mobile Safari/537.36 (compatible; Googlebot/2.1; +http://www.google.com/bot.html)"
66.249.79.137 - - [13/May/2026:16:47:22 +0000] "GET /contacto HTTP/1.1" 200 59796 "-" "Mozilla/5.0 (Linux; Android 6.0.1; Nexus 5X Build/MMB29P) AppleWebKit/537.36 (KHTML, like Gecko) Chrome/148.0.7778.96 Mobile Safari/537.36 (compatible; Googlebot/2.1; +http://www.google.com/bot.html)"
66.249.78.40 - - [13/May/2026:16:48:44 +0000] "GET /contacto HTTP/1.1" 200 59796 "-" "Mozilla/5.0 (Linux; Android 6.0.1; Nexus 5X Build/MMB29P) AppleWebKit/537.36 (KHTML, like Gecko) Chrome/148.0.7778.96 Mobile Safari/537.36 (compatible; Googlebot/2.1; +http://www.google.com/bot.html)"
140.213.231.1 - - [13/May/2026:16:51:06 +0000] "GET /contacto HTTP/2.0" 200 59783 "https://oinversion-poka88.pages.dev/" "Mozilla/5.0 (iPhone; CPU iPhone OS 18_6_2 like Mac OS X) AppleWebKit/605.1.15 (KHTML, like Gecko) Version/18.6 Mobile/15E148 Safari/604.1"
66.249.79.137 - - [13/May/2026:16:51:41 +0000] "GET /contacto HTTP/1.1" 200 59796 "-" "Mozilla/5.0 (Linux; Android 6.0.1; Nexus 5X Build/MMB29P) AppleWebKit/537.36 (KHTML, like Gecko) Chrome/148.0.7778.96 Mobile Safari/537.36 (compatible; Googlebot/2.1; +http://www.google.com/bot.html)"
66.249.78.41 - - [13/May/2026:16:53:03 +0000] "GET /contacto HTTP/1.1" 200 59796 "-" "Mozilla/5.0 (Linux; Android 6.0.1; Nexus 5X Build/MMB29P) AppleWebKit/537.36 (KHTML, like Gecko) Chrome/148.0.7778.96 Mobile Safari/537.36 (compatible; Googlebot/2.1; +http://www.google.com/bot.html)"
140.213.231.1 - - [13/May/2026:16:54:31 +0000] "GET /contacto HTTP/2.0" 200 59783 "-" "Mozilla/5.0 (iPhone; CPU iPhone OS 18_6_2 like Mac OS X) AppleWebKit/605.1.15 (KHTML, like Gecko) Mobile/15E148"
47.128.18.65 - - [13/May/2026:16:55:27 +0000] "GET /assets/7e549121/css/stylesheet.css?v=1666108212 HTTP/2.0" 200 12976 "https://oinversion.com/blog/tag/productos+garantizados" "Mozilla/5.0 (Linux; Android 5.0) AppleWebKit/537.36 (KHTML, like Gecko) Mobile Safari/537.36 (compatible; Bytespider; spider-feedback@bytedance.com)"
47.128.18.65 - - [13/May/2026:16:55:27 +0000] "GET /assets/7e549121/css/jquery.bxslider.css?v=1503585073 HTTP/2.0" 200 1010 "https://oinversion.com/blog/tag/productos+garantizados" "Mozilla/5.0 (Linux; Android 5.0) AppleWebKit/537.36 (KHTML, like Gecko) Mobile Safari/537.36 (compatible; Bytespider; spider-feedback@bytedance.com)"
47.128.18.65 - - [13/May/2026:16:55:27 +0000] "GET /assets/2a658dd2/css/bootstrap.css?v=1469461915 HTTP/2.0" 200 19416 "https://oinversion.com/blog/tag/productos+garantizados" "Mozilla/5.0 (Linux; Android 5.0) AppleWebKit/537.36 (KHTML, like Gecko) Mobile Safari/537.36 (compatible; Bytespider; spider-feedback@bytedance.com)"
47.128.18.65 - - [13/May/2026:16:55:27 +0000] "GET /assets/7e549121/css/font-awesome.min.css?v=1503585073 HTTP/2.0" 200 5706 "https://oinversion.com/blog/tag/productos+garantizados" "Mozilla/5.0 (Linux; Android 5.0) AppleWebKit/537.36 (KHTML, like Gecko) Mobile Safari/537.36 (compatible; Bytespider; spider-feedback@bytedance.com)"
47.128.18.65 - - [13/May/2026:16:55:27 +0000] "GET /assets/7e549121/img/ico-blog.svg HTTP/2.0" 206 500 "https://oinversion.com/blog/tag/productos+garantizados" "Mozilla/5.0 (Linux; Android 5.0) AppleWebKit/537.36 (KHTML, like Gecko) Mobile Safari/537.36 (compatible; Bytespider; spider-feedback@bytedance.com)"
47.128.18.65 - - [13/May/2026:16:55:27 +0000] "GET /assets/7e549121/img/logo-oinversion-fondo-claro.svg HTTP/2.0" 206 500 "https://oinversion.com/blog/tag/productos+garantizados" "Mozilla/5.0 (Linux; Android 5.0) AppleWebKit/537.36 (KHTML, like Gecko) Mobile Safari/537.36 (compatible; Bytespider; spider-feedback@bytedance.com)"
47.128.18.65 - - [13/May/2026:16:55:28 +0000] "GET /assets/7e549121/img/ico-blog.svg HTTP/2.0" 304 0 "https://oinversion.com/blog/tag/productos+garantizados" "Mozilla/5.0 (Linux; Android 5.0) AppleWebKit/537.36 (KHTML, like Gecko) Mobile Safari/537.36 (compatible; Bytespider; spider-feedback@bytedance.com)"
47.128.18.65 - - [13/May/2026:16:55:28 +0000] "GET /assets/7e549121/img/logo-oinversion-fondo-claro.svg HTTP/2.0" 304 0 "https://oinversion.com/blog/tag/productos+garantizados" "Mozilla/5.0 (Linux; Android 5.0) AppleWebKit/537.36 (KHTML, like Gecko) Mobile Safari/537.36 (compatible; Bytespider; spider-feedback@bytedance.com)"
47.128.18.65 - - [13/May/2026:16:55:28 +0000] "GET /assets/7e549121/img/ico-blog.svg HTTP/2.0" 206 1881 "https://oinversion.com/blog/tag/productos+garantizados" "Mozilla/5.0 (Linux; Android 5.0) AppleWebKit/537.36 (KHTML, like Gecko) Mobile Safari/537.36 (compatible; Bytespider; spider-feedback@bytedance.com)"
47.128.18.65 - - [13/May/2026:16:55:29 +0000] "GET /assets/7e549121/img/logo-oinversion-fondo-claro.svg HTTP/2.0" 206 4617 "https://oinversion.com/blog/tag/productos+garantizados" "Mozilla/5.0 (Linux; Android 5.0) AppleWebKit/537.36 (KHTML, like Gecko) Mobile Safari/537.36 (compatible; Bytespider; spider-feedback@bytedance.com)"
47.128.18.65 - - [13/May/2026:16:55:29 +0000] "GET /assets/7e549121/img/ico-categorias.svg HTTP/2.0" 206 500 "https://oinversion.com/blog/tag/productos+garantizados" "Mozilla/5.0 (Linux; Android 5.0) AppleWebKit/537.36 (KHTML, like Gecko) Mobile Safari/537.36 (compatible; Bytespider; spider-feedback@bytedance.com)"
47.128.18.65 - - [13/May/2026:16:55:29 +0000] "GET /assets/7e549121/img/ico-tags.svg HTTP/2.0" 206 500 "https://oinversion.com/blog/tag/productos+garantizados" "Mozilla/5.0 (Linux; Android 5.0) AppleWebKit/537.36 (KHTML, like Gecko) Mobile Safari/537.36 (compatible; Bytespider; spider-feedback@bytedance.com)"
47.128.18.65 - - [13/May/2026:16:55:29 +0000] "GET /assets/7e549121/img/ico-categorias.svg HTTP/2.0" 304 0 "https://oinversion.com/blog/tag/productos+garantizados" "Mozilla/5.0 (Linux; Android 5.0) AppleWebKit/537.36 (KHTML, like Gecko) Mobile Safari/537.36 (compatible; Bytespider; spider-feedback@bytedance.com)"
47.128.18.65 - - [13/May/2026:16:55:29 +0000] "GET /assets/7e549121/img/ico-facebook.svg HTTP/2.0" 206 500 "https://oinversion.com/blog/tag/productos+garantizados" "Mozilla/5.0 (Linux; Android 5.0) AppleWebKit/537.36 (KHTML, like Gecko) Mobile Safari/537.36 (compatible; Bytespider; spider-feedback@bytedance.com)"
47.128.18.65 - - [13/May/2026:16:55:29 +0000] "GET /assets/7e549121/img/ico-twitter.svg HTTP/2.0" 206 500 "https://oinversion.com/blog/tag/productos+garantizados" "Mozilla/5.0 (Linux; Android 5.0) AppleWebKit/537.36 (KHTML, like Gecko) Mobile Safari/537.36 (compatible; Bytespider; spider-feedback@bytedance.com)"
47.128.18.65 - - [13/May/2026:16:55:29 +0000] "GET /assets/7e549121/img/ico-mail.svg HTTP/2.0" 206 500 "https://oinversion.com/blog/tag/productos+garantizados" "Mozilla/5.0 (Linux; Android 5.0) AppleWebKit/537.36 (KHTML, like Gecko) Mobile Safari/537.36 (compatible; Bytespider; spider-feedback@bytedance.com)"
47.128.18.65 - - [13/May/2026:16:55:29 +0000] "GET /assets/7e549121/img/ico-tags.svg HTTP/2.0" 304 0 "https://oinversion.com/blog/tag/productos+garantizados" "Mozilla/5.0 (Linux; Android 5.0) AppleWebKit/537.36 (KHTML, like Gecko) Mobile Safari/537.36 (compatible; Bytespider; spider-feedback@bytedance.com)"
47.128.18.65 - - [13/May/2026:16:55:29 +0000] "GET /assets/7e549121/img/logo-oinversion-fondo-oscuro.svg HTTP/2.0" 206 500 "https://oinversion.com/blog/tag/productos+garantizados" "Mozilla/5.0 (Linux; Android 5.0) AppleWebKit/537.36 (KHTML, like Gecko) Mobile Safari/537.36 (compatible; Bytespider; spider-feedback@bytedance.com)"
47.128.18.65 - - [13/May/2026:16:55:29 +0000] "GET /assets/7e549121/img/ico-categorias.svg HTTP/2.0" 206 1467 "https://oinversion.com/blog/tag/productos+garantizados" "Mozilla/5.0 (Linux; Android 5.0) AppleWebKit/537.36 (KHTML, like Gecko) Mobile Safari/537.36 (compatible; Bytespider; spider-feedback@bytedance.com)"
47.128.18.65 - - [13/May/2026:16:55:29 +0000] "GET /assets/7e549121/img/fondo-patrimonio-blog.jpg HTTP/2.0" 206 500 "https://oinversion.com/assets/7e549121/css/stylesheet.css?v=1666108212" "Mozilla/5.0 (Linux; Android 5.0) AppleWebKit/537.36 (KHTML, like Gecko) Mobile Safari/537.36 (compatible; Bytespider; spider-feedback@bytedance.com)"
47.128.18.65 - - [13/May/2026:16:55:29 +0000] "GET /assets/7e549121/img/ico-twitter.svg HTTP/2.0" 304 0 "https://oinversion.com/blog/tag/productos+garantizados" "Mozilla/5.0 (Linux; Android 5.0) AppleWebKit/537.36 (KHTML, like Gecko) Mobile Safari/537.36 (compatible; Bytespider; spider-feedback@bytedance.com)"
47.128.18.65 - - [13/May/2026:16:55:29 +0000] "GET /assets/7e549121/img/ico-facebook.svg HTTP/2.0" 304 0 "https://oinversion.com/blog/tag/productos+garantizados" "Mozilla/5.0 (Linux; Android 5.0) AppleWebKit/537.36 (KHTML, like Gecko) Mobile Safari/537.36 (compatible; Bytespider; spider-feedback@bytedance.com)"
47.128.18.65 - - [13/May/2026:16:55:29 +0000] "GET /assets/7e549121/img/ico-mail.svg HTTP/2.0" 304 0 "https://oinversion.com/blog/tag/productos+garantizados" "Mozilla/5.0 (Linux; Android 5.0) AppleWebKit/537.36 (KHTML, like Gecko) Mobile Safari/537.36 (compatible; Bytespider; spider-feedback@bytedance.com)"
47.128.18.65 - - [13/May/2026:16:55:30 +0000] "GET /assets/7e549121/img/ico-tags.svg HTTP/2.0" 206 1242 "https://oinversion.com/blog/tag/productos+garantizados" "Mozilla/5.0 (Linux; Android 5.0) AppleWebKit/537.36 (KHTML, like Gecko) Mobile Safari/537.36 (compatible; Bytespider; spider-feedback@bytedance.com)"
47.128.18.65 - - [13/May/2026:16:55:30 +0000] "GET /assets/7e549121/img/ico-mail.svg HTTP/2.0" 206 1498 "https://oinversion.com/blog/tag/productos+garantizados" "Mozilla/5.0 (Linux; Android 5.0) AppleWebKit/537.36 (KHTML, like Gecko) Mobile Safari/537.36 (compatible; Bytespider; spider-feedback@bytedance.com)"
47.128.18.65 - - [13/May/2026:16:55:30 +0000] "GET /assets/7e549121/img/fondo-patrimonio-blog.jpg HTTP/2.0" 304 0 "https://oinversion.com/assets/7e549121/css/stylesheet.css?v=1666108212" "Mozilla/5.0 (Linux; Android 5.0) AppleWebKit/537.36 (KHTML, like Gecko) Mobile Safari/537.36 (compatible; Bytespider; spider-feedback@bytedance.com)"
47.128.18.65 - - [13/May/2026:16:55:30 +0000] "GET /assets/7e549121/img/logo-oinversion-fondo-oscuro.svg HTTP/2.0" 304 0 "https://oinversion.com/blog/tag/productos+garantizados" "Mozilla/5.0 (Linux; Android 5.0) AppleWebKit/537.36 (KHTML, like Gecko) Mobile Safari/537.36 (compatible; Bytespider; spider-feedback@bytedance.com)"
47.128.18.65 - - [13/May/2026:16:55:30 +0000] "GET /assets/7e549121/img/ico-twitter.svg HTTP/2.0" 206 1897 "https://oinversion.com/blog/tag/productos+garantizados" "Mozilla/5.0 (Linux; Android 5.0) AppleWebKit/537.36 (KHTML, like Gecko) Mobile Safari/537.36 (compatible; Bytespider; spider-feedback@bytedance.com)"
47.128.18.65 - - [13/May/2026:16:55:30 +0000] "GET /assets/7e549121/img/ico-facebook.svg HTTP/2.0" 206 1119 "https://oinversion.com/blog/tag/productos+garantizados" "Mozilla/5.0 (Linux; Android 5.0) AppleWebKit/537.36 (KHTML, like Gecko) Mobile Safari/537.36 (compatible; Bytespider; spider-feedback@bytedance.com)"
47.128.18.65 - - [13/May/2026:16:55:31 +0000] "GET /assets/7e549121/img/fondo-patrimonio-blog.jpg HTTP/2.0" 206 108857 "https://oinversion.com/assets/7e549121/css/stylesheet.css?v=1666108212" "Mozilla/5.0 (Linux; Android 5.0) AppleWebKit/537.36 (KHTML, like Gecko) Mobile Safari/537.36 (compatible; Bytespider; spider-feedback@bytedance.com)"
47.128.18.65 - - [13/May/2026:16:55:31 +0000] "GET /assets/7e549121/img/logo-oinversion-fondo-oscuro.svg HTTP/2.0" 206 4206 "https://oinversion.com/blog/tag/productos+garantizados" "Mozilla/5.0 (Linux; Android 5.0) AppleWebKit/537.36 (KHTML, like Gecko) Mobile Safari/537.36 (compatible; Bytespider; spider-feedback@bytedance.com)"
47.128.18.65 - - [13/May/2026:16:55:31 +0000] "GET /uploads/blog-post/89-featured-Euribor-negativo.jpg HTTP/2.0" 206 500 "https://oinversion.com/" "Mozilla/5.0 (Linux; Android 5.0) AppleWebKit/537.36 (KHTML, like Gecko) Mobile Safari/537.36 (compatible; Bytespider; spider-feedback@bytedance.com)"
47.128.18.65 - - [13/May/2026:16:55:31 +0000] "GET /uploads/blog-post/89-featured-Euribor-negativo.jpg HTTP/2.0" 304 0 "https://oinversion.com/" "Mozilla/5.0 (Linux; Android 5.0) AppleWebKit/537.36 (KHTML, like Gecko) Mobile Safari/537.36 (compatible; Bytespider; spider-feedback@bytedance.com)"
47.128.18.65 - - [13/May/2026:16:55:32 +0000] "GET /uploads/blog-post/89-featured-Euribor-negativo.jpg HTTP/2.0" 206 220942 "https://oinversion.com/" "Mozilla/5.0 (Linux; Android 5.0) AppleWebKit/537.36 (KHTML, like Gecko) Mobile Safari/537.36 (compatible; Bytespider; spider-feedback@bytedance.com)"
216.73.216.249 - - [13/May/2026:16:56:04 +0000] "GET /assets/f3a19635/img/ico-blog.svg HTTP/2.0" 200 2381 "-" "Mozilla/5.0 AppleWebKit/537.36 (KHTML, like Gecko; compatible; ClaudeBot/1.0; +claudebot@anthropic.com)"
216.73.216.249 - - [13/May/2026:16:56:11 +0000] "GET /assets/f3a19635/img/ico-categorias.svg HTTP/2.0" 200 1967 "-" "Mozilla/5.0 AppleWebKit/537.36 (KHTML, like Gecko; compatible; ClaudeBot/1.0; +claudebot@anthropic.com)"
216.73.216.249 - - [13/May/2026:16:56:11 +0000] "GET /assets/f3a19635/img/ico-recientes.svg HTTP/2.0" 200 2490 "-" "Mozilla/5.0 AppleWebKit/537.36 (KHTML, like Gecko; compatible; ClaudeBot/1.0; +claudebot@anthropic.com)"
216.73.216.249 - - [13/May/2026:16:56:59 +0000] "GET /assets/f3a19635/img/logo-oinversion-fondo-claro.svg HTTP/2.0" 200 5117 "-" "Mozilla/5.0 AppleWebKit/537.36 (KHTML, like Gecko; compatible; ClaudeBot/1.0; +claudebot@anthropic.com)"
47.128.18.52 - - [13/May/2026:16:57:15 +0000] "GET /assets/7e549121/css/jquery.bxslider.css?v=1503585073 HTTP/2.0" 200 1010 "https://oinversion.com/blog/tag/fondo+de+emergencia" "Mozilla/5.0 (Linux; Android 5.0) AppleWebKit/537.36 (KHTML, like Gecko) Mobile Safari/537.36 (compatible; Bytespider; spider-feedback@bytedance.com)"
47.128.18.52 - - [13/May/2026:16:57:15 +0000] "GET /assets/7e549121/img/logo-oinversion-fondo-claro.svg HTTP/2.0" 206 500 "https://oinversion.com/blog/tag/fondo+de+emergencia" "Mozilla/5.0 (Linux; Android 5.0) AppleWebKit/537.36 (KHTML, like Gecko) Mobile Safari/537.36 (compatible; Bytespider; spider-feedback@bytedance.com)"
47.128.18.52 - - [13/May/2026:16:57:15 +0000] "GET /assets/7e549121/css/font-awesome.min.css?v=1503585073 HTTP/2.0" 200 5706 "https://oinversion.com/blog/tag/fondo+de+emergencia" "Mozilla/5.0 (Linux; Android 5.0) AppleWebKit/537.36 (KHTML, like Gecko) Mobile Safari/537.36 (compatible; Bytespider; spider-feedback@bytedance.com)"
47.128.18.52 - - [13/May/2026:16:57:15 +0000] "GET /assets/7e549121/img/ico-blog.svg HTTP/2.0" 206 500 "https://oinversion.com/blog/tag/fondo+de+emergencia" "Mozilla/5.0 (Linux; Android 5.0) AppleWebKit/537.36 (KHTML, like Gecko) Mobile Safari/537.36 (compatible; Bytespider; spider-feedback@bytedance.com)"
47.128.18.52 - - [13/May/2026:16:57:22 +0000] "GET /assets/7e549121/img/logo-oinversion-fondo-claro.svg HTTP/2.0" 304 0 "https://oinversion.com/blog/tag/fondo+de+emergencia" "Mozilla/5.0 (Linux; Android 5.0) AppleWebKit/537.36 (KHTML, like Gecko) Mobile Safari/537.36 (compatible; Bytespider; spider-feedback@bytedance.com)"
47.128.18.52 - - [13/May/2026:16:57:22 +0000] "GET /assets/7e549121/img/ico-blog.svg HTTP/2.0" 304 0 "https://oinversion.com/blog/tag/fondo+de+emergencia" "Mozilla/5.0 (Linux; Android 5.0) AppleWebKit/537.36 (KHTML, like Gecko) Mobile Safari/537.36 (compatible; Bytespider; spider-feedback@bytedance.com)"
47.128.18.52 - - [13/May/2026:16:57:22 +0000] "GET /assets/7e549121/img/logo-oinversion-fondo-claro.svg HTTP/2.0" 206 4617 "https://oinversion.com/blog/tag/fondo+de+emergencia" "Mozilla/5.0 (Linux; Android 5.0) AppleWebKit/537.36 (KHTML, like Gecko) Mobile Safari/537.36 (compatible; Bytespider; spider-feedback@bytedance.com)"
47.128.18.52 - - [13/May/2026:16:57:22 +0000] "GET /assets/7e549121/img/ico-blog.svg HTTP/2.0" 206 1881 "https://oinversion.com/blog/tag/fondo+de+emergencia" "Mozilla/5.0 (Linux; Android 5.0) AppleWebKit/537.36 (KHTML, like Gecko) Mobile Safari/537.36 (compatible; Bytespider; spider-feedback@bytedance.com)"
47.128.18.52 - - [13/May/2026:16:57:29 +0000] "GET /assets/7e549121/img/ico-tags.svg HTTP/2.0" 206 500 "https://oinversion.com/blog/tag/fondo+de+emergencia" "Mozilla/5.0 (Linux; Android 5.0) AppleWebKit/537.36 (KHTML, like Gecko) Mobile Safari/537.36 (compatible; Bytespider; spider-feedback@bytedance.com)"
47.128.18.52 - - [13/May/2026:16:57:29 +0000] "GET /uploads/blog-post/69-featured-pexels-burak-k-186461.jpg HTTP/2.0" 206 500 "https://oinversion.com/" "Mozilla/5.0 (Linux; Android 5.0) AppleWebKit/537.36 (KHTML, like Gecko) Mobile Safari/537.36 (compatible; Bytespider; spider-feedback@bytedance.com)"
47.128.18.52 - - [13/May/2026:16:57:30 +0000] "GET /assets/7e549121/img/logo-oinversion-fondo-oscuro.svg HTTP/2.0" 206 500 "https://oinversion.com/blog/tag/fondo+de+emergencia" "Mozilla/5.0 (Linux; Android 5.0) AppleWebKit/537.36 (KHTML, like Gecko) Mobile Safari/537.36 (compatible; Bytespider; spider-feedback@bytedance.com)"
47.128.18.52 - - [13/May/2026:16:57:30 +0000] "GET /uploads/blog-post/69-featured-pexels-burak-k-186461.jpg HTTP/2.0" 304 0 "https://oinversion.com/" "Mozilla/5.0 (Linux; Android 5.0) AppleWebKit/537.36 (KHTML, like Gecko) Mobile Safari/537.36 (compatible; Bytespider; spider-feedback@bytedance.com)"
47.128.18.52 - - [13/May/2026:16:57:30 +0000] "GET /assets/7e549121/img/ico-tags.svg HTTP/2.0" 304 0 "https://oinversion.com/blog/tag/fondo+de+emergencia" "Mozilla/5.0 (Linux; Android 5.0) AppleWebKit/537.36 (KHTML, like Gecko) Mobile Safari/537.36 (compatible; Bytespider; spider-feedback@bytedance.com)"
47.128.18.52 - - [13/May/2026:16:57:31 +0000] "GET /assets/7e549121/img/ico-tags.svg HTTP/2.0" 206 1242 "https://oinversion.com/blog/tag/fondo+de+emergencia" "Mozilla/5.0 (Linux; Android 5.0) AppleWebKit/537.36 (KHTML, like Gecko) Mobile Safari/537.36 (compatible; Bytespider; spider-feedback@bytedance.com)"
47.128.18.52 - - [13/May/2026:16:57:31 +0000] "GET /assets/7e549121/img/fondo-patrimonio-blog.jpg HTTP/2.0" 206 500 "https://oinversion.com/assets/7e549121/css/stylesheet.css?v=1666108212" "Mozilla/5.0 (Linux; Android 5.0) AppleWebKit/537.36 (KHTML, like Gecko) Mobile Safari/537.36 (compatible; Bytespider; spider-feedback@bytedance.com)"
47.128.18.52 - - [13/May/2026:16:57:31 +0000] "GET /assets/7e549121/img/ico-mail.svg HTTP/2.0" 206 500 "https://oinversion.com/blog/tag/fondo+de+emergencia" "Mozilla/5.0 (Linux; Android 5.0) AppleWebKit/537.36 (KHTML, like Gecko) Mobile Safari/537.36 (compatible; Bytespider; spider-feedback@bytedance.com)"
47.128.18.52 - - [13/May/2026:16:57:31 +0000] "GET /uploads/blog-post/125-featured-Invertir%20(248%20x%20248%20px).png HTTP/2.0" 206 500 "https://oinversion.com/" "Mozilla/5.0 (Linux; Android 5.0) AppleWebKit/537.36 (KHTML, like Gecko) Mobile Safari/537.36 (compatible; Bytespider; spider-feedback@bytedance.com)"
47.128.18.52 - - [13/May/2026:16:57:31 +0000] "GET /uploads/blog-post/69-featured-pexels-burak-k-186461.jpg HTTP/2.0" 206 1238763 "https://oinversion.com/" "Mozilla/5.0 (Linux; Android 5.0) AppleWebKit/537.36 (KHTML, like Gecko) Mobile Safari/537.36 (compatible; Bytespider; spider-feedback@bytedance.com)"
47.128.18.52 - - [13/May/2026:16:57:32 +0000] "GET /assets/7e549121/img/logo-oinversion-fondo-oscuro.svg HTTP/2.0" 304 0 "https://oinversion.com/blog/tag/fondo+de+emergencia" "Mozilla/5.0 (Linux; Android 5.0) AppleWebKit/537.36 (KHTML, like Gecko) Mobile Safari/537.36 (compatible; Bytespider; spider-feedback@bytedance.com)"
47.128.18.52 - - [13/May/2026:16:57:33 +0000] "GET /assets/7e549121/img/logo-oinversion-fondo-oscuro.svg HTTP/2.0" 206 4206 "https://oinversion.com/blog/tag/fondo+de+emergencia" "Mozilla/5.0 (Linux; Android 5.0) AppleWebKit/537.36 (KHTML, like Gecko) Mobile Safari/537.36 (compatible; Bytespider; spider-feedback@bytedance.com)"
47.128.18.52 - - [13/May/2026:16:57:33 +0000] "GET /assets/7e549121/img/fondo-patrimonio-blog.jpg HTTP/2.0" 304 0 "https://oinversion.com/assets/7e549121/css/stylesheet.css?v=1666108212" "Mozilla/5.0 (Linux; Android 5.0) AppleWebKit/537.36 (KHTML, like Gecko) Mobile Safari/537.36 (compatible; Bytespider; spider-feedback@bytedance.com)"
47.128.18.52 - - [13/May/2026:16:57:33 +0000] "GET /assets/7e549121/img/ico-mail.svg HTTP/2.0" 304 0 "https://oinversion.com/blog/tag/fondo+de+emergencia" "Mozilla/5.0 (Linux; Android 5.0) AppleWebKit/537.36 (KHTML, like Gecko) Mobile Safari/537.36 (compatible; Bytespider; spider-feedback@bytedance.com)"
47.128.18.52 - - [13/May/2026:16:57:33 +0000] "GET /assets/7e549121/img/fondo-patrimonio-blog.jpg HTTP/2.0" 206 108857 "https://oinversion.com/assets/7e549121/css/stylesheet.css?v=1666108212" "Mozilla/5.0 (Linux; Android 5.0) AppleWebKit/537.36 (KHTML, like Gecko) Mobile Safari/537.36 (compatible; Bytespider; spider-feedback@bytedance.com)"
47.128.18.52 - - [13/May/2026:16:57:33 +0000] "GET /assets/7e549121/img/ico-mail.svg HTTP/2.0" 206 1498 "https://oinversion.com/blog/tag/fondo+de+emergencia" "Mozilla/5.0 (Linux; Android 5.0) AppleWebKit/537.36 (KHTML, like Gecko) Mobile Safari/537.36 (compatible; Bytespider; spider-feedback@bytedance.com)"
66.249.79.139 - - [13/May/2026:17:02:48 +0000] "GET /contacto HTTP/1.1" 200 59796 "-" "Mozilla/5.0 (Linux; Android 6.0.1; Nexus 5X Build/MMB29P) AppleWebKit/537.36 (KHTML, like Gecko) Chrome/148.0.7778.96 Mobile Safari/537.36 (compatible; Googlebot/2.1; +http://www.google.com/bot.html)"
66.249.78.40 - - [13/May/2026:17:03:45 +0000] "GET /contacto HTTP/1.1" 200 59796 "-" "Mozilla/5.0 (Linux; Android 6.0.1; Nexus 5X Build/MMB29P) AppleWebKit/537.36 (KHTML, like Gecko) Chrome/148.0.7778.96 Mobile Safari/537.36 (compatible; Googlebot/2.1; +http://www.google.com/bot.html)"
216.73.216.249 - - [13/May/2026:17:07:52 +0000] "GET /assets/f3a19635/img/ico-twitter.svg HTTP/2.0" 200 2397 "-" "Mozilla/5.0 AppleWebKit/537.36 (KHTML, like Gecko; compatible; ClaudeBot/1.0; +claudebot@anthropic.com)"
66.249.79.138 - - [13/May/2026:17:09:12 +0000] "GET /contacto HTTP/1.1" 200 59796 "-" "Mozilla/5.0 (Linux; Android 6.0.1; Nexus 5X Build/MMB29P) AppleWebKit/537.36 (KHTML, like Gecko) Chrome/148.0.7778.96 Mobile Safari/537.36 (compatible; Googlebot/2.1; +http://www.google.com/bot.html)"
66.249.78.40 - - [13/May/2026:17:09:28 +0000] "GET /contacto HTTP/1.1" 200 59796 "-" "Mozilla/5.0 (Linux; Android 6.0.1; Nexus 5X Build/MMB29P) AppleWebKit/537.36 (KHTML, like Gecko) Chrome/148.0.7778.96 Mobile Safari/537.36 (compatible; Googlebot/2.1; +http://www.google.com/bot.html)"
66.249.79.137 - - [13/May/2026:17:10:20 +0000] "GET /contacto HTTP/1.1" 200 59796 "-" "Mozilla/5.0 (Linux; Android 6.0.1; Nexus 5X Build/MMB29P) AppleWebKit/537.36 (KHTML, like Gecko) Chrome/148.0.7778.96 Mobile Safari/537.36 (compatible; Googlebot/2.1; +http://www.google.com/bot.html)"
66.249.78.41 - - [13/May/2026:17:13:16 +0000] "GET /contacto HTTP/1.1" 200 59796 "-" "Mozilla/5.0 (Linux; Android 6.0.1; Nexus 5X Build/MMB29P) AppleWebKit/537.36 (KHTML, like Gecko) Chrome/148.0.7778.96 Mobile Safari/537.36 (compatible; Googlebot/2.1; +http://www.google.com/bot.html)"
51.75.236.135 - - [13/May/2026:17:14:26 +0000] "GET /assets/d35fb7fa/js/bootstrap.js?v=1469461915 HTTP/2.0" 200 13674 "-" "Mozilla/5.0 (compatible; AhrefsBot/7.0; +http://ahrefs.com/robot/)"
176.31.139.24 - - [13/May/2026:17:14:32 +0000] "GET /assets/d35fb7fa/css/bootstrap.css?v=1469461915 HTTP/2.0" 200 19416 "-" "Mozilla/5.0 (compatible; AhrefsBot/7.0; +http://ahrefs.com/robot/)"
66.249.78.39 - - [13/May/2026:17:15:01 +0000] "GET /contacto HTTP/1.1" 200 59796 "-" "Mozilla/5.0 (Linux; Android 6.0.1; Nexus 5X Build/MMB29P) AppleWebKit/537.36 (KHTML, like Gecko) Chrome/148.0.7778.96 Mobile Safari/537.36 (compatible; Googlebot/2.1; +http://www.google.com/bot.html)"
182.1.203.103 - - [13/May/2026:17:15:21 +0000] "GET /contacto HTTP/2.0" 200 59783 "https://www.google.com/" "Mozilla/5.0 (Linux; Android 10; K) AppleWebKit/537.36 (KHTML, like Gecko) Chrome/147.0.0.0 Mobile Safari/537.36"
74.7.227.57 - - [13/May/2026:17:22:21 +0000] "GET /blog/tag/Airbnb HTTP/2.0" 200 59813 "https://oinversion-modal4d.pages.dev" "Mozilla/5.0 AppleWebKit/537.36 (KHTML, like Gecko; compatible; GPTBot/1.3; +https://openai.com/gptbot)"
66.249.79.139 - - [13/May/2026:17:22:23 +0000] "GET /contacto HTTP/1.1" 200 59796 "-" "Mozilla/5.0 (Linux; Android 6.0.1; Nexus 5X Build/MMB29P) AppleWebKit/537.36 (KHTML, like Gecko) Chrome/148.0.7778.96 Mobile Safari/537.36 (compatible; Googlebot/2.1; +http://www.google.com/bot.html)"
8.210.177.81 - - [13/May/2026:17:22:49 +0000] "GET /uploads/blog-post/111-featured-imagen-ajuste-por-inflacion.jpg HTTP/1.1" 200 66794 "https://www.oinversion.com" "Mozilla/5.0 (Windows NT 10.0; Win64; x64) AppleWebKit/537.36 (KHTML, like Gecko) Chrome/122.0.0.0 Safari/537.36"
74.7.227.57 - - [13/May/2026:17:23:10 +0000] "GET /assets/d35fb7fa/js/bootstrap.js?v=1469461915 HTTP/2.0" 200 13674 "https://www.oinversion.com/blog/tag/Airbnb%22" "Mozilla/5.0 AppleWebKit/537.36 (KHTML, like Gecko; compatible; GPTBot/1.3; +https://openai.com/gptbot)"
66.249.79.138 - - [13/May/2026:17:24:13 +0000] "GET /contacto HTTP/1.1" 200 59796 "-" "Mozilla/5.0 (Linux; Android 6.0.1; Nexus 5X Build/MMB29P) AppleWebKit/537.36 (KHTML, like Gecko) Chrome/148.0.7778.96 Mobile Safari/537.36 (compatible; Googlebot/2.1; +http://www.google.com/bot.html)"
66.249.79.129 - - [13/May/2026:17:24:18 +0000] "GET /uploads/blog-post/14-featured-infografia-inversion-billones.jpg HTTP/1.1" 200 23923 "-" "Googlebot-Image/1.0"
66.249.78.39 - - [13/May/2026:17:25:41 +0000] "GET /contacto HTTP/1.1" 200 59796 "-" "Mozilla/5.0 (Linux; Android 6.0.1; Nexus 5X Build/MMB29P) AppleWebKit/537.36 (KHTML, like Gecko) Chrome/148.0.7778.96 Mobile Safari/537.36 (compatible; Googlebot/2.1; +http://www.google.com/bot.html)"
66.249.78.41 - - [13/May/2026:17:29:28 +0000] "GET /contacto HTTP/1.1" 200 59796 "-" "Mozilla/5.0 (Linux; Android 6.0.1; Nexus 5X Build/MMB29P) AppleWebKit/537.36 (KHTML, like Gecko) Chrome/148.0.7778.96 Mobile Safari/537.36 (compatible; Googlebot/2.1; +http://www.google.com/bot.html)"
74.7.227.57 - - [13/May/2026:17:29:39 +0000] "GET /assets/d35fb7fa/css/bootstrap.css?v=1469461915 HTTP/2.0" 200 19416 "https://www.oinversion.com/blog/tag/Airbnb%22" "Mozilla/5.0 AppleWebKit/537.36 (KHTML, like Gecko; compatible; GPTBot/1.3; +https://openai.com/gptbot)"
74.7.227.57 - - [13/May/2026:17:31:07 +0000] "GET /assets/d35fb7fa/fonts/glyphicons-halflings-regular.woff2 HTTP/2.0" 200 18028 "https://www.oinversion.com/assets/d35fb7fa/css/bootstrap.css?v=1469461915" "Mozilla/5.0 AppleWebKit/537.36 (KHTML, like Gecko; compatible; GPTBot/1.3; +https://openai.com/gptbot)"
74.7.227.57 - - [13/May/2026:17:31:08 +0000] "GET /assets/d35fb7fa/fonts/glyphicons-halflings-regular.eot HTTP/2.0" 200 20127 "https://www.oinversion.com/assets/d35fb7fa/css/bootstrap.css?v=1469461915" "Mozilla/5.0 AppleWebKit/537.36 (KHTML, like Gecko; compatible; GPTBot/1.3; +https://openai.com/gptbot)"
74.7.227.57 - - [13/May/2026:17:31:12 +0000] "GET /assets/d35fb7fa/fonts/glyphicons-halflings-regular.ttf HTTP/2.0" 200 45404 "https://www.oinversion.com/assets/d35fb7fa/css/bootstrap.css?v=1469461915" "Mozilla/5.0 AppleWebKit/537.36 (KHTML, like Gecko; compatible; GPTBot/1.3; +https://openai.com/gptbot)"
74.7.227.57 - - [13/May/2026:17:31:19 +0000] "GET /assets/d35fb7fa/fonts/glyphicons-halflings-regular.woff HTTP/2.0" 200 23424 "https://www.oinversion.com/assets/d35fb7fa/css/bootstrap.css?v=1469461915" "Mozilla/5.0 AppleWebKit/537.36 (KHTML, like Gecko; compatible; GPTBot/1.3; +https://openai.com/gptbot)"
74.7.227.57 - - [13/May/2026:17:31:21 +0000] "GET /assets/d35fb7fa/fonts/glyphicons-halflings-regular.svg HTTP/2.0" 200 108738 "https://www.oinversion.com/assets/d35fb7fa/css/bootstrap.css?v=1469461915" "Mozilla/5.0 AppleWebKit/537.36 (KHTML, like Gecko; compatible; GPTBot/1.3; +https://openai.com/gptbot)"
66.249.79.138 - - [13/May/2026:17:42:57 +0000] "GET /contacto HTTP/1.1" 200 59796 "-" "Mozilla/5.0 (Linux; Android 6.0.1; Nexus 5X Build/MMB29P) AppleWebKit/537.36 (KHTML, like Gecko) Chrome/148.0.7778.96 Mobile Safari/537.36 (compatible; Googlebot/2.1; +http://www.google.com/bot.html)"
66.249.79.138 - - [13/May/2026:17:44:24 +0000] "GET /contacto HTTP/1.1" 200 59796 "-" "Mozilla/5.0 (Linux; Android 6.0.1; Nexus 5X Build/MMB29P) AppleWebKit/537.36 (KHTML, like Gecko) Chrome/148.0.7778.96 Mobile Safari/537.36 (compatible; Googlebot/2.1; +http://www.google.com/bot.html)"
66.249.79.139 - - [13/May/2026:17:47:34 +0000] "GET /contacto HTTP/1.1" 200 59796 "-" "Mozilla/5.0 (Linux; Android 6.0.1; Nexus 5X Build/MMB29P) AppleWebKit/537.36 (KHTML, like Gecko) Chrome/148.0.7778.96 Mobile Safari/537.36 (compatible; Googlebot/2.1; +http://www.google.com/bot.html)"
66.249.79.138 - - [13/May/2026:17:50:28 +0000] "GET /proyectos HTTP/1.1" 200 59754 "-" "Mozilla/5.0 (Linux; Android 6.0.1; Nexus 5X Build/MMB29P) AppleWebKit/537.36 (KHTML, like Gecko) Chrome/148.0.7778.96 Mobile Safari/537.36 (compatible; Googlebot/2.1; +http://www.google.com/bot.html)"
66.249.79.139 - - [13/May/2026:17:51:53 +0000] "GET /contacto HTTP/1.1" 200 59796 "-" "Mozilla/5.0 (Linux; Android 6.0.1; Nexus 5X Build/MMB29P) AppleWebKit/537.36 (KHTML, like Gecko) Chrome/148.0.7778.96 Mobile Safari/537.36 (compatible; Googlebot/2.1; +http://www.google.com/bot.html)"
