47.128.18.63 - - [13/May/2026:12:01:22 +0000] "GET /assets/7e549121/img/fondo_footer.jpg HTTP/2.0" 304 0 "https://www.oinversion.com/assets/7e549121/css/stylesheet.css?v=1666108212" "Mozilla/5.0 (Linux; Android 5.0) AppleWebKit/537.36 (KHTML, like Gecko) Mobile Safari/537.36 (compatible; Bytespider; spider-feedback@bytedance.com)"
47.128.18.63 - - [13/May/2026:12:01:23 +0000] "GET /assets/7e549121/img/fondo_footer.jpg HTTP/2.0" 206 144735 "https://www.oinversion.com/assets/7e549121/css/stylesheet.css?v=1666108212" "Mozilla/5.0 (Linux; Android 5.0) AppleWebKit/537.36 (KHTML, like Gecko) Mobile Safari/537.36 (compatible; Bytespider; spider-feedback@bytedance.com)"
66.249.79.139 - - [13/May/2026:12:01:59 +0000] "GET /contacto HTTP/1.1" 200 59796 "-" "Mozilla/5.0 (Linux; Android 6.0.1; Nexus 5X Build/MMB29P) AppleWebKit/537.36 (KHTML, like Gecko) Chrome/148.0.7778.96 Mobile Safari/537.36 (compatible; Googlebot/2.1; +http://www.google.com/bot.html)"
47.128.18.97 - - [13/May/2026:12:02:10 +0000] "GET /assets/7e549121/img/ico-mail.svg HTTP/2.0" 206 500 "https://www.oinversion.com/hats" "Mozilla/5.0 (Linux; Android 5.0) AppleWebKit/537.36 (KHTML, like Gecko) Mobile Safari/537.36 (compatible; Bytespider; spider-feedback@bytedance.com)"
47.128.18.97 - - [13/May/2026:12:02:12 +0000] "GET /assets/7e549121/img/ico-mail.svg HTTP/2.0" 304 0 "https://www.oinversion.com/hats" "Mozilla/5.0 (Linux; Android 5.0) AppleWebKit/537.36 (KHTML, like Gecko) Mobile Safari/537.36 (compatible; Bytespider; spider-feedback@bytedance.com)"
47.128.18.97 - - [13/May/2026:12:02:12 +0000] "GET /assets/7e549121/img/ico-mail.svg HTTP/2.0" 206 1498 "https://www.oinversion.com/hats" "Mozilla/5.0 (Linux; Android 5.0) AppleWebKit/537.36 (KHTML, like Gecko) Mobile Safari/537.36 (compatible; Bytespider; spider-feedback@bytedance.com)"
140.213.15.157 - - [13/May/2026:12:05:15 +0000] "GET /blog/tag/socimis HTTP/2.0" 200 59804 "https://www.google.com/" "Mozilla/5.0 (Linux; Android 10; K) AppleWebKit/537.36 (KHTML, like Gecko) Chrome/147.0.0.0 Mobile Safari/537.36"
66.249.79.139 - - [13/May/2026:12:06:39 +0000] "GET /contacto HTTP/1.1" 200 59796 "-" "Mozilla/5.0 (Linux; Android 6.0.1; Nexus 5X Build/MMB29P) AppleWebKit/537.36 (KHTML, like Gecko) Chrome/148.0.7778.96 Mobile Safari/537.36 (compatible; Googlebot/2.1; +http://www.google.com/bot.html)"
66.249.79.138 - - [13/May/2026:12:08:13 +0000] "GET /proyectos HTTP/1.1" 200 59754 "-" "Mozilla/5.0 (Linux; Android 6.0.1; Nexus 5X Build/MMB29P) AppleWebKit/537.36 (KHTML, like Gecko) Chrome/148.0.7778.96 Mobile Safari/537.36 (compatible; Googlebot/2.1; +http://www.google.com/bot.html)"
66.249.78.41 - - [13/May/2026:12:09:42 +0000] "GET /contacto HTTP/1.1" 200 59796 "-" "Mozilla/5.0 (Linux; Android 6.0.1; Nexus 5X Build/MMB29P) AppleWebKit/537.36 (KHTML, like Gecko) Chrome/148.0.7778.96 Mobile Safari/537.36 (compatible; Googlebot/2.1; +http://www.google.com/bot.html)"
66.249.79.138 - - [13/May/2026:12:12:45 +0000] "GET /contacto HTTP/1.1" 200 59796 "-" "Mozilla/5.0 (Linux; Android 6.0.1; Nexus 5X Build/MMB29P) AppleWebKit/537.36 (KHTML, like Gecko) Chrome/148.0.7778.96 Mobile Safari/537.36 (compatible; Googlebot/2.1; +http://www.google.com/bot.html)"
186.189.103.197 - - [13/May/2026:12:13:31 +0000] "GET /uploads/blog-post/109-featured-71fGCDe++wL.jpg HTTP/2.0" 200 251167 "https://www.google.com/" "Mozilla/5.0 (Linux; Android 14; SM-A135M Build/UP1A.231005.007; wv) AppleWebKit/537.36 (KHTML, like Gecko) Version/4.0 Chrome/147.0.7727.137 Mobile Safari/537.36 GoogleApp/17.20.27.ve.arm"
47.242.193.254 - - [13/May/2026:12:15:08 +0000] "GET /uploads/blog-post/84-featured-euro-3613908_1920.jpg HTTP/1.1" 200 1032906 "https://www.oinversion.com" "Mozilla/5.0 (Windows NT 10.0; Win64; x64) AppleWebKit/537.36 (KHTML, like Gecko) Chrome/122.0.0.0 Safari/537.36"
47.242.193.254 - - [13/May/2026:12:15:08 +0000] "GET /uploads/blog-post/84-featured-euro-3613908_1920.jpg HTTP/1.1" 200 1032906 "https://www.oinversion.com" "Mozilla/5.0 (Windows NT 10.0; Win64; x64) AppleWebKit/537.36 (KHTML, like Gecko) Chrome/122.0.0.0 Safari/537.36"
114.122.232.193 - - [13/May/2026:12:15:46 +0000] "GET /contacto HTTP/2.0" 200 59783 "https://www.google.com/" "Mozilla/5.0 (Linux; Android 10; K) AppleWebKit/537.36 (KHTML, like Gecko) Chrome/148.0.0.0 Mobile Safari/537.36"
66.249.78.41 - - [13/May/2026:12:16:04 +0000] "GET /contacto HTTP/1.1" 200 59796 "-" "Mozilla/5.0 (Linux; Android 6.0.1; Nexus 5X Build/MMB29P) AppleWebKit/537.36 (KHTML, like Gecko) Chrome/148.0.7778.96 Mobile Safari/537.36 (compatible; Googlebot/2.1; +http://www.google.com/bot.html)"
192.178.11.99 - - [13/May/2026:12:16:04 +0000] "GET /assets/7e549121/css/jquery.bxslider.css?v=1503585073 HTTP/1.1" 200 1022 "https://www.oinversion.com/" "Mozilla/5.0 (Linux; U; Android 4.3; en-us; SM-N900T Build/JSS15J) AppleWebKit/534.30 (KHTML, like Gecko) Version/4.0 Mobile Safari/534.30"
192.178.11.100 - - [13/May/2026:12:16:04 +0000] "GET /assets/7e549121/img/ico-blog.svg HTTP/1.1" 200 2381 "https://www.oinversion.com/" "Mozilla/5.0 (Linux; U; Android 4.3; en-us; SM-N900T Build/JSS15J) AppleWebKit/534.30 (KHTML, like Gecko) Version/4.0 Mobile Safari/534.30"
192.178.11.99 - - [13/May/2026:12:16:04 +0000] "GET /blog/inversion-en-madrid-como-capitalizar-airbnb HTTP/1.1" 200 51721 "-" "Mozilla/5.0 (X11; Linux x86_64) AppleWebKit/537.36 (KHTML, like Gecko) Chrome/121.0.0.0 Safari/537.36"
192.178.11.100 - - [13/May/2026:12:16:04 +0000] "GET /assets/2a658dd2/css/bootstrap.css?v=1469461915 HTTP/1.1" 200 19429 "https://www.oinversion.com/" "Mozilla/5.0 (Linux; U; Android 4.3; en-us; SM-N900T Build/JSS15J) AppleWebKit/534.30 (KHTML, like Gecko) Version/4.0 Mobile Safari/534.30"
192.178.11.98 - - [13/May/2026:12:16:04 +0000] "GET /assets/7e549121/css/stylesheet.css?v=1666108212 HTTP/1.1" 200 12989 "https://www.oinversion.com/" "Mozilla/5.0 (Linux; U; Android 4.3; en-us; SM-N900T Build/JSS15J) AppleWebKit/534.30 (KHTML, like Gecko) Version/4.0 Mobile Safari/534.30"
66.102.6.162 - - [13/May/2026:12:16:04 +0000] "GET /blog/tag/Papel+de+oficinas HTTP/1.1" 200 51698 "-" "Mozilla/5.0 (X11; Linux x86_64) AppleWebKit/537.36 (KHTML, like Gecko) Chrome/121.0.0.0 Safari/537.36"
66.102.6.164 - - [13/May/2026:12:16:04 +0000] "GET /blog/tag/oficinas HTTP/1.1" 200 51667 "-" "Mozilla/5.0 (X11; Linux x86_64) AppleWebKit/537.36 (KHTML, like Gecko) Chrome/121.0.0.0 Safari/537.36"
192.178.11.100 - - [13/May/2026:12:16:04 +0000] "GET /assets/7e549121/css/font-awesome.min.css?v=1503585073 HTTP/1.1" 200 5719 "https://www.oinversion.com/" "Mozilla/5.0 (Linux; U; Android 4.3; en-us; SM-N900T Build/JSS15J) AppleWebKit/534.30 (KHTML, like Gecko) Version/4.0 Mobile Safari/534.30"
192.178.11.100 - - [13/May/2026:12:16:04 +0000] "GET /assets/7e549121/img/logo-oinversion-fondo-claro.svg HTTP/1.1" 200 5117 "https://www.oinversion.com/" "Mozilla/5.0 (Linux; U; Android 4.3; en-us; SM-N900T Build/JSS15J) AppleWebKit/534.30 (KHTML, like Gecko) Version/4.0 Mobile Safari/534.30"
74.125.213.44 - - [13/May/2026:12:16:04 +0000] "GET /fondos-de-inversion HTTP/1.1" 200 59733 "-" "Mozilla/5.0 (Linux; U; Android 4.3; en-us; SM-N900T Build/JSS15J) AppleWebKit/534.30 (KHTML, like Gecko) Version/4.0 Mobile Safari/534.30"
66.102.6.162 - - [13/May/2026:12:16:05 +0000] "GET /proyectos HTTP/1.1" 200 59754 "-" "Mozilla/5.0 (Linux; U; Android 4.3; en-us; SM-N900T Build/JSS15J) AppleWebKit/534.30 (KHTML, like Gecko) Version/4.0 Mobile Safari/534.30"
66.102.6.162 - - [13/May/2026:12:16:05 +0000] "GET /blog/tag/inmobiliario?page=2 HTTP/1.1" 200 51683 "-" "Mozilla/5.0 (X11; Linux x86_64) AppleWebKit/537.36 (KHTML, like Gecko) Chrome/121.0.0.0 Safari/537.36"
192.178.11.98 - - [13/May/2026:12:16:05 +0000] "GET /assets/7e549121/img/computer.jpg HTTP/1.1" 200 33428 "https://www.oinversion.com/" "Mozilla/5.0 (Linux; U; Android 4.3; en-us; SM-N900T Build/JSS15J) AppleWebKit/534.30 (KHTML, like Gecko) Version/4.0 Mobile Safari/534.30"
192.178.11.100 - - [13/May/2026:12:16:05 +0000] "GET /assets/fe2b9edf/yii.js?v=1468244202 HTTP/1.1" 200 4012 "https://www.oinversion.com/" "Mozilla/5.0 (Linux; U; Android 4.3; en-us; SM-N900T Build/JSS15J) AppleWebKit/534.30 (KHTML, like Gecko) Version/4.0 Mobile Safari/534.30"
192.178.11.99 - - [13/May/2026:12:16:05 +0000] "GET /assets/62f7db0b/jquery.js?v=1463765083 HTTP/1.1" 200 71892 "https://www.oinversion.com/" "Mozilla/5.0 (Linux; U; Android 4.3; en-us; SM-N900T Build/JSS15J) AppleWebKit/534.30 (KHTML, like Gecko) Version/4.0 Mobile Safari/534.30"
66.249.84.194 - - [13/May/2026:12:16:05 +0000] "GET /contacto HTTP/1.1" 200 59796 "-" "Mozilla/5.0 (X11; Linux x86_64) AppleWebKit/537.36 (KHTML, like Gecko) Chrome/121.0.0.0 Safari/537.36"
74.125.213.46 - - [13/May/2026:12:16:05 +0000] "GET /fondos-de-inversion HTTP/1.1" 200 59733 "-" "Mozilla/5.0 (Linux; U; Android 4.3; en-us; SM-N900T Build/JSS15J) AppleWebKit/534.30 (KHTML, like Gecko) Version/4.0 Mobile Safari/534.30"
66.249.84.193 - - [13/May/2026:12:16:05 +0000] "GET /blog/como-invertir-en-hoteles HTTP/1.1" 200 59853 "-" "Mozilla/5.0 (X11; Linux x86_64) AppleWebKit/537.36 (KHTML, like Gecko) Chrome/121.0.0.0 Safari/537.36"
74.125.213.45 - - [13/May/2026:12:16:05 +0000] "GET /blog/tag/socimis HTTP/1.1" 200 59817 "-" "Mozilla/5.0 (X11; Linux x86_64) AppleWebKit/537.36 (KHTML, like Gecko) Chrome/121.0.0.0 Safari/537.36"
192.178.11.99 - - [13/May/2026:12:16:05 +0000] "GET /assets/7e549121/img/handshake.jpg HTTP/1.1" 200 96643 "https://www.oinversion.com/" "Mozilla/5.0 (Linux; U; Android 4.3; en-us; SM-N900T Build/JSS15J) AppleWebKit/534.30 (KHTML, like Gecko) Version/4.0 Mobile Safari/534.30"
74.125.213.44 - - [13/May/2026:12:16:05 +0000] "GET /proyectos HTTP/1.1" 200 59754 "-" "Mozilla/5.0 (X11; Linux x86_64) AppleWebKit/537.36 (KHTML, like Gecko) Chrome/121.0.0.0 Safari/537.36"
192.178.11.98 - - [13/May/2026:12:16:05 +0000] "GET /assets/7e549121/img/coinvestment.jpg HTTP/1.1" 200 58940 "https://www.oinversion.com/" "Mozilla/5.0 (Linux; U; Android 4.3; en-us; SM-N900T Build/JSS15J) AppleWebKit/534.30 (KHTML, like Gecko) Version/4.0 Mobile Safari/534.30"
192.178.11.99 - - [13/May/2026:12:16:05 +0000] "GET /assets/fe2b9edf/yii.activeForm.js?v=1468244202 HTTP/1.1" 200 5766 "https://www.oinversion.com/" "Mozilla/5.0 (Linux; U; Android 4.3; en-us; SM-N900T Build/JSS15J) AppleWebKit/534.30 (KHTML, like Gecko) Version/4.0 Mobile Safari/534.30"
192.178.11.100 - - [13/May/2026:12:16:05 +0000] "GET /assets/7e549121/fonts/Avenir%20Next%20Regular.otf HTTP/1.1" 200 66800 "https://www.oinversion.com/assets/7e549121/css/stylesheet.css?v=1666108212" "Mozilla/5.0 (Linux; U; Android 4.3; en-us; SM-N900T Build/JSS15J) AppleWebKit/534.30 (KHTML, like Gecko) Version/4.0 Mobile Safari/534.30"
192.178.11.100 - - [13/May/2026:12:16:05 +0000] "GET /assets/7e549121/fonts/fontawesome-webfont.woff2?v=4.4.0 HTTP/1.1" 200 64464 "https://www.oinversion.com/assets/7e549121/css/font-awesome.min.css?v=1503585073" "Mozilla/5.0 (Linux; U; Android 4.3; en-us; SM-N900T Build/JSS15J) AppleWebKit/534.30 (KHTML, like Gecko) Version/4.0 Mobile Safari/534.30"
192.178.11.99 - - [13/May/2026:12:16:05 +0000] "GET /assets/2a658dd2/js/bootstrap.js?v=1469461915 HTTP/1.1" 200 13687 "https://www.oinversion.com/" "Mozilla/5.0 (Linux; U; Android 4.3; en-us; SM-N900T Build/JSS15J) AppleWebKit/534.30 (KHTML, like Gecko) Version/4.0 Mobile Safari/534.30"
192.178.11.98 - - [13/May/2026:12:16:05 +0000] "GET /assets/7e549121/fonts/OpenSans%20Regular.ttf HTTP/1.1" 200 217360 "https://www.oinversion.com/assets/7e549121/css/stylesheet.css?v=1666108212" "Mozilla/5.0 (Linux; U; Android 4.3; en-us; SM-N900T Build/JSS15J) AppleWebKit/534.30 (KHTML, like Gecko) Version/4.0 Mobile Safari/534.30"
66.102.6.163 - - [13/May/2026:12:16:05 +0000] "GET /blog/tag/oficinas HTTP/1.1" 200 51667 "-" "Mozilla/5.0 (X11; Linux x86_64) AppleWebKit/537.36 (KHTML, like Gecko) Chrome/121.0.0.0 Safari/537.36"
192.178.11.98 - - [13/May/2026:12:16:05 +0000] "GET /assets/7e549121/fonts/OpenSans%20Light.ttf HTTP/1.1" 200 222412 "https://www.oinversion.com/assets/7e549121/css/stylesheet.css?v=1666108212" "Mozilla/5.0 (Linux; U; Android 4.3; en-us; SM-N900T Build/JSS15J) AppleWebKit/534.30 (KHTML, like Gecko) Version/4.0 Mobile Safari/534.30"
192.178.11.100 - - [13/May/2026:12:16:05 +0000] "GET /assets/7e549121/img/header-home.jpg HTTP/1.1" 200 235724 "https://www.oinversion.com/assets/7e549121/css/stylesheet.css?v=1666108212" "Mozilla/5.0 (Linux; U; Android 4.3; en-us; SM-N900T Build/JSS15J) AppleWebKit/534.30 (KHTML, like Gecko) Version/4.0 Mobile Safari/534.30"
192.178.11.100 - - [13/May/2026:12:16:05 +0000] "GET /assets/7e549121/js/Chart.min.js?v=1503585073 HTTP/1.1" 200 41201 "https://www.oinversion.com/" "Mozilla/5.0 (Linux; U; Android 4.3; en-us; SM-N900T Build/JSS15J) AppleWebKit/534.30 (KHTML, like Gecko) Version/4.0 Mobile Safari/534.30"
192.178.11.100 - - [13/May/2026:12:16:05 +0000] "GET /assets/7e549121/js/main.js?v=1503585073 HTTP/1.1" 200 591 "https://www.oinversion.com/" "Mozilla/5.0 (Linux; U; Android 4.3; en-us; SM-N900T Build/JSS15J) AppleWebKit/534.30 (KHTML, like Gecko) Version/4.0 Mobile Safari/534.30"
74.125.213.45 - - [13/May/2026:12:16:05 +0000] "GET /proyectos HTTP/1.1" 200 59754 "-" "Mozilla/5.0 (Linux; U; Android 4.3; en-us; SM-N900T Build/JSS15J) AppleWebKit/534.30 (KHTML, like Gecko) Version/4.0 Mobile Safari/534.30"
74.125.213.44 - - [13/May/2026:12:16:05 +0000] "GET /assets/7e549121/css/stylesheet.css?v=1666108212 HTTP/1.1" 200 12989 "https://www.oinversion.com/" "Mozilla/5.0 (Linux; U; Android 4.3; en-us; SM-N900T Build/JSS15J) AppleWebKit/534.30 (KHTML, like Gecko) Version/4.0 Mobile Safari/534.30"
74.125.213.44 - - [13/May/2026:12:16:05 +0000] "GET /assets/7e549121/css/font-awesome.min.css?v=1503585073 HTTP/1.1" 200 5719 "https://www.oinversion.com/" "Mozilla/5.0 (Linux; U; Android 4.3; en-us; SM-N900T Build/JSS15J) AppleWebKit/534.30 (KHTML, like Gecko) Version/4.0 Mobile Safari/534.30"
192.178.11.99 - - [13/May/2026:12:16:05 +0000] "GET /assets/7e549121/fonts/OpenSans%20Bold.ttf HTTP/1.1" 200 224592 "https://www.oinversion.com/assets/7e549121/css/stylesheet.css?v=1666108212" "Mozilla/5.0 (Linux; U; Android 4.3; en-us; SM-N900T Build/JSS15J) AppleWebKit/534.30 (KHTML, like Gecko) Version/4.0 Mobile Safari/534.30"
192.178.11.99 - - [13/May/2026:12:16:05 +0000] "GET /blog/tag/oficinas HTTP/1.1" 200 51667 "-" "Mozilla/5.0 (X11; Linux x86_64) AppleWebKit/537.36 (KHTML, like Gecko) Chrome/121.0.0.0 Safari/537.36"
66.102.6.162 - - [13/May/2026:12:16:05 +0000] "GET /contacto HTTP/1.1" 200 59796 "-" "Mozilla/5.0 (Linux; U; Android 4.3; en-us; SM-N900T Build/JSS15J) AppleWebKit/534.30 (KHTML, like Gecko) Version/4.0 Mobile Safari/534.30"
192.178.11.100 - - [13/May/2026:12:16:05 +0000] "GET /assets/7e549121/js/jquery.bxslider.min.js?v=1503585073 HTTP/1.1" 200 4908 "https://www.oinversion.com/" "Mozilla/5.0 (Linux; U; Android 4.3; en-us; SM-N900T Build/JSS15J) AppleWebKit/534.30 (KHTML, like Gecko) Version/4.0 Mobile Safari/534.30"
66.102.6.163 - - [13/May/2026:12:16:06 +0000] "GET /blog/tag/Crowdfunding?page=2 HTTP/1.1" 200 51688 "-" "Mozilla/5.0 (X11; Linux x86_64) AppleWebKit/537.36 (KHTML, like Gecko) Chrome/121.0.0.0 Safari/537.36"
192.178.11.100 - - [13/May/2026:12:16:06 +0000] "GET /assets/7e549121/img/ico-facebook.svg HTTP/1.1" 200 1619 "https://www.oinversion.com/" "Mozilla/5.0 (Linux; U; Android 4.3; en-us; SM-N900T Build/JSS15J) AppleWebKit/534.30 (KHTML, like Gecko) Version/4.0 Mobile Safari/534.30"
192.178.11.99 - - [13/May/2026:12:16:06 +0000] "GET /assets/7e549121/img/logo-oinversion-fondo-oscuro.svg HTTP/1.1" 200 4706 "https://www.oinversion.com/" "Mozilla/5.0 (Linux; U; Android 4.3; en-us; SM-N900T Build/JSS15J) AppleWebKit/534.30 (KHTML, like Gecko) Version/4.0 Mobile Safari/534.30"
192.178.11.100 - - [13/May/2026:12:16:06 +0000] "GET /fondos-de-inversion HTTP/1.1" 200 59733 "-" "Mozilla/5.0 (Linux; U; Android 4.3; en-us; SM-N900T Build/JSS15J) AppleWebKit/534.30 (KHTML, like Gecko) Version/4.0 Mobile Safari/534.30"
66.102.6.164 - - [13/May/2026:12:16:06 +0000] "GET /assets/7e549121/css/stylesheet.css?v=1666108212 HTTP/1.1" 200 12989 "https://www.oinversion.com/blog/los-cuatro-pilares-de-la-inversion" "Mozilla/5.0 (X11; Linux x86_64) AppleWebKit/537.36 (KHTML, like Gecko) Chrome/121.0.0.0 Safari/537.36"
74.125.213.45 - - [13/May/2026:12:16:06 +0000] "GET /assets/2a658dd2/css/bootstrap.css?v=1469461915 HTTP/1.1" 200 19429 "https://www.oinversion.com/" "Mozilla/5.0 (Linux; U; Android 4.3; en-us; SM-N900T Build/JSS15J) AppleWebKit/534.30 (KHTML, like Gecko) Version/4.0 Mobile Safari/534.30"
74.125.213.44 - - [13/May/2026:12:16:06 +0000] "GET /assets/7e549121/img/ico-blog.svg HTTP/1.1" 200 2381 "https://www.oinversion.com/" "Mozilla/5.0 (Linux; U; Android 4.3; en-us; SM-N900T Build/JSS15J) AppleWebKit/534.30 (KHTML, like Gecko) Version/4.0 Mobile Safari/534.30"
192.178.11.99 - - [13/May/2026:12:16:06 +0000] "GET /assets/7e549121/img/ico-twitter.svg HTTP/1.1" 200 2397 "https://www.oinversion.com/" "Mozilla/5.0 (Linux; U; Android 4.3; en-us; SM-N900T Build/JSS15J) AppleWebKit/534.30 (KHTML, like Gecko) Version/4.0 Mobile Safari/534.30"
74.125.213.45 - - [13/May/2026:12:16:06 +0000] "GET /assets/7e549121/img/logo-oinversion-fondo-claro.svg HTTP/1.1" 200 5117 "https://www.oinversion.com/" "Mozilla/5.0 (Linux; U; Android 4.3; en-us; SM-N900T Build/JSS15J) AppleWebKit/534.30 (KHTML, like Gecko) Version/4.0 Mobile Safari/534.30"
192.178.11.99 - - [13/May/2026:12:16:06 +0000] "GET /assets/fe2b9edf/yii.validation.js?v=1468244202 HTTP/1.1" 200 2588 "https://www.oinversion.com/" "Mozilla/5.0 (Linux; U; Android 4.3; en-us; SM-N900T Build/JSS15J) AppleWebKit/534.30 (KHTML, like Gecko) Version/4.0 Mobile Safari/534.30"
192.178.11.99 - - [13/May/2026:12:16:06 +0000] "GET /assets/7e549121/img/ico-mail.svg HTTP/1.1" 200 1998 "https://www.oinversion.com/" "Mozilla/5.0 (Linux; U; Android 4.3; en-us; SM-N900T Build/JSS15J) AppleWebKit/534.30 (KHTML, like Gecko) Version/4.0 Mobile Safari/534.30"
74.125.213.46 - - [13/May/2026:12:16:06 +0000] "GET /contacto HTTP/1.1" 200 59796 "-" "Mozilla/5.0 (X11; Linux x86_64) AppleWebKit/537.36 (KHTML, like Gecko) Chrome/121.0.0.0 Safari/537.36"
192.178.11.98 - - [13/May/2026:12:16:06 +0000] "GET /assets/7e549121/img/fondo_footer.jpg HTTP/1.1" 200 145235 "https://www.oinversion.com/assets/7e549121/css/stylesheet.css?v=1666108212" "Mozilla/5.0 (Linux; U; Android 4.3; en-us; SM-N900T Build/JSS15J) AppleWebKit/534.30 (KHTML, like Gecko) Version/4.0 Mobile Safari/534.30"
192.178.11.98 - - [13/May/2026:12:16:06 +0000] "GET /assets/7e549121/img/funds.jpg HTTP/1.1" 200 30608 "https://www.oinversion.com/" "Mozilla/5.0 (Linux; U; Android 4.3; en-us; SM-N900T Build/JSS15J) AppleWebKit/534.30 (KHTML, like Gecko) Version/4.0 Mobile Safari/534.30"
74.125.213.45 - - [13/May/2026:12:16:06 +0000] "GET /assets/7e549121/img/computer.jpg HTTP/1.1" 200 33428 "https://www.oinversion.com/" "Mozilla/5.0 (Linux; U; Android 4.3; en-us; SM-N900T Build/JSS15J) AppleWebKit/534.30 (KHTML, like Gecko) Version/4.0 Mobile Safari/534.30"
192.178.11.98 - - [13/May/2026:12:16:06 +0000] "GET /uploads/blog-post/125-featured-Invertir%20(248%20x%20248%20px).png HTTP/1.1" 200 1095224 "https://www.oinversion.com/" "Mozilla/5.0 (Linux; U; Android 4.3; en-us; SM-N900T Build/JSS15J) AppleWebKit/534.30 (KHTML, like Gecko) Version/4.0 Mobile Safari/534.30"
66.102.6.164 - - [13/May/2026:12:16:06 +0000] "GET /assets/7e549121/css/font-awesome.min.css?v=1503585073 HTTP/1.1" 200 5719 "https://www.oinversion.com/blog/los-cuatro-pilares-de-la-inversion" "Mozilla/5.0 (X11; Linux x86_64) AppleWebKit/537.36 (KHTML, like Gecko) Chrome/121.0.0.0 Safari/537.36"
74.125.213.46 - - [13/May/2026:12:16:06 +0000] "GET /assets/7e549121/img/handshake.jpg HTTP/1.1" 200 96643 "https://www.oinversion.com/" "Mozilla/5.0 (Linux; U; Android 4.3; en-us; SM-N900T Build/JSS15J) AppleWebKit/534.30 (KHTML, like Gecko) Version/4.0 Mobile Safari/534.30"
192.178.11.99 - - [13/May/2026:12:16:06 +0000] "GET /assets/7e549121/img/arte-proyectos.png HTTP/1.1" 200 50093 "https://www.oinversion.com/" "Mozilla/5.0 (Linux; U; Android 4.3; en-us; SM-N900T Build/JSS15J) AppleWebKit/534.30 (KHTML, like Gecko) Version/4.0 Mobile Safari/534.30"
74.125.213.46 - - [13/May/2026:12:16:06 +0000] "GET /assets/7e549121/img/coinvestment.jpg HTTP/1.1" 200 58940 "https://www.oinversion.com/" "Mozilla/5.0 (Linux; U; Android 4.3; en-us; SM-N900T Build/JSS15J) AppleWebKit/534.30 (KHTML, like Gecko) Version/4.0 Mobile Safari/534.30"
74.125.213.46 - - [13/May/2026:12:16:06 +0000] "GET /assets/7e549121/css/jquery.bxslider.css?v=1503585073 HTTP/1.1" 200 1022 "https://www.oinversion.com/" "Mozilla/5.0 (Linux; U; Android 4.3; en-us; SM-N900T Build/JSS15J) AppleWebKit/534.30 (KHTML, like Gecko) Version/4.0 Mobile Safari/534.30"
66.102.6.164 - - [13/May/2026:12:16:06 +0000] "GET /assets/7e549121/img/ico-blog.svg HTTP/1.1" 200 2381 "https://www.oinversion.com/blog/los-cuatro-pilares-de-la-inversion" "Mozilla/5.0 (X11; Linux x86_64) AppleWebKit/537.36 (KHTML, like Gecko) Chrome/121.0.0.0 Safari/537.36"
66.102.6.162 - - [13/May/2026:12:16:06 +0000] "GET /assets/7e549121/img/logo-oinversion-fondo-claro.svg HTTP/1.1" 200 5117 "https://www.oinversion.com/blog/los-cuatro-pilares-de-la-inversion" "Mozilla/5.0 (X11; Linux x86_64) AppleWebKit/537.36 (KHTML, like Gecko) Chrome/121.0.0.0 Safari/537.36"
74.125.213.45 - - [13/May/2026:12:16:06 +0000] "GET /assets/fe2b9edf/yii.js?v=1468244202 HTTP/1.1" 200 4012 "https://www.oinversion.com/" "Mozilla/5.0 (Linux; U; Android 4.3; en-us; SM-N900T Build/JSS15J) AppleWebKit/534.30 (KHTML, like Gecko) Version/4.0 Mobile Safari/534.30"
74.125.213.44 - - [13/May/2026:12:16:06 +0000] "GET /assets/2a658dd2/js/bootstrap.js?v=1469461915 HTTP/1.1" 200 13687 "https://www.oinversion.com/" "Mozilla/5.0 (Linux; U; Android 4.3; en-us; SM-N900T Build/JSS15J) AppleWebKit/534.30 (KHTML, like Gecko) Version/4.0 Mobile Safari/534.30"
74.125.213.45 - - [13/May/2026:12:16:06 +0000] "GET /assets/fe2b9edf/yii.activeForm.js?v=1468244202 HTTP/1.1" 200 5766 "https://www.oinversion.com/" "Mozilla/5.0 (Linux; U; Android 4.3; en-us; SM-N900T Build/JSS15J) AppleWebKit/534.30 (KHTML, like Gecko) Version/4.0 Mobile Safari/534.30"
66.102.6.163 - - [13/May/2026:12:16:06 +0000] "GET /assets/2a658dd2/css/bootstrap.css?v=1469461915 HTTP/1.1" 200 19429 "https://www.oinversion.com/blog/los-cuatro-pilares-de-la-inversion" "Mozilla/5.0 (X11; Linux x86_64) AppleWebKit/537.36 (KHTML, like Gecko) Chrome/121.0.0.0 Safari/537.36"
74.125.213.45 - - [13/May/2026:12:16:06 +0000] "GET /assets/7e549121/js/jquery.bxslider.min.js?v=1503585073 HTTP/1.1" 200 4908 "https://www.oinversion.com/" "Mozilla/5.0 (Linux; U; Android 4.3; en-us; SM-N900T Build/JSS15J) AppleWebKit/534.30 (KHTML, like Gecko) Version/4.0 Mobile Safari/534.30"
74.125.213.46 - - [13/May/2026:12:16:06 +0000] "GET /assets/7e549121/js/main.js?v=1503585073 HTTP/1.1" 200 591 "https://www.oinversion.com/" "Mozilla/5.0 (Linux; U; Android 4.3; en-us; SM-N900T Build/JSS15J) AppleWebKit/534.30 (KHTML, like Gecko) Version/4.0 Mobile Safari/534.30"
74.125.213.46 - - [13/May/2026:12:16:06 +0000] "GET /assets/62f7db0b/jquery.js?v=1463765083 HTTP/1.1" 200 71892 "https://www.oinversion.com/" "Mozilla/5.0 (Linux; U; Android 4.3; en-us; SM-N900T Build/JSS15J) AppleWebKit/534.30 (KHTML, like Gecko) Version/4.0 Mobile Safari/534.30"
74.125.213.44 - - [13/May/2026:12:16:06 +0000] "GET /assets/7e549121/fonts/fontawesome-webfont.woff2?v=4.4.0 HTTP/1.1" 200 64464 "https://www.oinversion.com/assets/7e549121/css/font-awesome.min.css?v=1503585073" "Mozilla/5.0 (Linux; U; Android 4.3; en-us; SM-N900T Build/JSS15J) AppleWebKit/534.30 (KHTML, like Gecko) Version/4.0 Mobile Safari/534.30"
66.102.6.164 - - [13/May/2026:12:16:06 +0000] "GET /assets/7e549121/css/jquery.bxslider.css?v=1503585073 HTTP/1.1" 200 1022 "https://www.oinversion.com/blog/los-cuatro-pilares-de-la-inversion" "Mozilla/5.0 (X11; Linux x86_64) AppleWebKit/537.36 (KHTML, like Gecko) Chrome/121.0.0.0 Safari/537.36"
74.125.213.45 - - [13/May/2026:12:16:06 +0000] "GET /assets/7e549121/fonts/Avenir%20Next%20Regular.otf HTTP/1.1" 200 66800 "https://www.oinversion.com/assets/7e549121/css/stylesheet.css?v=1666108212" "Mozilla/5.0 (Linux; U; Android 4.3; en-us; SM-N900T Build/JSS15J) AppleWebKit/534.30 (KHTML, like Gecko) Version/4.0 Mobile Safari/534.30"
74.125.213.45 - - [13/May/2026:12:16:06 +0000] "GET /proyectos HTTP/1.1" 200 59754 "-" "Mozilla/5.0 (Linux; U; Android 4.3; en-us; SM-N900T Build/JSS15J) AppleWebKit/534.30 (KHTML, like Gecko) Version/4.0 Mobile Safari/534.30"
74.125.213.46 - - [13/May/2026:12:16:06 +0000] "GET /assets/7e549121/fonts/OpenSans%20Light.ttf HTTP/1.1" 200 222412 "https://www.oinversion.com/assets/7e549121/css/stylesheet.css?v=1666108212" "Mozilla/5.0 (Linux; U; Android 4.3; en-us; SM-N900T Build/JSS15J) AppleWebKit/534.30 (KHTML, like Gecko) Version/4.0 Mobile Safari/534.30"
74.125.213.46 - - [13/May/2026:12:16:06 +0000] "GET /assets/7e549121/fonts/OpenSans%20Bold.ttf HTTP/1.1" 200 224592 "https://www.oinversion.com/assets/7e549121/css/stylesheet.css?v=1666108212" "Mozilla/5.0 (Linux; U; Android 4.3; en-us; SM-N900T Build/JSS15J) AppleWebKit/534.30 (KHTML, like Gecko) Version/4.0 Mobile Safari/534.30"
66.102.6.164 - - [13/May/2026:12:16:06 +0000] "GET /assets/7e549121/img/ico-tags.svg HTTP/1.1" 200 1742 "https://www.oinversion.com/blog/los-cuatro-pilares-de-la-inversion" "Mozilla/5.0 (X11; Linux x86_64) AppleWebKit/537.36 (KHTML, like Gecko) Chrome/121.0.0.0 Safari/537.36"
74.125.213.44 - - [13/May/2026:12:16:06 +0000] "GET /assets/7e549121/fonts/OpenSans%20Regular.ttf HTTP/1.1" 200 217360 "https://www.oinversion.com/assets/7e549121/css/stylesheet.css?v=1666108212" "Mozilla/5.0 (Linux; U; Android 4.3; en-us; SM-N900T Build/JSS15J) AppleWebKit/534.30 (KHTML, like Gecko) Version/4.0 Mobile Safari/534.30"
192.178.11.98 - - [13/May/2026:12:16:06 +0000] "GET /favicon.ico HTTP/1.1" 200 1150 "https://www.oinversion.com/" "Mozilla/5.0 (Linux; U; Android 4.3; en-us; SM-N900T Build/JSS15J) AppleWebKit/534.30 (KHTML, like Gecko) Version/4.0 Mobile Safari/534.30"
74.125.213.46 - - [13/May/2026:12:16:06 +0000] "GET /assets/7e549121/img/header-home.jpg HTTP/1.1" 200 235724 "https://www.oinversion.com/assets/7e549121/css/stylesheet.css?v=1666108212" "Mozilla/5.0 (Linux; U; Android 4.3; en-us; SM-N900T Build/JSS15J) AppleWebKit/534.30 (KHTML, like Gecko) Version/4.0 Mobile Safari/534.30"
74.125.213.46 - - [13/May/2026:12:16:06 +0000] "GET /assets/7e549121/js/Chart.min.js?v=1503585073 HTTP/1.1" 200 41201 "https://www.oinversion.com/" "Mozilla/5.0 (Linux; U; Android 4.3; en-us; SM-N900T Build/JSS15J) AppleWebKit/534.30 (KHTML, like Gecko) Version/4.0 Mobile Safari/534.30"
66.102.6.163 - - [13/May/2026:12:16:06 +0000] "GET /assets/62f7db0b/jquery.js?v=1463765083 HTTP/1.1" 200 71892 "https://www.oinversion.com/blog/los-cuatro-pilares-de-la-inversion" "Mozilla/5.0 (X11; Linux x86_64) AppleWebKit/537.36 (KHTML, like Gecko) Chrome/121.0.0.0 Safari/537.36"
74.125.213.44 - - [13/May/2026:12:16:06 +0000] "GET /assets/fe2b9edf/yii.validation.js?v=1468244202 HTTP/1.1" 200 2588 "https://www.oinversion.com/" "Mozilla/5.0 (Linux; U; Android 4.3; en-us; SM-N900T Build/JSS15J) AppleWebKit/534.30 (KHTML, like Gecko) Version/4.0 Mobile Safari/534.30"
66.102.6.164 - - [13/May/2026:12:16:06 +0000] "GET /uploads/user-avatars/54eeaba65b0e8cc581ee9a579214d8a5f46724d66fcd5c24253891ba11204675.php3 HTTP/1.1" 200 8908 "https://www.oinversion.com/blog/los-cuatro-pilares-de-la-inversion" "Mozilla/5.0 (X11; Linux x86_64) AppleWebKit/537.36 (KHTML, like Gecko) Chrome/121.0.0.0 Safari/537.36"
74.125.213.44 - - [13/May/2026:12:16:06 +0000] "GET /assets/7e549121/img/funds.jpg HTTP/1.1" 200 30608 "https://www.oinversion.com/" "Mozilla/5.0 (Linux; U; Android 4.3; en-us; SM-N900T Build/JSS15J) AppleWebKit/534.30 (KHTML, like Gecko) Version/4.0 Mobile Safari/534.30"
74.125.213.45 - - [13/May/2026:12:16:07 +0000] "GET /assets/7e549121/img/arte-proyectos.png HTTP/1.1" 200 50093 "https://www.oinversion.com/" "Mozilla/5.0 (Linux; U; Android 4.3; en-us; SM-N900T Build/JSS15J) AppleWebKit/534.30 (KHTML, like Gecko) Version/4.0 Mobile Safari/534.30"
74.125.213.44 - - [13/May/2026:12:16:07 +0000] "GET /assets/7e549121/img/ico-twitter.svg HTTP/1.1" 200 2397 "https://www.oinversion.com/" "Mozilla/5.0 (Linux; U; Android 4.3; en-us; SM-N900T Build/JSS15J) AppleWebKit/534.30 (KHTML, like Gecko) Version/4.0 Mobile Safari/534.30"
74.125.213.45 - - [13/May/2026:12:16:07 +0000] "GET /assets/7e549121/img/ico-mail.svg HTTP/1.1" 200 1998 "https://www.oinversion.com/" "Mozilla/5.0 (Linux; U; Android 4.3; en-us; SM-N900T Build/JSS15J) AppleWebKit/534.30 (KHTML, like Gecko) Version/4.0 Mobile Safari/534.30"
74.125.213.46 - - [13/May/2026:12:16:07 +0000] "GET /assets/7e549121/img/fondo_footer.jpg HTTP/1.1" 200 145235 "https://www.oinversion.com/assets/7e549121/css/stylesheet.css?v=1666108212" "Mozilla/5.0 (Linux; U; Android 4.3; en-us; SM-N900T Build/JSS15J) AppleWebKit/534.30 (KHTML, like Gecko) Version/4.0 Mobile Safari/534.30"
66.102.6.163 - - [13/May/2026:12:16:07 +0000] "GET /assets/7e549121/fonts/Avenir%20Next%20Regular.otf HTTP/1.1" 200 66800 "https://www.oinversion.com/assets/7e549121/css/stylesheet.css?v=1666108212" "Mozilla/5.0 (X11; Linux x86_64) AppleWebKit/537.36 (KHTML, like Gecko) Chrome/121.0.0.0 Safari/537.36"
74.125.213.44 - - [13/May/2026:12:16:07 +0000] "GET /assets/7e549121/img/logo-oinversion-fondo-oscuro.svg HTTP/1.1" 200 4706 "https://www.oinversion.com/" "Mozilla/5.0 (Linux; U; Android 4.3; en-us; SM-N900T Build/JSS15J) AppleWebKit/534.30 (KHTML, like Gecko) Version/4.0 Mobile Safari/534.30"
74.125.213.44 - - [13/May/2026:12:16:07 +0000] "GET /assets/7e549121/img/ico-facebook.svg HTTP/1.1" 200 1619 "https://www.oinversion.com/" "Mozilla/5.0 (Linux; U; Android 4.3; en-us; SM-N900T Build/JSS15J) AppleWebKit/534.30 (KHTML, like Gecko) Version/4.0 Mobile Safari/534.30"
66.102.6.163 - - [13/May/2026:12:16:07 +0000] "GET /assets/fe2b9edf/yii.js?v=1468244202 HTTP/1.1" 200 4012 "https://www.oinversion.com/blog/los-cuatro-pilares-de-la-inversion" "Mozilla/5.0 (X11; Linux x86_64) AppleWebKit/537.36 (KHTML, like Gecko) Chrome/121.0.0.0 Safari/537.36"
66.102.6.164 - - [13/May/2026:12:16:07 +0000] "GET /assets/7e549121/img/fondo-patrimonio-post.jpg HTTP/1.1" 200 21275 "https://www.oinversion.com/assets/7e549121/css/stylesheet.css?v=1666108212" "Mozilla/5.0 (X11; Linux x86_64) AppleWebKit/537.36 (KHTML, like Gecko) Chrome/121.0.0.0 Safari/537.36"
66.102.6.162 - - [13/May/2026:12:16:07 +0000] "GET /uploads/blog-post/74-featured-los-4-pilares-de-las-inversion.jpg HTTP/1.1" 200 349834 "https://www.oinversion.com/blog/los-cuatro-pilares-de-la-inversion" "Mozilla/5.0 (X11; Linux x86_64) AppleWebKit/537.36 (KHTML, like Gecko) Chrome/121.0.0.0 Safari/537.36"
66.102.6.164 - - [13/May/2026:12:16:07 +0000] "GET /assets/7e549121/fonts/OpenSans%20Regular.ttf HTTP/1.1" 200 217360 "https://www.oinversion.com/assets/7e549121/css/stylesheet.css?v=1666108212" "Mozilla/5.0 (X11; Linux x86_64) AppleWebKit/537.36 (KHTML, like Gecko) Chrome/121.0.0.0 Safari/537.36"
66.102.6.163 - - [13/May/2026:12:16:07 +0000] "GET /assets/2a658dd2/js/bootstrap.js?v=1469461915 HTTP/1.1" 200 13687 "https://www.oinversion.com/blog/los-cuatro-pilares-de-la-inversion" "Mozilla/5.0 (X11; Linux x86_64) AppleWebKit/537.36 (KHTML, like Gecko) Chrome/121.0.0.0 Safari/537.36"
74.125.213.45 - - [13/May/2026:12:16:07 +0000] "GET /uploads/blog-post/125-featured-Invertir%20(248%20x%20248%20px).png HTTP/1.1" 200 1095224 "https://www.oinversion.com/" "Mozilla/5.0 (Linux; U; Android 4.3; en-us; SM-N900T Build/JSS15J) AppleWebKit/534.30 (KHTML, like Gecko) Version/4.0 Mobile Safari/534.30"
66.102.6.162 - - [13/May/2026:12:16:07 +0000] "GET /assets/7e549121/img/ico-recientes.svg HTTP/1.1" 200 2490 "https://www.oinversion.com/blog/los-cuatro-pilares-de-la-inversion" "Mozilla/5.0 (X11; Linux x86_64) AppleWebKit/537.36 (KHTML, like Gecko) Chrome/121.0.0.0 Safari/537.36"
66.102.6.163 - - [13/May/2026:12:16:07 +0000] "GET /assets/7e549121/fonts/OpenSans%20Light.ttf HTTP/1.1" 200 222412 "https://www.oinversion.com/assets/7e549121/css/stylesheet.css?v=1666108212" "Mozilla/5.0 (X11; Linux x86_64) AppleWebKit/537.36 (KHTML, like Gecko) Chrome/121.0.0.0 Safari/537.36"
66.102.6.164 - - [13/May/2026:12:16:07 +0000] "GET /assets/7e549121/img/ico-categorias.svg HTTP/1.1" 200 1967 "https://www.oinversion.com/blog/los-cuatro-pilares-de-la-inversion" "Mozilla/5.0 (X11; Linux x86_64) AppleWebKit/537.36 (KHTML, like Gecko) Chrome/121.0.0.0 Safari/537.36"
66.102.6.163 - - [13/May/2026:12:16:07 +0000] "GET /assets/7e549121/js/main.js?v=1503585073 HTTP/1.1" 200 591 "https://www.oinversion.com/blog/los-cuatro-pilares-de-la-inversion" "Mozilla/5.0 (X11; Linux x86_64) AppleWebKit/537.36 (KHTML, like Gecko) Chrome/121.0.0.0 Safari/537.36"
66.102.6.164 - - [13/May/2026:12:16:07 +0000] "GET /uploads/blog-post/125-featured-Invertir%20(248%20x%20248%20px).png HTTP/1.1" 200 1095224 "https://www.oinversion.com/blog/los-cuatro-pilares-de-la-inversion" "Mozilla/5.0 (X11; Linux x86_64) AppleWebKit/537.36 (KHTML, like Gecko) Chrome/121.0.0.0 Safari/537.36"
66.102.6.162 - - [13/May/2026:12:16:07 +0000] "GET /assets/7e549121/js/Chart.min.js?v=1503585073 HTTP/1.1" 200 41201 "https://www.oinversion.com/blog/los-cuatro-pilares-de-la-inversion" "Mozilla/5.0 (X11; Linux x86_64) AppleWebKit/537.36 (KHTML, like Gecko) Chrome/121.0.0.0 Safari/537.36"
66.102.6.163 - - [13/May/2026:12:16:07 +0000] "GET /assets/fe2b9edf/yii.validation.js?v=1468244202 HTTP/1.1" 200 2588 "https://www.oinversion.com/blog/los-cuatro-pilares-de-la-inversion" "Mozilla/5.0 (X11; Linux x86_64) AppleWebKit/537.36 (KHTML, like Gecko) Chrome/121.0.0.0 Safari/537.36"
66.102.6.162 - - [13/May/2026:12:16:07 +0000] "GET /uploads/blog-post/123-featured-Invertir%20(2).png HTTP/1.1" 200 736266 "https://www.oinversion.com/blog/los-cuatro-pilares-de-la-inversion" "Mozilla/5.0 (X11; Linux x86_64) AppleWebKit/537.36 (KHTML, like Gecko) Chrome/121.0.0.0 Safari/537.36"
66.102.6.163 - - [13/May/2026:12:16:07 +0000] "GET /assets/fe2b9edf/yii.activeForm.js?v=1468244202 HTTP/1.1" 200 5766 "https://www.oinversion.com/blog/los-cuatro-pilares-de-la-inversion" "Mozilla/5.0 (X11; Linux x86_64) AppleWebKit/537.36 (KHTML, like Gecko) Chrome/121.0.0.0 Safari/537.36"
66.102.6.162 - - [13/May/2026:12:16:07 +0000] "GET /assets/7e549121/img/ico-twitter.svg HTTP/1.1" 200 2397 "https://www.oinversion.com/blog/los-cuatro-pilares-de-la-inversion" "Mozilla/5.0 (X11; Linux x86_64) AppleWebKit/537.36 (KHTML, like Gecko) Chrome/121.0.0.0 Safari/537.36"
66.102.6.163 - - [13/May/2026:12:16:07 +0000] "GET /assets/7e549121/img/ico-facebook.svg HTTP/1.1" 200 1619 "https://www.oinversion.com/blog/los-cuatro-pilares-de-la-inversion" "Mozilla/5.0 (X11; Linux x86_64) AppleWebKit/537.36 (KHTML, like Gecko) Chrome/121.0.0.0 Safari/537.36"
74.125.213.46 - - [13/May/2026:12:16:07 +0000] "GET /favicon.ico HTTP/1.1" 200 1150 "https://www.oinversion.com/" "Mozilla/5.0 (Linux; U; Android 4.3; en-us; SM-N900T Build/JSS15J) AppleWebKit/534.30 (KHTML, like Gecko) Version/4.0 Mobile Safari/534.30"
66.102.6.162 - - [13/May/2026:12:16:07 +0000] "GET /assets/7e549121/js/jquery.bxslider.min.js?v=1503585073 HTTP/1.1" 200 4908 "https://www.oinversion.com/blog/los-cuatro-pilares-de-la-inversion" "Mozilla/5.0 (X11; Linux x86_64) AppleWebKit/537.36 (KHTML, like Gecko) Chrome/121.0.0.0 Safari/537.36"
66.102.6.162 - - [13/May/2026:12:16:08 +0000] "GET /assets/7e549121/img/ico-linkedin.svg HTTP/1.1" 200 2097 "https://www.oinversion.com/blog/los-cuatro-pilares-de-la-inversion" "Mozilla/5.0 (X11; Linux x86_64) AppleWebKit/537.36 (KHTML, like Gecko) Chrome/121.0.0.0 Safari/537.36"
66.102.6.162 - - [13/May/2026:12:16:08 +0000] "GET /assets/7e549121/img/ico-g-plus.svg HTTP/1.1" 200 2923 "https://www.oinversion.com/blog/los-cuatro-pilares-de-la-inversion" "Mozilla/5.0 (X11; Linux x86_64) AppleWebKit/537.36 (KHTML, like Gecko) Chrome/121.0.0.0 Safari/537.36"
66.102.6.162 - - [13/May/2026:12:16:08 +0000] "GET /assets/7e549121/img/ico-mail.svg HTTP/1.1" 200 1998 "https://www.oinversion.com/blog/los-cuatro-pilares-de-la-inversion" "Mozilla/5.0 (X11; Linux x86_64) AppleWebKit/537.36 (KHTML, like Gecko) Chrome/121.0.0.0 Safari/537.36"
66.102.6.164 - - [13/May/2026:12:16:08 +0000] "GET /uploads/blog-post/124-featured-Invertir.png HTTP/1.1" 200 802336 "https://www.oinversion.com/blog/los-cuatro-pilares-de-la-inversion" "Mozilla/5.0 (X11; Linux x86_64) AppleWebKit/537.36 (KHTML, like Gecko) Chrome/121.0.0.0 Safari/537.36"
66.102.6.162 - - [13/May/2026:12:16:08 +0000] "GET /assets/7e549121/img/fondo_footer.jpg HTTP/1.1" 200 145235 "https://www.oinversion.com/assets/7e549121/css/stylesheet.css?v=1666108212" "Mozilla/5.0 (X11; Linux x86_64) AppleWebKit/537.36 (KHTML, like Gecko) Chrome/121.0.0.0 Safari/537.36"
66.102.6.162 - - [13/May/2026:12:16:08 +0000] "GET /assets/7e549121/img/logo-oinversion-fondo-oscuro.svg HTTP/1.1" 200 4706 "https://www.oinversion.com/blog/los-cuatro-pilares-de-la-inversion" "Mozilla/5.0 (X11; Linux x86_64) AppleWebKit/537.36 (KHTML, like Gecko) Chrome/121.0.0.0 Safari/537.36"
66.102.6.163 - - [13/May/2026:12:16:08 +0000] "GET /favicon.ico HTTP/1.1" 200 1150 "https://www.oinversion.com/blog/los-cuatro-pilares-de-la-inversion" "Mozilla/5.0 (X11; Linux x86_64) AppleWebKit/537.36 (KHTML, like Gecko) Chrome/121.0.0.0 Safari/537.36"
34.195.25.237 - - [13/May/2026:12:16:09 +0000] "GET /assets/ce95ab48/img/favicon-192x192.png HTTP/1.1" 200 13368 "-" "dproxy/1.0 (+https://disqus.com/humans.txt)"
192.178.11.99 - - [13/May/2026:12:16:17 +0000] "GET /assets/7e549121/css/stylesheet.css?v=1666108212 HTTP/1.1" 200 12989 "https://www.oinversion.com/" "Mozilla/5.0 (Linux; U; Android 4.3; en-us; SM-N900T Build/JSS15J) AppleWebKit/534.30 (KHTML, like Gecko) Version/4.0 Mobile Safari/534.30"
192.178.11.99 - - [13/May/2026:12:16:17 +0000] "GET /assets/7e549121/css/font-awesome.min.css?v=1503585073 HTTP/1.1" 200 5719 "https://www.oinversion.com/" "Mozilla/5.0 (Linux; U; Android 4.3; en-us; SM-N900T Build/JSS15J) AppleWebKit/534.30 (KHTML, like Gecko) Version/4.0 Mobile Safari/534.30"
192.178.11.98 - - [13/May/2026:12:16:17 +0000] "GET /assets/2a658dd2/css/bootstrap.css?v=1469461915 HTTP/1.1" 200 19429 "https://www.oinversion.com/" "Mozilla/5.0 (Linux; U; Android 4.3; en-us; SM-N900T Build/JSS15J) AppleWebKit/534.30 (KHTML, like Gecko) Version/4.0 Mobile Safari/534.30"
192.178.11.98 - - [13/May/2026:12:16:17 +0000] "GET /assets/7e549121/css/jquery.bxslider.css?v=1503585073 HTTP/1.1" 200 1022 "https://www.oinversion.com/" "Mozilla/5.0 (Linux; U; Android 4.3; en-us; SM-N900T Build/JSS15J) AppleWebKit/534.30 (KHTML, like Gecko) Version/4.0 Mobile Safari/534.30"
74.125.213.44 - - [13/May/2026:12:16:18 +0000] "GET /assets/7e549121/css/font-awesome.min.css?v=1503585073 HTTP/1.1" 200 5719 "https://www.oinversion.com/" "Mozilla/5.0 (Linux; U; Android 4.3; en-us; SM-N900T Build/JSS15J) AppleWebKit/534.30 (KHTML, like Gecko) Version/4.0 Mobile Safari/534.30"
74.125.213.44 - - [13/May/2026:12:16:18 +0000] "GET /assets/2a658dd2/css/bootstrap.css?v=1469461915 HTTP/1.1" 200 19429 "https://www.oinversion.com/" "Mozilla/5.0 (Linux; U; Android 4.3; en-us; SM-N900T Build/JSS15J) AppleWebKit/534.30 (KHTML, like Gecko) Version/4.0 Mobile Safari/534.30"
74.125.213.46 - - [13/May/2026:12:16:18 +0000] "GET /assets/7e549121/css/jquery.bxslider.css?v=1503585073 HTTP/1.1" 200 1022 "https://www.oinversion.com/" "Mozilla/5.0 (Linux; U; Android 4.3; en-us; SM-N900T Build/JSS15J) AppleWebKit/534.30 (KHTML, like Gecko) Version/4.0 Mobile Safari/534.30"
74.125.213.45 - - [13/May/2026:12:16:18 +0000] "GET /assets/7e549121/css/stylesheet.css?v=1666108212 HTTP/1.1" 200 12989 "https://www.oinversion.com/" "Mozilla/5.0 (Linux; U; Android 4.3; en-us; SM-N900T Build/JSS15J) AppleWebKit/534.30 (KHTML, like Gecko) Version/4.0 Mobile Safari/534.30"
66.102.6.163 - - [13/May/2026:12:16:19 +0000] "GET /assets/7e549121/css/font-awesome.min.css?v=1503585073 HTTP/1.1" 200 5719 "https://www.oinversion.com/blog/los-cuatro-pilares-de-la-inversion" "Mozilla/5.0 (X11; Linux x86_64) AppleWebKit/537.36 (KHTML, like Gecko) Chrome/121.0.0.0 Safari/537.36"
66.102.6.162 - - [13/May/2026:12:16:19 +0000] "GET /assets/7e549121/css/jquery.bxslider.css?v=1503585073 HTTP/1.1" 200 1022 "https://www.oinversion.com/blog/los-cuatro-pilares-de-la-inversion" "Mozilla/5.0 (X11; Linux x86_64) AppleWebKit/537.36 (KHTML, like Gecko) Chrome/121.0.0.0 Safari/537.36"
66.102.6.162 - - [13/May/2026:12:16:19 +0000] "GET /assets/2a658dd2/css/bootstrap.css?v=1469461915 HTTP/1.1" 200 19429 "https://www.oinversion.com/blog/los-cuatro-pilares-de-la-inversion" "Mozilla/5.0 (X11; Linux x86_64) AppleWebKit/537.36 (KHTML, like Gecko) Chrome/121.0.0.0 Safari/537.36"
66.102.6.162 - - [13/May/2026:12:16:19 +0000] "GET /assets/7e549121/css/stylesheet.css?v=1666108212 HTTP/1.1" 200 12989 "https://www.oinversion.com/blog/los-cuatro-pilares-de-la-inversion" "Mozilla/5.0 (X11; Linux x86_64) AppleWebKit/537.36 (KHTML, like Gecko) Chrome/121.0.0.0 Safari/537.36"
66.102.6.162 - - [13/May/2026:12:16:32 +0000] "GET /favicon.ico HTTP/1.1" 200 1150 "https://www.oinversion.com/blog/los-cuatro-pilares-de-la-inversion" "Mozilla/5.0 (X11; Linux x86_64) AppleWebKit/537.36 (KHTML, like Gecko) Chrome/121.0.0.0 Safari/537.36"
66.249.78.40 - - [13/May/2026:12:17:08 +0000] "GET /contacto HTTP/1.1" 200 59796 "-" "Mozilla/5.0 (Linux; Android 6.0.1; Nexus 5X Build/MMB29P) AppleWebKit/537.36 (KHTML, like Gecko) Chrome/148.0.7778.96 Mobile Safari/537.36 (compatible; Googlebot/2.1; +http://www.google.com/bot.html)"
114.8.206.245 - - [13/May/2026:12:17:42 +0000] "GET /contacto HTTP/2.0" 200 59783 "https://www.google.com/" "Mozilla/5.0 (Linux; Android 10; K) AppleWebKit/537.36 (KHTML, like Gecko) Chrome/138.0.0.0 Mobile Safari/537.36"
114.8.206.245 - - [13/May/2026:12:17:42 +0000] "GET /contacto HTTP/2.0" 200 59783 "https://www.google.com/" "Mozilla/5.0 (Linux; Android 10; K) AppleWebKit/537.36 (KHTML, like Gecko) Chrome/138.0.0.0 Mobile Safari/537.36"
66.249.79.137 - - [13/May/2026:12:18:20 +0000] "GET /contacto HTTP/1.1" 200 59796 "-" "Mozilla/5.0 (Linux; Android 6.0.1; Nexus 5X Build/MMB29P) AppleWebKit/537.36 (KHTML, like Gecko) Chrome/148.0.7778.96 Mobile Safari/537.36 (compatible; Googlebot/2.1; +http://www.google.com/bot.html)"
47.243.146.97 - - [13/May/2026:12:20:02 +0000] "GET /uploads/blog-post/75-featured-descargar.jpg HTTP/1.1" 200 258377 "https://www.oinversion.com" "Mozilla/5.0 (Windows NT 10.0; Win64; x64) AppleWebKit/537.36 (KHTML, like Gecko) Chrome/122.0.0.0 Safari/537.36"
66.249.79.138 - - [13/May/2026:12:20:06 +0000] "GET /contacto HTTP/1.1" 200 59796 "-" "Mozilla/5.0 (Linux; Android 6.0.1; Nexus 5X Build/MMB29P) AppleWebKit/537.36 (KHTML, like Gecko) Chrome/148.0.7778.96 Mobile Safari/537.36 (compatible; Googlebot/2.1; +http://www.google.com/bot.html)"
66.249.79.128 - - [13/May/2026:12:20:28 +0000] "GET /contacto HTTP/1.1" 200 59796 "-" "Mozilla/5.0 (compatible; Googlebot/2.1; +http://www.google.com/bot.html)"
66.249.79.128 - - [13/May/2026:12:20:33 +0000] "GET /contacto HTTP/1.1" 200 59796 "-" "Mozilla/5.0 (Linux; Android 6.0.1; Nexus 5X Build/MMB29P) AppleWebKit/537.36 (KHTML, like Gecko) Chrome/99.0.4844.84 Mobile Safari/537.36 (compatible; Googlebot/2.1; +http://www.google.com/bot.html)"
110.249.202.209 - - [13/May/2026:12:22:54 +0000] "GET /assets/7e549121/img/handshake.jpg HTTP/2.0" 200 96643 "https://www.oinversion.com/" "Mozilla/5.0 (Linux; Android 5.0) AppleWebKit/537.36 (KHTML, like Gecko) Mobile Safari/537.36 (compatible; Bytespider; https://zhanzhang.toutiao.com/)"
66.249.79.139 - - [13/May/2026:12:23:11 +0000] "GET /contacto HTTP/1.1" 200 59796 "-" "Mozilla/5.0 (Linux; Android 6.0.1; Nexus 5X Build/MMB29P) AppleWebKit/537.36 (KHTML, like Gecko) Chrome/148.0.7778.96 Mobile Safari/537.36 (compatible; Googlebot/2.1; +http://www.google.com/bot.html)"
111.225.148.116 - - [13/May/2026:12:27:39 +0000] "GET /assets/7e549121/img/arte-proyectos.png HTTP/2.0" 200 50093 "https://www.oinversion.com/" "Mozilla/5.0 (Linux; Android 5.0) AppleWebKit/537.36 (KHTML, like Gecko) Mobile Safari/537.36 (compatible; Bytespider; https://zhanzhang.toutiao.com/)"
149.232.133.245 - - [13/May/2026:12:34:09 +0000] "GET /assets/2a658dd2/css/bootstrap.css?v=1469461915 HTTP/2.0" 200 19416 "https://www.oinversion.com/blog/tag/Crowdfunding+inmobiliario" "Mozilla/5.0 (Macintosh; Intel Mac OS X 10_15_7) AppleWebKit/537.36 (KHTML, like Gecko) Chrome/143.0.0.0 Safari/537.36"
149.232.133.245 - - [13/May/2026:12:34:09 +0000] "GET /assets/7e549121/css/jquery.bxslider.css?v=1503585073 HTTP/2.0" 200 1010 "https://www.oinversion.com/blog/tag/Crowdfunding+inmobiliario" "Mozilla/5.0 (Macintosh; Intel Mac OS X 10_15_7) AppleWebKit/537.36 (KHTML, like Gecko) Chrome/143.0.0.0 Safari/537.36"
149.232.133.245 - - [13/May/2026:12:34:09 +0000] "GET /assets/7e549121/css/stylesheet.css?v=1666108212 HTTP/2.0" 200 12976 "https://www.oinversion.com/blog/tag/Crowdfunding+inmobiliario" "Mozilla/5.0 (Macintosh; Intel Mac OS X 10_15_7) AppleWebKit/537.36 (KHTML, like Gecko) Chrome/143.0.0.0 Safari/537.36"
149.232.133.245 - - [13/May/2026:12:34:09 +0000] "GET /assets/2a658dd2/js/bootstrap.js?v=1469461915 HTTP/2.0" 200 13674 "https://www.oinversion.com/blog/tag/Crowdfunding+inmobiliario" "Mozilla/5.0 (Macintosh; Intel Mac OS X 10_15_7) AppleWebKit/537.36 (KHTML, like Gecko) Chrome/143.0.0.0 Safari/537.36"
149.232.133.245 - - [13/May/2026:12:34:09 +0000] "GET /assets/fe2b9edf/yii.validation.js?v=1468244202 HTTP/2.0" 200 2576 "https://www.oinversion.com/blog/tag/Crowdfunding+inmobiliario" "Mozilla/5.0 (Macintosh; Intel Mac OS X 10_15_7) AppleWebKit/537.36 (KHTML, like Gecko) Chrome/143.0.0.0 Safari/537.36"
149.232.133.245 - - [13/May/2026:12:34:09 +0000] "GET /assets/7e549121/js/main.js?v=1503585073 HTTP/2.0" 200 579 "https://www.oinversion.com/blog/tag/Crowdfunding+inmobiliario" "Mozilla/5.0 (Macintosh; Intel Mac OS X 10_15_7) AppleWebKit/537.36 (KHTML, like Gecko) Chrome/143.0.0.0 Safari/537.36"
149.232.133.245 - - [13/May/2026:12:34:09 +0000] "GET /assets/fe2b9edf/yii.js?v=1468244202 HTTP/2.0" 200 4000 "https://www.oinversion.com/blog/tag/Crowdfunding+inmobiliario" "Mozilla/5.0 (Macintosh; Intel Mac OS X 10_15_7) AppleWebKit/537.36 (KHTML, like Gecko) Chrome/143.0.0.0 Safari/537.36"
149.232.133.245 - - [13/May/2026:12:34:09 +0000] "GET /assets/fe2b9edf/yii.activeForm.js?v=1468244202 HTTP/2.0" 200 5753 "https://www.oinversion.com/blog/tag/Crowdfunding+inmobiliario" "Mozilla/5.0 (Macintosh; Intel Mac OS X 10_15_7) AppleWebKit/537.36 (KHTML, like Gecko) Chrome/143.0.0.0 Safari/537.36"
149.232.133.245 - - [13/May/2026:12:34:09 +0000] "GET /assets/7e549121/js/Chart.min.js?v=1503585073 HTTP/2.0" 200 41188 "https://www.oinversion.com/blog/tag/Crowdfunding+inmobiliario" "Mozilla/5.0 (Macintosh; Intel Mac OS X 10_15_7) AppleWebKit/537.36 (KHTML, like Gecko) Chrome/143.0.0.0 Safari/537.36"
66.102.6.164 - - [13/May/2026:12:34:52 +0000] "GET /blog/tag/oficinas HTTP/1.1" 200 51667 "-" "Mozilla/5.0 (X11; Linux x86_64) AppleWebKit/537.36 (KHTML, like Gecko) Chrome/121.0.0.0 Safari/537.36"
66.249.79.137 - - [13/May/2026:12:35:35 +0000] "GET /contacto HTTP/1.1" 200 59796 "-" "Mozilla/5.0 (Linux; Android 6.0.1; Nexus 5X Build/MMB29P) AppleWebKit/537.36 (KHTML, like Gecko) Chrome/148.0.7778.96 Mobile Safari/537.36 (compatible; Googlebot/2.1; +http://www.google.com/bot.html)"
144.31.35.9 - - [13/May/2026:12:38:35 +0000] "GET /uploads/resize/ProjectLarge/uploads/projects/9-picture%20%284%29.jpg HTTP/1.1" 200 43305 "http://www.oinversion.com/" "Mozilla/5.0 (Windows NT 10.0; Win64; x64) AppleWebKit/537.36 (KHTML, like Gecko) Chrome/106.0.5249.119 Safari/537.36"
66.249.79.138 - - [13/May/2026:12:42:54 +0000] "GET /contacto HTTP/1.1" 200 59796 "-" "Mozilla/5.0 (Linux; Android 6.0.1; Nexus 5X Build/MMB29P) AppleWebKit/537.36 (KHTML, like Gecko) Chrome/148.0.7778.96 Mobile Safari/537.36 (compatible; Googlebot/2.1; +http://www.google.com/bot.html)"
66.249.79.139 - - [13/May/2026:12:46:25 +0000] "GET /contacto HTTP/1.1" 200 59796 "-" "Mozilla/5.0 (Linux; Android 6.0.1; Nexus 5X Build/MMB29P) AppleWebKit/537.36 (KHTML, like Gecko) Chrome/148.0.7778.96 Mobile Safari/537.36 (compatible; Googlebot/2.1; +http://www.google.com/bot.html)"
66.249.78.41 - - [13/May/2026:12:48:01 +0000] "GET /contacto HTTP/1.1" 200 59796 "-" "Mozilla/5.0 (Linux; Android 6.0.1; Nexus 5X Build/MMB29P) AppleWebKit/537.36 (KHTML, like Gecko) Chrome/148.0.7778.96 Mobile Safari/537.36 (compatible; Googlebot/2.1; +http://www.google.com/bot.html)"
66.249.79.138 - - [13/May/2026:12:51:09 +0000] "GET /contacto HTTP/1.1" 200 59796 "-" "Mozilla/5.0 (Linux; Android 6.0.1; Nexus 5X Build/MMB29P) AppleWebKit/537.36 (KHTML, like Gecko) Chrome/148.0.7778.96 Mobile Safari/537.36 (compatible; Googlebot/2.1; +http://www.google.com/bot.html)"
66.249.79.139 - - [13/May/2026:12:52:30 +0000] "GET /contacto HTTP/1.1" 200 59796 "-" "Mozilla/5.0 (Linux; Android 6.0.1; Nexus 5X Build/MMB29P) AppleWebKit/537.36 (KHTML, like Gecko) Chrome/148.0.7778.96 Mobile Safari/537.36 (compatible; Googlebot/2.1; +http://www.google.com/bot.html)"
66.249.78.41 - - [13/May/2026:12:54:12 +0000] "GET /contacto HTTP/1.1" 200 59796 "-" "Mozilla/5.0 (Linux; Android 6.0.1; Nexus 5X Build/MMB29P) AppleWebKit/537.36 (KHTML, like Gecko) Chrome/148.0.7778.96 Mobile Safari/537.36 (compatible; Googlebot/2.1; +http://www.google.com/bot.html)"
17.246.15.32 - - [13/May/2026:12:56:50 +0000] "GET /assets/2a658dd2/css/bootstrap.css?v=1469461915 HTTP/1.1" 200 146010 "https://oinversion.com/" "Mozilla/5.0 (Macintosh; Intel Mac OS X 10_15_7) AppleWebKit/605.1.15 (KHTML, like Gecko) Version/17.4 Safari/605.1.15 (Applebot/0.1; +http://www.apple.com/go/applebot)"
